{"id":3618,"date":"2017-01-03T13:37:39","date_gmt":"2017-01-03T15:37:39","guid":{"rendered":"http:\/\/totallubri.com.br\/?post_type=product&#038;p=3618"},"modified":"2024-12-02T10:04:51","modified_gmt":"2024-12-02T13:04:51","slug":"propulsora-pneumatica-parede-9040-p-samoa","status":"publish","type":"product","link":"https:\/\/totallubri.com.br\/?product=propulsora-pneumatica-parede-9040-p-samoa","title":{"rendered":"Propulsora Pneum\u00e1tica Parede \u2013 9040-P \u2013 Samoa"},"content":{"rendered":"<p align=\"LEFT\"><span style=\"font-size: small;\">Em alum\u00ednio, adapt\u00e1vel \u00e0 parede.<\/span><\/p>\n<p align=\"LEFT\"><span style=\"font-size: small;\">Para \u00f3leo diesel e lubrifi cante (SAE 90 \u00e0 40\u00ba C).<\/span><\/p>\n<p align=\"LEFT\"><span style=\"font-size: small;\"><span style=\"font-family: HelveticaNeue-LightCond;\">Vaz\u00e3o livre . <\/span><b><span style=\"font-family: HelveticaNeue-Bold;\">62 L\/min<\/span><\/b><\/span><\/p>\n<p align=\"LEFT\"><span style=\"font-size: small;\">(com SAE 30 7 bar na entrada)<\/span><\/p>\n<p align=\"LEFT\"><span style=\"font-size: small;\"><span style=\"font-family: HelveticaNeue-LightCond;\">Rateio . <\/span><b><span style=\"font-family: HelveticaNeue-Bold;\">1\/1<\/span><\/b><\/span><\/p>\n<p align=\"LEFT\"><span style=\"font-size: small;\"><span style=\"font-family: HelveticaNeue-LightCond;\">Entrada de ar . <\/span><span style=\"font-family: HelveticaNeue-Light;\">\u00f8 <\/span><b><span style=\"font-family: HelveticaNeue-Bold;\">1\/4\u201d BSP<\/span><\/b><\/span><\/p>\n<p align=\"LEFT\"><span style=\"font-size: small;\"><span style=\"font-family: HelveticaNeue-LightCond;\">Press\u00e3o de entrada de ar . <\/span><b><span style=\"font-family: HelveticaNeue-Bold;\">40 a 140 PSI<\/span><\/b><\/span><\/p>\n<p align=\"LEFT\"><span style=\"font-size: small;\"><span style=\"font-family: HelveticaNeue-LightCond;\">Consumo de ar . <\/span><b><span style=\"font-family: HelveticaNeue-Bold;\">2 pes\u00b3\/min (vaz\u00e3o livre)<\/span><\/b><\/span><\/p>\n<p align=\"LEFT\"><span style=\"font-size: small;\"><span style=\"font-family: HelveticaNeue-LightCond;\">Entrada de \u00f3leo . <\/span><span style=\"font-family: HelveticaNeue-Light;\">\u00f8 <\/span><b><span style=\"font-family: HelveticaNeue-Bold;\">1\u201d BSP<\/span><\/b><\/span><\/p>\n<p align=\"LEFT\"><span style=\"font-size: small;\"><span style=\"font-family: HelveticaNeue-LightCond;\">Sa\u00edda de \u00f3leo . <\/span><span style=\"font-family: HelveticaNeue-Light;\">\u00f8 <\/span><b><span style=\"font-family: HelveticaNeue-Bold;\">3\/4\u201d BSP<\/span><\/b><\/span><\/p>\n<p align=\"LEFT\"><span style=\"font-size: small;\"><span style=\"font-family: HelveticaNeue-LightCond;\">Press\u00e3o de sa\u00edda de \u00f3leo . <\/span><b><span style=\"font-family: HelveticaNeue-Bold;\">40 a 140 PSI<\/span><\/b><\/span><\/p>\n<p align=\"LEFT\"><span style=\"font-size: small;\"><span style=\"font-family: HelveticaNeue-LightCond;\">N\u00edvel de ru\u00eddo . <\/span><b><span style=\"font-family: HelveticaNeue-Bold;\">80 dB<\/span><\/b><\/span><\/p>\n<p align=\"LEFT\"><span style=\"font-size: small;\">Peso: 2,5 kg . Medidas: (A) 1200 mm x (L) 98 mm<\/span><\/p>\n<p>OBS: Acess\u00f3rios opcionais<\/p>\n<p>&nbsp;<\/p>\n","protected":false},"excerpt":{"rendered":"<p>Em alum\u00ednio, adapt\u00e1vel \u00e0 parede. Para \u00f3leo diesel e lubrifi cante (SAE 90 \u00e0 40\u00ba C). Vaz\u00e3o livre . 62 L\/min (com SAE 30 7 bar na entrada) Rateio . 1\/1 Entrada de ar . \u00f8 1\/4\u201d BSP Press\u00e3o de entrada de ar . 40 a 140 PSI Consumo de ar . 2 pes\u00b3\/min (vaz\u00e3o [&hellip;]<\/p>\n","protected":false},"featured_media":3621,"comment_status":"open","ping_status":"closed","template":"","meta":{"_exactmetrics_skip_tracking":false,"_exactmetrics_sitenote_active":false,"_exactmetrics_sitenote_note":"","_exactmetrics_sitenote_category":0},"product_brand":[],"product_cat":[110],"product_tag":[],"class_list":{"0":"post-3618","1":"product","2":"type-product","3":"status-publish","4":"has-post-thumbnail","6":"product_cat-propulsora-pneumatica-para-oleo","8":"first","9":"instock","10":"shipping-taxable","11":"product-type-simple"},"_links":{"self":[{"href":"https:\/\/totallubri.com.br\/index.php?rest_route=\/wp\/v2\/product\/3618","targetHints":{"allow":["GET"]}}],"collection":[{"href":"https:\/\/totallubri.com.br\/index.php?rest_route=\/wp\/v2\/product"}],"about":[{"href":"https:\/\/totallubri.com.br\/index.php?rest_route=\/wp\/v2\/types\/product"}],"replies":[{"embeddable":true,"href":"https:\/\/totallubri.com.br\/index.php?rest_route=%2Fwp%2Fv2%2Fcomments&post=3618"}],"wp:featuredmedia":[{"embeddable":true,"href":"https:\/\/totallubri.com.br\/index.php?rest_route=\/wp\/v2\/media\/3621"}],"wp:attachment":[{"href":"https:\/\/totallubri.com.br\/index.php?rest_route=%2Fwp%2Fv2%2Fmedia&parent=3618"}],"wp:term":[{"taxonomy":"product_brand","embeddable":true,"href":"https:\/\/totallubri.com.br\/index.php?rest_route=%2Fwp%2Fv2%2Fproduct_brand&post=3618"},{"taxonomy":"product_cat","embeddable":true,"href":"https:\/\/totallubri.com.br\/index.php?rest_route=%2Fwp%2Fv2%2Fproduct_cat&post=3618"},{"taxonomy":"product_tag","embeddable":true,"href":"https:\/\/totallubri.com.br\/index.php?rest_route=%2Fwp%2Fv2%2Fproduct_tag&post=3618"}],"curies":[{"name":"wp","href":"https:\/\/api.w.org\/{rel}","templated":true}]}}