{"id":3658,"date":"2017-01-03T14:14:19","date_gmt":"2017-01-03T16:14:19","guid":{"rendered":"http:\/\/totallubri.com.br\/?post_type=product&#038;p=3658"},"modified":"2024-12-21T17:58:41","modified_gmt":"2024-12-21T20:58:41","slug":"conector-flangeado-c-valvula-integrada-para-tambores-9931-piusi","status":"publish","type":"product","link":"https:\/\/totallubri.com.br\/?product=conector-flangeado-c-valvula-integrada-para-tambores-9931-piusi","title":{"rendered":"Conector flangeado c\/ v\u00e1lvula integrada para tambores &#8211; 9931 &#8211; Piusi"},"content":{"rendered":"<p>Em a\u00e7o inoxid\u00e1vel, com v\u00e1lvula e filtro integrados.<\/p>\n<p>Entrada<strong> 2&#8243; BSP\/ macho conex\u00e3o reservat\u00f3rio<br \/>\n<\/strong>Suc\u00e7\u00e3o <strong>1&#8243; BSP\/ f\u00eamea<br \/>\ntubo de suc\u00e7\u00e3o<\/strong><br \/>\nSa\u00edda <strong>1&#8243; BSP\/ f\u00eamea flangeado 62 mm<br \/>\nroscada 1&#8243;<br \/>\n<\/strong><br \/>\nPeso <strong>17 kg<\/strong><br \/>\nMedidas <strong>(A) 320 mm x (L) 280 mm<\/strong><\/p>\n","protected":false},"excerpt":{"rendered":"<p>Em a\u00e7o inoxid\u00e1vel, com v\u00e1lvula e filtro integrados. Entrada 2&#8243; BSP\/ macho conex\u00e3o reservat\u00f3rio Suc\u00e7\u00e3o 1&#8243; BSP\/ f\u00eamea tubo de suc\u00e7\u00e3o Sa\u00edda 1&#8243; BSP\/ f\u00eamea flangeado 62 mm roscada 1&#8243; Peso 17 kg Medidas (A) 320 mm x (L) 280 mm<\/p>\n","protected":false},"featured_media":3659,"comment_status":"open","ping_status":"closed","template":"","meta":{"_exactmetrics_skip_tracking":false,"_exactmetrics_sitenote_active":false,"_exactmetrics_sitenote_note":"","_exactmetrics_sitenote_category":0},"product_brand":[],"product_cat":[114],"product_tag":[],"class_list":{"0":"post-3658","1":"product","2":"type-product","3":"status-publish","4":"has-post-thumbnail","6":"product_cat-solucoes-para-abastecimento","8":"first","9":"instock","10":"shipping-taxable","11":"product-type-simple"},"_links":{"self":[{"href":"https:\/\/totallubri.com.br\/index.php?rest_route=\/wp\/v2\/product\/3658","targetHints":{"allow":["GET"]}}],"collection":[{"href":"https:\/\/totallubri.com.br\/index.php?rest_route=\/wp\/v2\/product"}],"about":[{"href":"https:\/\/totallubri.com.br\/index.php?rest_route=\/wp\/v2\/types\/product"}],"replies":[{"embeddable":true,"href":"https:\/\/totallubri.com.br\/index.php?rest_route=%2Fwp%2Fv2%2Fcomments&post=3658"}],"wp:featuredmedia":[{"embeddable":true,"href":"https:\/\/totallubri.com.br\/index.php?rest_route=\/wp\/v2\/media\/3659"}],"wp:attachment":[{"href":"https:\/\/totallubri.com.br\/index.php?rest_route=%2Fwp%2Fv2%2Fmedia&parent=3658"}],"wp:term":[{"taxonomy":"product_brand","embeddable":true,"href":"https:\/\/totallubri.com.br\/index.php?rest_route=%2Fwp%2Fv2%2Fproduct_brand&post=3658"},{"taxonomy":"product_cat","embeddable":true,"href":"https:\/\/totallubri.com.br\/index.php?rest_route=%2Fwp%2Fv2%2Fproduct_cat&post=3658"},{"taxonomy":"product_tag","embeddable":true,"href":"https:\/\/totallubri.com.br\/index.php?rest_route=%2Fwp%2Fv2%2Fproduct_tag&post=3658"}],"curies":[{"name":"wp","href":"https:\/\/api.w.org\/{rel}","templated":true}]}}