{"id":3662,"date":"2017-01-03T14:20:24","date_gmt":"2017-01-03T16:20:24","guid":{"rendered":"http:\/\/totallubri.com.br\/?post_type=product&#038;p=3662"},"modified":"2024-11-27T17:08:19","modified_gmt":"2024-11-27T20:08:19","slug":"conjunto-de-succao-para-reservatorio-ibc-9300-ts-lupus","status":"publish","type":"product","link":"https:\/\/totallubri.com.br\/?product=conjunto-de-succao-para-reservatorio-ibc-9300-ts-lupus","title":{"rendered":"Conjunto de Suc\u00e7\u00e3o para Reservat\u00f3rio IBC &#8211; 9300-TS &#8211; Lupus"},"content":{"rendered":"<p align=\"LEFT\">Em a\u00e7o, adapt\u00e1vel a reservat\u00f3rios de 1.000 L, com mangueira e adaptador para reservat\u00f3rio \u00f8 <span style=\"font-family: HelveticaNeue-LightCond; font-size: small;\">2\u201d.<\/span><\/p>\n<p align=\"LEFT\"><span style=\"font-size: small;\"><span style=\"font-family: HelveticaNeue-LightCond;\">Mangueira . <\/span><b><span style=\"font-family: HelveticaNeue-Bold;\">1,5 m <\/span><\/b><span style=\"font-family: HelveticaNeue-UltraLight;\">\/ <\/span><span style=\"font-family: HelveticaNeue-Light;\">\u00f8 <\/span><b><span style=\"font-family: HelveticaNeue-Bold;\">3\/4\u201d<\/span><\/b><\/span><b><\/b><\/p>\n<p>Peso: 3,9 kg . Medidas: (A) 1000 mm<\/p>\n<p>&nbsp;<\/p>\n","protected":false},"excerpt":{"rendered":"<p>Em a\u00e7o, adapt\u00e1vel a reservat\u00f3rios de 1.000 L, com mangueira e adaptador para reservat\u00f3rio \u00f8 2\u201d. Mangueira . 1,5 m \/ \u00f8 3\/4\u201d Peso: 3,9 kg . Medidas: (A) 1000 mm &nbsp;<\/p>\n","protected":false},"featured_media":3663,"comment_status":"open","ping_status":"closed","template":"","meta":{"_exactmetrics_skip_tracking":false,"_exactmetrics_sitenote_active":false,"_exactmetrics_sitenote_note":"","_exactmetrics_sitenote_category":0},"product_brand":[],"product_cat":[105],"product_tag":[],"class_list":{"0":"post-3662","1":"product","2":"type-product","3":"status-publish","4":"has-post-thumbnail","6":"product_cat-acessorios-para-ibc","8":"first","9":"instock","10":"shipping-taxable","11":"product-type-simple"},"_links":{"self":[{"href":"https:\/\/totallubri.com.br\/index.php?rest_route=\/wp\/v2\/product\/3662","targetHints":{"allow":["GET"]}}],"collection":[{"href":"https:\/\/totallubri.com.br\/index.php?rest_route=\/wp\/v2\/product"}],"about":[{"href":"https:\/\/totallubri.com.br\/index.php?rest_route=\/wp\/v2\/types\/product"}],"replies":[{"embeddable":true,"href":"https:\/\/totallubri.com.br\/index.php?rest_route=%2Fwp%2Fv2%2Fcomments&post=3662"}],"wp:featuredmedia":[{"embeddable":true,"href":"https:\/\/totallubri.com.br\/index.php?rest_route=\/wp\/v2\/media\/3663"}],"wp:attachment":[{"href":"https:\/\/totallubri.com.br\/index.php?rest_route=%2Fwp%2Fv2%2Fmedia&parent=3662"}],"wp:term":[{"taxonomy":"product_brand","embeddable":true,"href":"https:\/\/totallubri.com.br\/index.php?rest_route=%2Fwp%2Fv2%2Fproduct_brand&post=3662"},{"taxonomy":"product_cat","embeddable":true,"href":"https:\/\/totallubri.com.br\/index.php?rest_route=%2Fwp%2Fv2%2Fproduct_cat&post=3662"},{"taxonomy":"product_tag","embeddable":true,"href":"https:\/\/totallubri.com.br\/index.php?rest_route=%2Fwp%2Fv2%2Fproduct_tag&post=3662"}],"curies":[{"name":"wp","href":"https:\/\/api.w.org\/{rel}","templated":true}]}}