{"id":3689,"date":"2017-01-03T14:39:45","date_gmt":"2017-01-03T16:39:45","guid":{"rendered":"http:\/\/totallubri.com.br\/?post_type=product&#038;p=3689"},"modified":"2025-02-27T11:51:41","modified_gmt":"2025-02-27T14:51:41","slug":"gatilho-automatico-2065-02-lupus","status":"publish","type":"product","link":"https:\/\/totallubri.com.br\/?product=gatilho-automatico-2065-02-lupus","title":{"rendered":"Gatilho Autom\u00e1tico \u2013 2065-02 \u2013 Lupus"},"content":{"rendered":"<p>Conex\u00e3o direta ao gatilho autom\u00e1tico, mangueira flex\u00edvel de alta qualidade.<br \/>\n<strong><br \/>\n<\/strong>Comprimento total <strong>152 mm<\/strong><\/p>\n<p>Medida <strong>(C) 152 mm<\/strong><\/p>\n<p><strong>+ DETALHES SOBRE ESTE PRODUTO:<\/strong><\/p>\n<h2>Informa\u00e7\u00e3o adicional<\/h2>\n<table class=\"woocommerce-product-attributes shop_attributes\">\n<tbody>\n<tr class=\"woocommerce-product-attributes-item woocommerce-product-attributes-item--attribute_pa_mangueira\">\n<th class=\"woocommerce-product-attributes-item__label\">Mangueira<\/th>\n<td class=\"woocommerce-product-attributes-item__value\">flex\u00edvel<\/td>\n<\/tr>\n<tr class=\"woocommerce-product-attributes-item woocommerce-product-attributes-item--attribute_pa_reservatorios\">\n<th class=\"woocommerce-product-attributes-item__label\">Reservat\u00f3rios<\/th>\n<td class=\"woocommerce-product-attributes-item__value\">2065 \/ 2066 \/ 2067 \/ 2068 \/ 2069 \/ 2070<\/td>\n<\/tr>\n<\/tbody>\n<\/table>\n","protected":false},"excerpt":{"rendered":"<p>Conex\u00e3o direta ao gatilho autom\u00e1tico, mangueira flex\u00edvel de alta qualidade. Comprimento total 152 mm Medida (C) 152 mm + DETALHES SOBRE ESTE PRODUTO: Informa\u00e7\u00e3o adicional Mangueira flex\u00edvel Reservat\u00f3rios 2065 \/ 2066 \/ 2067 \/ 2068 \/ 2069 \/ 2070<\/p>\n","protected":false},"featured_media":3690,"comment_status":"open","ping_status":"closed","template":"","meta":{"_exactmetrics_skip_tracking":false,"_exactmetrics_sitenote_active":false,"_exactmetrics_sitenote_note":"","_exactmetrics_sitenote_category":0},"product_brand":[],"product_cat":[106],"product_tag":[],"class_list":{"0":"post-3689","1":"product","2":"type-product","3":"status-publish","4":"has-post-thumbnail","6":"product_cat-bico-de-abastecimento-para-combustiveis","8":"first","9":"instock","10":"shipping-taxable","11":"product-type-simple"},"_links":{"self":[{"href":"https:\/\/totallubri.com.br\/index.php?rest_route=\/wp\/v2\/product\/3689","targetHints":{"allow":["GET"]}}],"collection":[{"href":"https:\/\/totallubri.com.br\/index.php?rest_route=\/wp\/v2\/product"}],"about":[{"href":"https:\/\/totallubri.com.br\/index.php?rest_route=\/wp\/v2\/types\/product"}],"replies":[{"embeddable":true,"href":"https:\/\/totallubri.com.br\/index.php?rest_route=%2Fwp%2Fv2%2Fcomments&post=3689"}],"wp:featuredmedia":[{"embeddable":true,"href":"https:\/\/totallubri.com.br\/index.php?rest_route=\/wp\/v2\/media\/3690"}],"wp:attachment":[{"href":"https:\/\/totallubri.com.br\/index.php?rest_route=%2Fwp%2Fv2%2Fmedia&parent=3689"}],"wp:term":[{"taxonomy":"product_brand","embeddable":true,"href":"https:\/\/totallubri.com.br\/index.php?rest_route=%2Fwp%2Fv2%2Fproduct_brand&post=3689"},{"taxonomy":"product_cat","embeddable":true,"href":"https:\/\/totallubri.com.br\/index.php?rest_route=%2Fwp%2Fv2%2Fproduct_cat&post=3689"},{"taxonomy":"product_tag","embeddable":true,"href":"https:\/\/totallubri.com.br\/index.php?rest_route=%2Fwp%2Fv2%2Fproduct_tag&post=3689"}],"curies":[{"name":"wp","href":"https:\/\/api.w.org\/{rel}","templated":true}]}}