{"id":3698,"date":"2017-01-03T14:46:57","date_gmt":"2017-01-03T16:46:57","guid":{"rendered":"http:\/\/totallubri.com.br\/?post_type=product&#038;p=3698"},"modified":"2024-12-02T16:33:57","modified_gmt":"2024-12-02T19:33:57","slug":"reservatorio-cilindrico-9308-lupus","status":"publish","type":"product","link":"https:\/\/totallubri.com.br\/?product=reservatorio-cilindrico-9308-lupus","title":{"rendered":"Reservat\u00f3rio Cil\u00edndrico &#8211; 9308 &#8211; Lupus"},"content":{"rendered":"<p>Reservat\u00f3rio em polietileno, cil\u00edndrico, com tampa rosqueada e fundo plano.<\/p>\n<p>Capacidade <strong>2.000 L<\/strong><br \/>\nBoca de visita<strong> tampa roscada \u00a06&#8243;\/ com respiro <\/strong><br \/>\nSa\u00edda Inferior <strong>v\u00e1lvula esfera \/ 2&#8243;<br \/>\n<\/strong><br \/>\nPeso\u00a0<strong>64 kg<\/strong><br \/>\nMedidas <strong>(A) 1970 mm x 1220 mm<\/strong><\/p>\n","protected":false},"excerpt":{"rendered":"<p>Reservat\u00f3rio em polietileno, cil\u00edndrico, com tampa rosqueada e fundo plano. Capacidade 2.000 L Boca de visita tampa roscada \u00a06&#8243;\/ com respiro Sa\u00edda Inferior v\u00e1lvula esfera \/ 2&#8243; Peso\u00a064 kg Medidas (A) 1970 mm x 1220 mm<\/p>\n","protected":false},"featured_media":3702,"comment_status":"open","ping_status":"closed","template":"","meta":{"_exactmetrics_skip_tracking":false,"_exactmetrics_sitenote_active":false,"_exactmetrics_sitenote_note":"","_exactmetrics_sitenote_category":0},"product_brand":[],"product_cat":[113],"product_tag":[],"class_list":{"0":"post-3698","1":"product","2":"type-product","3":"status-publish","4":"has-post-thumbnail","6":"product_cat-reservatorio-ibc-e-sistema-de-armazenamento","8":"first","9":"instock","10":"shipping-taxable","11":"product-type-simple"},"_links":{"self":[{"href":"https:\/\/totallubri.com.br\/index.php?rest_route=\/wp\/v2\/product\/3698","targetHints":{"allow":["GET"]}}],"collection":[{"href":"https:\/\/totallubri.com.br\/index.php?rest_route=\/wp\/v2\/product"}],"about":[{"href":"https:\/\/totallubri.com.br\/index.php?rest_route=\/wp\/v2\/types\/product"}],"replies":[{"embeddable":true,"href":"https:\/\/totallubri.com.br\/index.php?rest_route=%2Fwp%2Fv2%2Fcomments&post=3698"}],"wp:featuredmedia":[{"embeddable":true,"href":"https:\/\/totallubri.com.br\/index.php?rest_route=\/wp\/v2\/media\/3702"}],"wp:attachment":[{"href":"https:\/\/totallubri.com.br\/index.php?rest_route=%2Fwp%2Fv2%2Fmedia&parent=3698"}],"wp:term":[{"taxonomy":"product_brand","embeddable":true,"href":"https:\/\/totallubri.com.br\/index.php?rest_route=%2Fwp%2Fv2%2Fproduct_brand&post=3698"},{"taxonomy":"product_cat","embeddable":true,"href":"https:\/\/totallubri.com.br\/index.php?rest_route=%2Fwp%2Fv2%2Fproduct_cat&post=3698"},{"taxonomy":"product_tag","embeddable":true,"href":"https:\/\/totallubri.com.br\/index.php?rest_route=%2Fwp%2Fv2%2Fproduct_tag&post=3698"}],"curies":[{"name":"wp","href":"https:\/\/api.w.org\/{rel}","templated":true}]}}