{"id":3835,"date":"2017-01-04T09:04:25","date_gmt":"2017-01-04T11:04:25","guid":{"rendered":"http:\/\/totallubri.com.br\/?post_type=product&#038;p=3835"},"modified":"2024-12-08T12:32:54","modified_gmt":"2024-12-08T15:32:54","slug":"unidade-de-abastecimento-9801-c-samoa","status":"publish","type":"product","link":"https:\/\/totallubri.com.br\/?product=unidade-de-abastecimento-9801-c-samoa","title":{"rendered":"Unidade de Abastecimento &#8211; 9801-C &#8211; Samoa"},"content":{"rendered":"<p>Adapt\u00e1vel a tambor de 200 L, para abastecimento manual de \u00f3leo lubrificante (SAE 90 \u00e0 40\u00b0C) atrav\u00e9s de herm\u00e9ticos (recipientes dispon\u00edveis na p\u00e1gina 81).<br \/>\n<strong><br \/>\n<\/strong>Vaz\u00e3o livre <strong>30 L\/min<\/strong><br \/>\nFiltro <strong>filtro regulador de ar<\/strong><br \/>\nMangueira <strong>10 m \/ 1\/2&#8243;<br \/>\n<\/strong>Conector para engate r\u00e1pido<br \/>\nV\u00e1lvula de controle de \u00f3leo<br \/>\nTubo de suc\u00e7\u00e3o adapt\u00e1vel a tambor de 200 L 1\/2&#8243;<\/p>\n<p>Peso <strong>4,6<\/strong>\u00a0 <strong>kg<br \/>\n<\/strong>Medidas<strong> (A)\u00a0595 mm x (L) 260 mm<br \/>\n<\/strong><\/p>\n","protected":false},"excerpt":{"rendered":"<p>Adapt\u00e1vel a tambor de 200 L, para abastecimento manual de \u00f3leo lubrificante (SAE 90 \u00e0 40\u00b0C) atrav\u00e9s de herm\u00e9ticos (recipientes dispon\u00edveis na p\u00e1gina 81). Vaz\u00e3o livre 30 L\/min Filtro filtro regulador de ar Mangueira 10 m \/ 1\/2&#8243; Conector para engate r\u00e1pido V\u00e1lvula de controle de \u00f3leo Tubo de suc\u00e7\u00e3o adapt\u00e1vel a tambor de 200 [&hellip;]<\/p>\n","protected":false},"featured_media":3836,"comment_status":"open","ping_status":"closed","template":"","meta":{"_exactmetrics_skip_tracking":false,"_exactmetrics_sitenote_active":false,"_exactmetrics_sitenote_note":"","_exactmetrics_sitenote_category":0},"product_brand":[],"product_cat":[119],"product_tag":[],"class_list":{"0":"post-3835","1":"product","2":"type-product","3":"status-publish","4":"has-post-thumbnail","6":"product_cat-unidade-de-abastecimento-pneumatica","8":"first","9":"instock","10":"shipping-taxable","11":"product-type-simple"},"_links":{"self":[{"href":"https:\/\/totallubri.com.br\/index.php?rest_route=\/wp\/v2\/product\/3835","targetHints":{"allow":["GET"]}}],"collection":[{"href":"https:\/\/totallubri.com.br\/index.php?rest_route=\/wp\/v2\/product"}],"about":[{"href":"https:\/\/totallubri.com.br\/index.php?rest_route=\/wp\/v2\/types\/product"}],"replies":[{"embeddable":true,"href":"https:\/\/totallubri.com.br\/index.php?rest_route=%2Fwp%2Fv2%2Fcomments&post=3835"}],"wp:featuredmedia":[{"embeddable":true,"href":"https:\/\/totallubri.com.br\/index.php?rest_route=\/wp\/v2\/media\/3836"}],"wp:attachment":[{"href":"https:\/\/totallubri.com.br\/index.php?rest_route=%2Fwp%2Fv2%2Fmedia&parent=3835"}],"wp:term":[{"taxonomy":"product_brand","embeddable":true,"href":"https:\/\/totallubri.com.br\/index.php?rest_route=%2Fwp%2Fv2%2Fproduct_brand&post=3835"},{"taxonomy":"product_cat","embeddable":true,"href":"https:\/\/totallubri.com.br\/index.php?rest_route=%2Fwp%2Fv2%2Fproduct_cat&post=3835"},{"taxonomy":"product_tag","embeddable":true,"href":"https:\/\/totallubri.com.br\/index.php?rest_route=%2Fwp%2Fv2%2Fproduct_tag&post=3835"}],"curies":[{"name":"wp","href":"https:\/\/api.w.org\/{rel}","templated":true}]}}