{"id":3913,"date":"2017-01-04T10:15:55","date_gmt":"2017-01-04T12:15:55","guid":{"rendered":"http:\/\/totallubri.com.br\/?post_type=product&#038;p=3913"},"modified":"2024-11-25T23:02:46","modified_gmt":"2024-11-26T02:02:46","slug":"bomba-para-coleta-de-amostras-5713-trico","status":"publish","type":"product","link":"https:\/\/totallubri.com.br\/?product=bomba-para-coleta-de-amostras-5713-trico","title":{"rendered":"Bomba para Coleta de Amostras &#8211; 5713 &#8211; Trico"},"content":{"rendered":"<p>Para flu\u00eddos viscosos \u00e0 v\u00e1cuo, resistente, com v\u00e1lvula de al\u00edvio.<\/p>\n<p>Peso <strong>350 g<\/strong><\/p>\n","protected":false},"excerpt":{"rendered":"<p>Para flu\u00eddos viscosos \u00e0 v\u00e1cuo, resistente, com v\u00e1lvula de al\u00edvio. Peso 350 g<\/p>\n","protected":false},"featured_media":3914,"comment_status":"open","ping_status":"closed","template":"","meta":{"_exactmetrics_skip_tracking":false,"_exactmetrics_sitenote_active":false,"_exactmetrics_sitenote_note":"","_exactmetrics_sitenote_category":0},"product_brand":[],"product_cat":[102],"product_tag":[],"class_list":{"0":"post-3913","1":"product","2":"type-product","3":"status-publish","4":"has-post-thumbnail","6":"product_cat-equipamentos-para-analise-e-medicoes","8":"first","9":"instock","10":"shipping-taxable","11":"product-type-simple"},"_links":{"self":[{"href":"https:\/\/totallubri.com.br\/index.php?rest_route=\/wp\/v2\/product\/3913","targetHints":{"allow":["GET"]}}],"collection":[{"href":"https:\/\/totallubri.com.br\/index.php?rest_route=\/wp\/v2\/product"}],"about":[{"href":"https:\/\/totallubri.com.br\/index.php?rest_route=\/wp\/v2\/types\/product"}],"replies":[{"embeddable":true,"href":"https:\/\/totallubri.com.br\/index.php?rest_route=%2Fwp%2Fv2%2Fcomments&post=3913"}],"wp:featuredmedia":[{"embeddable":true,"href":"https:\/\/totallubri.com.br\/index.php?rest_route=\/wp\/v2\/media\/3914"}],"wp:attachment":[{"href":"https:\/\/totallubri.com.br\/index.php?rest_route=%2Fwp%2Fv2%2Fmedia&parent=3913"}],"wp:term":[{"taxonomy":"product_brand","embeddable":true,"href":"https:\/\/totallubri.com.br\/index.php?rest_route=%2Fwp%2Fv2%2Fproduct_brand&post=3913"},{"taxonomy":"product_cat","embeddable":true,"href":"https:\/\/totallubri.com.br\/index.php?rest_route=%2Fwp%2Fv2%2Fproduct_cat&post=3913"},{"taxonomy":"product_tag","embeddable":true,"href":"https:\/\/totallubri.com.br\/index.php?rest_route=%2Fwp%2Fv2%2Fproduct_tag&post=3913"}],"curies":[{"name":"wp","href":"https:\/\/api.w.org\/{rel}","templated":true}]}}