{"id":3938,"date":"2017-01-04T10:47:56","date_gmt":"2017-01-04T12:47:56","guid":{"rendered":"http:\/\/totallubri.com.br\/?post_type=product&#038;p=3938"},"modified":"2024-12-19T15:07:51","modified_gmt":"2024-12-19T18:07:51","slug":"suporte-para-valvula-de-controle-de-fluidos-9811-s-samoa","status":"publish","type":"product","link":"https:\/\/totallubri.com.br\/?product=suporte-para-valvula-de-controle-de-fluidos-9811-s-samoa","title":{"rendered":"Suporte para V\u00e1lvula de Controle de Fluidos &#8211; 9811-S &#8211; Samoa"},"content":{"rendered":"<p>Em a\u00e7o com pintura elestrost\u00e1tica, para eletrov\u00e1lvula SAMOA, possibilita a fixa\u00e7\u00e3o movimenta\u00e7\u00e3o da eletrov\u00e1lvula de controle junto ao carretel. Instalado entre o carretel e o suporte girat\u00f3rio.<\/p>\n<p>Capacidade de montagem<br \/>\n<strong>01 eletrov\u00e1lvula 9811<br \/>\n<\/strong><br \/>\nPeso <strong>780 g<br \/>\n<\/strong>Medidas <strong>(A) 165 mm x (L) 90 mm<\/strong><\/p>\n","protected":false},"excerpt":{"rendered":"<p>Em a\u00e7o com pintura elestrost\u00e1tica, para eletrov\u00e1lvula SAMOA, possibilita a fixa\u00e7\u00e3o movimenta\u00e7\u00e3o da eletrov\u00e1lvula de controle junto ao carretel. Instalado entre o carretel e o suporte girat\u00f3rio. Capacidade de montagem 01 eletrov\u00e1lvula 9811 Peso 780 g Medidas (A) 165 mm x (L) 90 mm<\/p>\n","protected":false},"featured_media":3939,"comment_status":"open","ping_status":"closed","template":"","meta":{"_exactmetrics_skip_tracking":false,"_exactmetrics_sitenote_active":false,"_exactmetrics_sitenote_note":"","_exactmetrics_sitenote_category":0},"product_brand":[],"product_cat":[114],"product_tag":[],"class_list":{"0":"post-3938","1":"product","2":"type-product","3":"status-publish","4":"has-post-thumbnail","6":"product_cat-solucoes-para-abastecimento","8":"first","9":"instock","10":"shipping-taxable","11":"product-type-simple"},"_links":{"self":[{"href":"https:\/\/totallubri.com.br\/index.php?rest_route=\/wp\/v2\/product\/3938","targetHints":{"allow":["GET"]}}],"collection":[{"href":"https:\/\/totallubri.com.br\/index.php?rest_route=\/wp\/v2\/product"}],"about":[{"href":"https:\/\/totallubri.com.br\/index.php?rest_route=\/wp\/v2\/types\/product"}],"replies":[{"embeddable":true,"href":"https:\/\/totallubri.com.br\/index.php?rest_route=%2Fwp%2Fv2%2Fcomments&post=3938"}],"wp:featuredmedia":[{"embeddable":true,"href":"https:\/\/totallubri.com.br\/index.php?rest_route=\/wp\/v2\/media\/3939"}],"wp:attachment":[{"href":"https:\/\/totallubri.com.br\/index.php?rest_route=%2Fwp%2Fv2%2Fmedia&parent=3938"}],"wp:term":[{"taxonomy":"product_brand","embeddable":true,"href":"https:\/\/totallubri.com.br\/index.php?rest_route=%2Fwp%2Fv2%2Fproduct_brand&post=3938"},{"taxonomy":"product_cat","embeddable":true,"href":"https:\/\/totallubri.com.br\/index.php?rest_route=%2Fwp%2Fv2%2Fproduct_cat&post=3938"},{"taxonomy":"product_tag","embeddable":true,"href":"https:\/\/totallubri.com.br\/index.php?rest_route=%2Fwp%2Fv2%2Fproduct_tag&post=3938"}],"curies":[{"name":"wp","href":"https:\/\/api.w.org\/{rel}","templated":true}]}}