{"id":3950,"date":"2017-01-04T11:00:14","date_gmt":"2017-01-04T13:00:14","guid":{"rendered":"http:\/\/totallubri.com.br\/?post_type=product&#038;p=3950"},"modified":"2024-12-01T12:55:32","modified_gmt":"2024-12-01T15:55:32","slug":"medidor-mecanico-com-gatilho-2100-kf-piusi","status":"publish","type":"product","link":"https:\/\/totallubri.com.br\/?product=medidor-mecanico-com-gatilho-2100-kf-piusi","title":{"rendered":"Medidor Mec\u00e2nico com Gatilho &#8211; 2100-KF &#8211; Piusi"},"content":{"rendered":"<div class=\"cont_produto\">\n<p>Em alum\u00ednio.<\/p>\n<p>Vaz\u00e3o livre\u00a0<strong>30 L\/min<\/strong><br \/>\nPress\u00e3o m\u00e1xima de opera\u00e7\u00e3o <strong>1.000 PSI<\/strong><br \/>\nEntrada e sa\u00edda <strong>1\/2&#8243; BSP<\/strong><br \/>\nPrecis\u00e3o<strong>\u00a01 %<\/strong><br \/>\nSistema de medi\u00e7\u00e3o <strong>engrenagens ovais<\/strong><\/p>\n<p>Peso\u00a0<strong>1,5 kg<br \/>\n<\/strong>Medidas <strong>(A)\u00a0280 mm<br \/>\n<\/strong><\/p>\n<\/div>\n","protected":false},"excerpt":{"rendered":"<p>Em alum\u00ednio. Vaz\u00e3o livre\u00a030 L\/min Press\u00e3o m\u00e1xima de opera\u00e7\u00e3o 1.000 PSI Entrada e sa\u00edda 1\/2&#8243; BSP Precis\u00e3o\u00a01 % Sistema de medi\u00e7\u00e3o engrenagens ovais Peso\u00a01,5 kg Medidas (A)\u00a0280 mm<\/p>\n","protected":false},"featured_media":8159,"comment_status":"open","ping_status":"closed","template":"","meta":{"_exactmetrics_skip_tracking":false,"_exactmetrics_sitenote_active":false,"_exactmetrics_sitenote_note":"","_exactmetrics_sitenote_category":0},"product_brand":[],"product_cat":[109],"product_tag":[],"class_list":{"0":"post-3950","1":"product","2":"type-product","3":"status-publish","4":"has-post-thumbnail","6":"product_cat-medidor-mecanico","8":"first","9":"instock","10":"shipping-taxable","11":"product-type-simple"},"_links":{"self":[{"href":"https:\/\/totallubri.com.br\/index.php?rest_route=\/wp\/v2\/product\/3950","targetHints":{"allow":["GET"]}}],"collection":[{"href":"https:\/\/totallubri.com.br\/index.php?rest_route=\/wp\/v2\/product"}],"about":[{"href":"https:\/\/totallubri.com.br\/index.php?rest_route=\/wp\/v2\/types\/product"}],"replies":[{"embeddable":true,"href":"https:\/\/totallubri.com.br\/index.php?rest_route=%2Fwp%2Fv2%2Fcomments&post=3950"}],"wp:featuredmedia":[{"embeddable":true,"href":"https:\/\/totallubri.com.br\/index.php?rest_route=\/wp\/v2\/media\/8159"}],"wp:attachment":[{"href":"https:\/\/totallubri.com.br\/index.php?rest_route=%2Fwp%2Fv2%2Fmedia&parent=3950"}],"wp:term":[{"taxonomy":"product_brand","embeddable":true,"href":"https:\/\/totallubri.com.br\/index.php?rest_route=%2Fwp%2Fv2%2Fproduct_brand&post=3950"},{"taxonomy":"product_cat","embeddable":true,"href":"https:\/\/totallubri.com.br\/index.php?rest_route=%2Fwp%2Fv2%2Fproduct_cat&post=3950"},{"taxonomy":"product_tag","embeddable":true,"href":"https:\/\/totallubri.com.br\/index.php?rest_route=%2Fwp%2Fv2%2Fproduct_tag&post=3950"}],"curies":[{"name":"wp","href":"https:\/\/api.w.org\/{rel}","templated":true}]}}