{"id":3982,"date":"2017-01-04T11:44:32","date_gmt":"2017-01-04T13:44:32","guid":{"rendered":"http:\/\/totallubri.com.br\/?post_type=product&#038;p=3982"},"modified":"2024-11-30T18:16:41","modified_gmt":"2024-11-30T21:16:41","slug":"medidor-digital-2160-piusi","status":"publish","type":"product","link":"https:\/\/totallubri.com.br\/?product=medidor-digital-2160-piusi","title":{"rendered":"Medidor Digital &#8211; 2160 &#8211; Piusi"},"content":{"rendered":"<p>Em alum\u00ednio, para \u00f3leo lubrificante e diesel.<\/p>\n<p>Vaz\u00e3o livre . <strong>10 a 100 L\/min<\/strong><br \/>\nPress\u00e3o m\u00e1xima de opera\u00e7\u00e3o .<strong> 1.000 PSI<\/strong><br \/>\nEntrada e sa\u00edda . \u00f8<strong> 1\u201d BSP \/ flangeado<\/strong><br \/>\nPrecis\u00e3o . <strong>0,5%<\/strong><br \/>\nSistema de medi\u00e7\u00e3o . <strong>engrenagens ovais<\/strong><\/p>\n<p>Peso: 1,6 kg . Medidas: (A) 112 mm x (L) 78 mm<\/p>\n","protected":false},"excerpt":{"rendered":"<p>Em alum\u00ednio, para \u00f3leo lubrificante e diesel. Vaz\u00e3o livre . 10 a 100 L\/min Press\u00e3o m\u00e1xima de opera\u00e7\u00e3o . 1.000 PSI Entrada e sa\u00edda . \u00f8 1\u201d BSP \/ flangeado Precis\u00e3o . 0,5% Sistema de medi\u00e7\u00e3o . engrenagens ovais Peso: 1,6 kg . Medidas: (A) 112 mm x (L) 78 mm<\/p>\n","protected":false},"featured_media":3983,"comment_status":"open","ping_status":"closed","template":"","meta":{"_exactmetrics_skip_tracking":false,"_exactmetrics_sitenote_active":false,"_exactmetrics_sitenote_note":"","_exactmetrics_sitenote_category":0},"product_brand":[],"product_cat":[108],"product_tag":[],"class_list":{"0":"post-3982","1":"product","2":"type-product","3":"status-publish","4":"has-post-thumbnail","6":"product_cat-medidor-digital","8":"first","9":"instock","10":"shipping-taxable","11":"product-type-simple"},"_links":{"self":[{"href":"https:\/\/totallubri.com.br\/index.php?rest_route=\/wp\/v2\/product\/3982","targetHints":{"allow":["GET"]}}],"collection":[{"href":"https:\/\/totallubri.com.br\/index.php?rest_route=\/wp\/v2\/product"}],"about":[{"href":"https:\/\/totallubri.com.br\/index.php?rest_route=\/wp\/v2\/types\/product"}],"replies":[{"embeddable":true,"href":"https:\/\/totallubri.com.br\/index.php?rest_route=%2Fwp%2Fv2%2Fcomments&post=3982"}],"wp:featuredmedia":[{"embeddable":true,"href":"https:\/\/totallubri.com.br\/index.php?rest_route=\/wp\/v2\/media\/3983"}],"wp:attachment":[{"href":"https:\/\/totallubri.com.br\/index.php?rest_route=%2Fwp%2Fv2%2Fmedia&parent=3982"}],"wp:term":[{"taxonomy":"product_brand","embeddable":true,"href":"https:\/\/totallubri.com.br\/index.php?rest_route=%2Fwp%2Fv2%2Fproduct_brand&post=3982"},{"taxonomy":"product_cat","embeddable":true,"href":"https:\/\/totallubri.com.br\/index.php?rest_route=%2Fwp%2Fv2%2Fproduct_cat&post=3982"},{"taxonomy":"product_tag","embeddable":true,"href":"https:\/\/totallubri.com.br\/index.php?rest_route=%2Fwp%2Fv2%2Fproduct_tag&post=3982"}],"curies":[{"name":"wp","href":"https:\/\/api.w.org\/{rel}","templated":true}]}}