{"id":4016,"date":"2017-01-05T08:28:30","date_gmt":"2017-01-05T10:28:30","guid":{"rendered":"http:\/\/totallubri.com.br\/?post_type=product&#038;p=4016"},"modified":"2024-11-25T22:01:07","modified_gmt":"2024-11-26T01:01:07","slug":"carretel-automatico-montado-com-mangueira-3020-mo20-samoa","status":"publish","type":"product","link":"https:\/\/totallubri.com.br\/?product=carretel-automatico-montado-com-mangueira-3020-mo20-samoa","title":{"rendered":"Carretel autom\u00e1tico montado com mangueira &#8211; 3020-MO20 &#8211; Samoa"},"content":{"rendered":"<p><span style=\"color: #000000;\">Em a\u00e7o, com base simples e retra\u00e7\u00e3o <\/span><span style=\"color: #000000;\">autom\u00e1tica, com rolamentos.<\/span><span style=\"color: #000000;\"> Montado com mangueira.<\/span><\/p>\n<p>Mangueira . 01\/2&#8243; \/ comp. 20m \/ SAE 100R2<\/p>\n<p>Press\u00e3o m\u00e1xima de trabalho 1.100 PSI<\/p>\n<p>Peso: 53 Kg<\/p>\n<p>Medidas: (A) 494 mm x (L) 270 mm<\/p>\n","protected":false},"excerpt":{"rendered":"<p>Em a\u00e7o, com base simples e retra\u00e7\u00e3o autom\u00e1tica, com rolamentos. Montado com mangueira. Mangueira . 01\/2&#8243; \/ comp. 20m \/ SAE 100R2 Press\u00e3o m\u00e1xima de trabalho 1.100 PSI Peso: 53 Kg Medidas: (A) 494 mm x (L) 270 mm<\/p>\n","protected":false},"featured_media":4017,"comment_status":"open","ping_status":"closed","template":"","meta":{"_exactmetrics_skip_tracking":false,"_exactmetrics_sitenote_active":false,"_exactmetrics_sitenote_note":"","_exactmetrics_sitenote_category":0},"product_brand":[],"product_cat":[101],"product_tag":[],"class_list":{"0":"post-4016","1":"product","2":"type-product","3":"status-publish","4":"has-post-thumbnail","6":"product_cat-carreteis-samoa-e-coxreels","8":"first","9":"instock","10":"shipping-taxable","11":"product-type-simple"},"_links":{"self":[{"href":"https:\/\/totallubri.com.br\/index.php?rest_route=\/wp\/v2\/product\/4016","targetHints":{"allow":["GET"]}}],"collection":[{"href":"https:\/\/totallubri.com.br\/index.php?rest_route=\/wp\/v2\/product"}],"about":[{"href":"https:\/\/totallubri.com.br\/index.php?rest_route=\/wp\/v2\/types\/product"}],"replies":[{"embeddable":true,"href":"https:\/\/totallubri.com.br\/index.php?rest_route=%2Fwp%2Fv2%2Fcomments&post=4016"}],"wp:featuredmedia":[{"embeddable":true,"href":"https:\/\/totallubri.com.br\/index.php?rest_route=\/wp\/v2\/media\/4017"}],"wp:attachment":[{"href":"https:\/\/totallubri.com.br\/index.php?rest_route=%2Fwp%2Fv2%2Fmedia&parent=4016"}],"wp:term":[{"taxonomy":"product_brand","embeddable":true,"href":"https:\/\/totallubri.com.br\/index.php?rest_route=%2Fwp%2Fv2%2Fproduct_brand&post=4016"},{"taxonomy":"product_cat","embeddable":true,"href":"https:\/\/totallubri.com.br\/index.php?rest_route=%2Fwp%2Fv2%2Fproduct_cat&post=4016"},{"taxonomy":"product_tag","embeddable":true,"href":"https:\/\/totallubri.com.br\/index.php?rest_route=%2Fwp%2Fv2%2Fproduct_tag&post=4016"}],"curies":[{"name":"wp","href":"https:\/\/api.w.org\/{rel}","templated":true}]}}