{"id":4040,"date":"2017-01-05T09:17:56","date_gmt":"2017-01-05T11:17:56","guid":{"rendered":"http:\/\/totallubri.com.br\/?post_type=product&#038;p=4040"},"modified":"2024-11-19T21:45:41","modified_gmt":"2024-11-20T00:45:41","slug":"unidade-de-filtragem-e-transferencia-9180-o-piusi","status":"publish","type":"product","link":"https:\/\/totallubri.com.br\/?product=unidade-de-filtragem-e-transferencia-9180-o-piusi","title":{"rendered":"Unidade de Filtragem e Transfer\u00eancia &#8211; 9180-O &#8211; Piusi"},"content":{"rendered":"<p>Em a\u00e7o, para \u00f3leo lubrificante (SAE 90 \u00e0 40\u00b0C), com bomba com v\u00e1lvula by-pass, suporte com rodas e man\u00f4metro de sinaliza\u00e7\u00e3o de satura\u00e7\u00e3o do filtro.<\/p>\n<p>Vaz\u00e3o livre 25<strong>\u00a0L\/min<\/strong><br \/>\nAlimenta\u00e7\u00e3o <strong>220<\/strong> V<br \/>\nPress\u00e3o m\u00e1xima de opera\u00e7\u00e3o 85<strong>\u00a0PSI<\/strong><br \/>\nMangueira para suc\u00e7\u00e3o<strong> 1,70 M \/ 3\/4&#8243;<\/strong><br \/>\nMangueira para descarga<strong> 1,70 M\/ 3\/4&#8243;<\/strong><br \/>\nFiltro part\u00edculas <strong>10 micra\/ tipo cartucho<\/strong><\/p>\n<p>Peso <strong>28 kg<\/strong><br \/>\nMedidas <strong>(A)\u00a0 660 mm x (L) 325 mm<\/strong><\/p>\n","protected":false},"excerpt":{"rendered":"<p>Em a\u00e7o, para \u00f3leo lubrificante (SAE 90 \u00e0 40\u00b0C), com bomba com v\u00e1lvula by-pass, suporte com rodas e man\u00f4metro de sinaliza\u00e7\u00e3o de satura\u00e7\u00e3o do filtro. Vaz\u00e3o livre 25\u00a0L\/min Alimenta\u00e7\u00e3o 220 V Press\u00e3o m\u00e1xima de opera\u00e7\u00e3o 85\u00a0PSI Mangueira para suc\u00e7\u00e3o 1,70 M \/ 3\/4&#8243; Mangueira para descarga 1,70 M\/ 3\/4&#8243; Filtro part\u00edculas 10 micra\/ tipo cartucho [&hellip;]<\/p>\n","protected":false},"featured_media":4041,"comment_status":"open","ping_status":"closed","template":"","meta":{"_exactmetrics_skip_tracking":false,"_exactmetrics_sitenote_active":false,"_exactmetrics_sitenote_note":"","_exactmetrics_sitenote_category":0},"product_brand":[],"product_cat":[93],"product_tag":[],"class_list":{"0":"post-4040","1":"product","2":"type-product","3":"status-publish","4":"has-post-thumbnail","6":"product_cat-filtros-e-elementos-filtrantes","8":"first","9":"instock","10":"shipping-taxable","11":"product-type-simple"},"_links":{"self":[{"href":"https:\/\/totallubri.com.br\/index.php?rest_route=\/wp\/v2\/product\/4040","targetHints":{"allow":["GET"]}}],"collection":[{"href":"https:\/\/totallubri.com.br\/index.php?rest_route=\/wp\/v2\/product"}],"about":[{"href":"https:\/\/totallubri.com.br\/index.php?rest_route=\/wp\/v2\/types\/product"}],"replies":[{"embeddable":true,"href":"https:\/\/totallubri.com.br\/index.php?rest_route=%2Fwp%2Fv2%2Fcomments&post=4040"}],"wp:featuredmedia":[{"embeddable":true,"href":"https:\/\/totallubri.com.br\/index.php?rest_route=\/wp\/v2\/media\/4041"}],"wp:attachment":[{"href":"https:\/\/totallubri.com.br\/index.php?rest_route=%2Fwp%2Fv2%2Fmedia&parent=4040"}],"wp:term":[{"taxonomy":"product_brand","embeddable":true,"href":"https:\/\/totallubri.com.br\/index.php?rest_route=%2Fwp%2Fv2%2Fproduct_brand&post=4040"},{"taxonomy":"product_cat","embeddable":true,"href":"https:\/\/totallubri.com.br\/index.php?rest_route=%2Fwp%2Fv2%2Fproduct_cat&post=4040"},{"taxonomy":"product_tag","embeddable":true,"href":"https:\/\/totallubri.com.br\/index.php?rest_route=%2Fwp%2Fv2%2Fproduct_tag&post=4040"}],"curies":[{"name":"wp","href":"https:\/\/api.w.org\/{rel}","templated":true}]}}