{"id":4070,"date":"2017-01-05T10:29:50","date_gmt":"2017-01-05T12:29:50","guid":{"rendered":"http:\/\/totallubri.com.br\/?post_type=product&#038;p=4070"},"modified":"2024-11-19T16:59:00","modified_gmt":"2024-11-19T19:59:00","slug":"elemento-filtrante-para-absorcao-de-particulas-9180-ef-lupus","status":"publish","type":"product","link":"https:\/\/totallubri.com.br\/?product=elemento-filtrante-para-absorcao-de-particulas-9180-ef-lupus","title":{"rendered":"Elemento Filtrante para Absor\u00e7\u00e3o de Part\u00edculas &#8211; 9180-EF &#8211; Lupus"},"content":{"rendered":"<p>Compat\u00edvel \u00e0 unidade de filtragem 9180-HF\/ 9180-LF\/ 9180-PF\/ 9180-GF<\/p>\n<p>Unidades de filtragem, abastecimento e conten\u00e7\u00e3o 9522\/ 9523\/ 9524\/ 9525<\/p>\n<p>Unidades de filtragem e abastecimento 9515\/ 9516\/ 9515-P\/ 9516-P\/ 9517\/ 9517-E\/ 9518\/ 9519\/ 9520\/ 9521<\/p>\n<p>Sistemas de armazenamento e filtragem 5550\/ 5551\/ 5544\/ 5546\/ 5545\/ 5547<\/p>\n<p>Filtragem<strong> part\u00edculas<\/strong><br \/>\nVaz\u00e3o livre <strong>130 L\/min<\/strong><br \/>\nPress\u00e3o m\u00e1xima de opera\u00e7\u00e3o <strong>560 PSI<br \/>\n<\/strong>Micragem <strong>5 micra<\/strong><\/p>\n<p>Peso <strong>412 g<\/strong><br \/>\nMedidas <strong>(A)\u00a0242 mm x (L)\u00a087 mm<\/strong><\/p>\n","protected":false},"excerpt":{"rendered":"<p>Compat\u00edvel \u00e0 unidade de filtragem 9180-HF\/ 9180-LF\/ 9180-PF\/ 9180-GF Unidades de filtragem, abastecimento e conten\u00e7\u00e3o 9522\/ 9523\/ 9524\/ 9525 Unidades de filtragem e abastecimento 9515\/ 9516\/ 9515-P\/ 9516-P\/ 9517\/ 9517-E\/ 9518\/ 9519\/ 9520\/ 9521 Sistemas de armazenamento e filtragem 5550\/ 5551\/ 5544\/ 5546\/ 5545\/ 5547 Filtragem part\u00edculas Vaz\u00e3o livre 130 L\/min Press\u00e3o m\u00e1xima de opera\u00e7\u00e3o [&hellip;]<\/p>\n","protected":false},"featured_media":4071,"comment_status":"open","ping_status":"closed","template":"","meta":{"_exactmetrics_skip_tracking":false,"_exactmetrics_sitenote_active":false,"_exactmetrics_sitenote_note":"","_exactmetrics_sitenote_category":0},"product_brand":[],"product_cat":[93],"product_tag":[],"class_list":{"0":"post-4070","1":"product","2":"type-product","3":"status-publish","4":"has-post-thumbnail","6":"product_cat-filtros-e-elementos-filtrantes","8":"first","9":"instock","10":"shipping-taxable","11":"product-type-simple"},"_links":{"self":[{"href":"https:\/\/totallubri.com.br\/index.php?rest_route=\/wp\/v2\/product\/4070","targetHints":{"allow":["GET"]}}],"collection":[{"href":"https:\/\/totallubri.com.br\/index.php?rest_route=\/wp\/v2\/product"}],"about":[{"href":"https:\/\/totallubri.com.br\/index.php?rest_route=\/wp\/v2\/types\/product"}],"replies":[{"embeddable":true,"href":"https:\/\/totallubri.com.br\/index.php?rest_route=%2Fwp%2Fv2%2Fcomments&post=4070"}],"wp:featuredmedia":[{"embeddable":true,"href":"https:\/\/totallubri.com.br\/index.php?rest_route=\/wp\/v2\/media\/4071"}],"wp:attachment":[{"href":"https:\/\/totallubri.com.br\/index.php?rest_route=%2Fwp%2Fv2%2Fmedia&parent=4070"}],"wp:term":[{"taxonomy":"product_brand","embeddable":true,"href":"https:\/\/totallubri.com.br\/index.php?rest_route=%2Fwp%2Fv2%2Fproduct_brand&post=4070"},{"taxonomy":"product_cat","embeddable":true,"href":"https:\/\/totallubri.com.br\/index.php?rest_route=%2Fwp%2Fv2%2Fproduct_cat&post=4070"},{"taxonomy":"product_tag","embeddable":true,"href":"https:\/\/totallubri.com.br\/index.php?rest_route=%2Fwp%2Fv2%2Fproduct_tag&post=4070"}],"curies":[{"name":"wp","href":"https:\/\/api.w.org\/{rel}","templated":true}]}}