{"id":4084,"date":"2017-01-05T10:45:59","date_gmt":"2017-01-05T12:45:59","guid":{"rendered":"http:\/\/totallubri.com.br\/?post_type=product&#038;p=4084"},"modified":"2024-12-05T21:33:48","modified_gmt":"2024-12-06T00:33:48","slug":"dispenser-manual-2100-po-samoa","status":"publish","type":"product","link":"https:\/\/totallubri.com.br\/?product=dispenser-manual-2100-po-samoa","title":{"rendered":"Dispenser Manual &#8211; 2100-PO &#8211; Samoa"},"content":{"rendered":"<p>Em alum\u00ednio, com suporte adapt\u00e1vel \u00e0 parede e bandeja ecol\u00f3gica.<\/p>\n<p>Vaz\u00e3o livre\u00a0<strong>15 L\/min<\/strong><strong><br \/>\n<\/strong>V\u00e1lvula de controle<strong> com filtro interno<br \/>\n<\/strong><br \/>\nPeso\u00a0<strong>5,1 kg<\/strong><br \/>\nMedidas <strong>(A)\u00a0700 mm x (L)\u00a0240 mm<\/strong><\/p>\n","protected":false},"excerpt":{"rendered":"<p>Em alum\u00ednio, com suporte adapt\u00e1vel \u00e0 parede e bandeja ecol\u00f3gica. Vaz\u00e3o livre\u00a015 L\/min V\u00e1lvula de controle com filtro interno Peso\u00a05,1 kg Medidas (A)\u00a0700 mm x (L)\u00a0240 mm<\/p>\n","protected":false},"featured_media":4085,"comment_status":"open","ping_status":"closed","template":"","meta":{"_exactmetrics_skip_tracking":false,"_exactmetrics_sitenote_active":false,"_exactmetrics_sitenote_note":"","_exactmetrics_sitenote_category":0},"product_brand":[],"product_cat":[114],"product_tag":[],"class_list":{"0":"post-4084","1":"product","2":"type-product","3":"status-publish","4":"has-post-thumbnail","6":"product_cat-solucoes-para-abastecimento","8":"first","9":"instock","10":"shipping-taxable","11":"product-type-simple"},"_links":{"self":[{"href":"https:\/\/totallubri.com.br\/index.php?rest_route=\/wp\/v2\/product\/4084","targetHints":{"allow":["GET"]}}],"collection":[{"href":"https:\/\/totallubri.com.br\/index.php?rest_route=\/wp\/v2\/product"}],"about":[{"href":"https:\/\/totallubri.com.br\/index.php?rest_route=\/wp\/v2\/types\/product"}],"replies":[{"embeddable":true,"href":"https:\/\/totallubri.com.br\/index.php?rest_route=%2Fwp%2Fv2%2Fcomments&post=4084"}],"wp:featuredmedia":[{"embeddable":true,"href":"https:\/\/totallubri.com.br\/index.php?rest_route=\/wp\/v2\/media\/4085"}],"wp:attachment":[{"href":"https:\/\/totallubri.com.br\/index.php?rest_route=%2Fwp%2Fv2%2Fmedia&parent=4084"}],"wp:term":[{"taxonomy":"product_brand","embeddable":true,"href":"https:\/\/totallubri.com.br\/index.php?rest_route=%2Fwp%2Fv2%2Fproduct_brand&post=4084"},{"taxonomy":"product_cat","embeddable":true,"href":"https:\/\/totallubri.com.br\/index.php?rest_route=%2Fwp%2Fv2%2Fproduct_cat&post=4084"},{"taxonomy":"product_tag","embeddable":true,"href":"https:\/\/totallubri.com.br\/index.php?rest_route=%2Fwp%2Fv2%2Fproduct_tag&post=4084"}],"curies":[{"name":"wp","href":"https:\/\/api.w.org\/{rel}","templated":true}]}}