{"id":4129,"date":"2017-01-06T08:14:38","date_gmt":"2017-01-06T10:14:38","guid":{"rendered":"http:\/\/totallubri.com.br\/?post_type=product&#038;p=4129"},"modified":"2024-11-28T17:55:56","modified_gmt":"2024-11-28T20:55:56","slug":"chave-saca-filtro-2017-m-lupus","status":"publish","type":"product","link":"https:\/\/totallubri.com.br\/?product=chave-saca-filtro-2017-m-lupus","title":{"rendered":"Chave Saca Filtro &#8211; 2017-M &#8211; Lupus"},"content":{"rendered":"<p>Em a\u00e7o, com cabo\u00a0com \u00a0prote\u00e7\u00e3o de borracha e cinta m\u00e9dia.<\/p>\n<p>Peso <strong>370 g<\/strong><br \/>\nMedidas <strong>(A) 260 mm x (L) 130 mm<\/strong><\/p>\n","protected":false},"excerpt":{"rendered":"<p>Em a\u00e7o, com cabo\u00a0com \u00a0prote\u00e7\u00e3o de borracha e cinta m\u00e9dia. Peso 370 g Medidas (A) 260 mm x (L) 130 mm<\/p>\n","protected":false},"featured_media":4130,"comment_status":"open","ping_status":"closed","template":"","meta":{"_exactmetrics_skip_tracking":false,"_exactmetrics_sitenote_active":false,"_exactmetrics_sitenote_note":"","_exactmetrics_sitenote_category":0},"product_brand":[],"product_cat":[107],"product_tag":[],"class_list":{"0":"post-4129","1":"product","2":"type-product","3":"status-publish","4":"has-post-thumbnail","6":"product_cat-equipamentos-para-troca-de-oleo","8":"first","9":"instock","10":"shipping-taxable","11":"product-type-simple"},"_links":{"self":[{"href":"https:\/\/totallubri.com.br\/index.php?rest_route=\/wp\/v2\/product\/4129","targetHints":{"allow":["GET"]}}],"collection":[{"href":"https:\/\/totallubri.com.br\/index.php?rest_route=\/wp\/v2\/product"}],"about":[{"href":"https:\/\/totallubri.com.br\/index.php?rest_route=\/wp\/v2\/types\/product"}],"replies":[{"embeddable":true,"href":"https:\/\/totallubri.com.br\/index.php?rest_route=%2Fwp%2Fv2%2Fcomments&post=4129"}],"wp:featuredmedia":[{"embeddable":true,"href":"https:\/\/totallubri.com.br\/index.php?rest_route=\/wp\/v2\/media\/4130"}],"wp:attachment":[{"href":"https:\/\/totallubri.com.br\/index.php?rest_route=%2Fwp%2Fv2%2Fmedia&parent=4129"}],"wp:term":[{"taxonomy":"product_brand","embeddable":true,"href":"https:\/\/totallubri.com.br\/index.php?rest_route=%2Fwp%2Fv2%2Fproduct_brand&post=4129"},{"taxonomy":"product_cat","embeddable":true,"href":"https:\/\/totallubri.com.br\/index.php?rest_route=%2Fwp%2Fv2%2Fproduct_cat&post=4129"},{"taxonomy":"product_tag","embeddable":true,"href":"https:\/\/totallubri.com.br\/index.php?rest_route=%2Fwp%2Fv2%2Fproduct_tag&post=4129"}],"curies":[{"name":"wp","href":"https:\/\/api.w.org\/{rel}","templated":true}]}}