{"id":4170,"date":"2017-01-06T08:55:32","date_gmt":"2017-01-06T10:55:32","guid":{"rendered":"http:\/\/totallubri.com.br\/?post_type=product&#038;p=4170"},"modified":"2025-02-18T10:19:55","modified_gmt":"2025-02-18T13:19:55","slug":"carrinho-para-transporte-de-tambor-3040-lupus","status":"publish","type":"product","link":"https:\/\/totallubri.com.br\/?product=carrinho-para-transporte-de-tambor-3040-lupus","title":{"rendered":"Carrinho para Transporte de Tambor \u2013 3040 \u2013 Lupus"},"content":{"rendered":"<p>Em a\u00e7o, com pintura ep\u00f3xi.<\/p>\n<p>Rolamento <strong>alum\u00ednio<br \/>\n<\/strong>Rodas fixas <strong>02\/ maci\u00e7as \/ aro em a\u00e7o<\/strong><br \/>\nRoda girat\u00f3ria <strong>01\/ com freio<\/strong><br \/>\nCapacidade tambor <strong>200 L\/ 300 kg<\/strong><\/p>\n<p>Peso <strong>15 kg<\/strong><br \/>\nMedidas <strong>(A) 1435 mm x (L) 405 mm x (C) 80 mm<\/strong><\/p>\n","protected":false},"excerpt":{"rendered":"<p>Em a\u00e7o, com pintura ep\u00f3xi. Rolamento alum\u00ednio Rodas fixas 02\/ maci\u00e7as \/ aro em a\u00e7o Roda girat\u00f3ria 01\/ com freio Capacidade tambor 200 L\/ 300 kg Peso 15 kg Medidas (A) 1435 mm x (L) 405 mm x (C) 80 mm<\/p>\n","protected":false},"featured_media":4171,"comment_status":"open","ping_status":"closed","template":"","meta":{"_exactmetrics_skip_tracking":false,"_exactmetrics_sitenote_active":false,"_exactmetrics_sitenote_note":"","_exactmetrics_sitenote_category":0},"product_brand":[],"product_cat":[63],"product_tag":[],"class_list":{"0":"post-4170","1":"product","2":"type-product","3":"status-publish","4":"has-post-thumbnail","6":"product_cat-meio-ambiente","8":"first","9":"instock","10":"shipping-taxable","11":"product-type-simple"},"_links":{"self":[{"href":"https:\/\/totallubri.com.br\/index.php?rest_route=\/wp\/v2\/product\/4170","targetHints":{"allow":["GET"]}}],"collection":[{"href":"https:\/\/totallubri.com.br\/index.php?rest_route=\/wp\/v2\/product"}],"about":[{"href":"https:\/\/totallubri.com.br\/index.php?rest_route=\/wp\/v2\/types\/product"}],"replies":[{"embeddable":true,"href":"https:\/\/totallubri.com.br\/index.php?rest_route=%2Fwp%2Fv2%2Fcomments&post=4170"}],"wp:featuredmedia":[{"embeddable":true,"href":"https:\/\/totallubri.com.br\/index.php?rest_route=\/wp\/v2\/media\/4171"}],"wp:attachment":[{"href":"https:\/\/totallubri.com.br\/index.php?rest_route=%2Fwp%2Fv2%2Fmedia&parent=4170"}],"wp:term":[{"taxonomy":"product_brand","embeddable":true,"href":"https:\/\/totallubri.com.br\/index.php?rest_route=%2Fwp%2Fv2%2Fproduct_brand&post=4170"},{"taxonomy":"product_cat","embeddable":true,"href":"https:\/\/totallubri.com.br\/index.php?rest_route=%2Fwp%2Fv2%2Fproduct_cat&post=4170"},{"taxonomy":"product_tag","embeddable":true,"href":"https:\/\/totallubri.com.br\/index.php?rest_route=%2Fwp%2Fv2%2Fproduct_tag&post=4170"}],"curies":[{"name":"wp","href":"https:\/\/api.w.org\/{rel}","templated":true}]}}