{"id":4244,"date":"2017-01-06T10:11:43","date_gmt":"2017-01-06T12:11:43","guid":{"rendered":"http:\/\/totallubri.com.br\/?post_type=product&#038;p=4244"},"modified":"2024-12-15T23:02:56","modified_gmt":"2024-12-16T02:02:56","slug":"coletor-pressurizado-9301-samoa","status":"publish","type":"product","link":"https:\/\/totallubri.com.br\/?product=coletor-pressurizado-9301-samoa","title":{"rendered":"Coletor Pressurizado &#8211; 9301 &#8211; Samoa"},"content":{"rendered":"<div class=\"cont_produto\">\n<p align=\"LEFT\"><span style=\"font-size: small;\">Em chapa de a\u00e7o, com visor de n\u00edvel lateral, pressuriza\u00e7\u00e3o por v\u00e1lvula de encher pneus at\u00e9 0,5 bar, v\u00e1lvula de seguran\u00e7a<\/span><\/p>\n<p align=\"LEFT\"><span style=\"font-size: small;\">e conector para engate r\u00e1pido \u00f8 <span style=\"font-family: HelveticaNeue-LightCond;\">3\/4\u201d.<\/span><\/span><\/p>\n<p align=\"LEFT\"><span style=\"font-size: small;\"><span style=\"font-family: HelveticaNeue-LightCond;\">Capacidade . <\/span><b><span style=\"font-family: HelveticaNeue-Bold;\">70 L<\/span><\/b><\/span><\/p>\n<p>&nbsp;<\/p>\n<p align=\"LEFT\"><span style=\"font-size: small;\">Peso: 28 kg<\/span><\/p>\n<p><span style=\"font-size: small;\">Medidas: (A) 1370 mm x (L) 580 mm<\/span><\/p>\n<\/div>\n","protected":false},"excerpt":{"rendered":"<p>Em chapa de a\u00e7o, com visor de n\u00edvel lateral, pressuriza\u00e7\u00e3o por v\u00e1lvula de encher pneus at\u00e9 0,5 bar, v\u00e1lvula de seguran\u00e7a e conector para engate r\u00e1pido \u00f8 3\/4\u201d. Capacidade . 70 L &nbsp; Peso: 28 kg Medidas: (A) 1370 mm x (L) 580 mm<\/p>\n","protected":false},"featured_media":4245,"comment_status":"open","ping_status":"closed","template":"","meta":{"_exactmetrics_skip_tracking":false,"_exactmetrics_sitenote_active":false,"_exactmetrics_sitenote_note":"","_exactmetrics_sitenote_category":0},"product_brand":[],"product_cat":[107],"product_tag":[],"class_list":{"0":"post-4244","1":"product","2":"type-product","3":"status-publish","4":"has-post-thumbnail","6":"product_cat-equipamentos-para-troca-de-oleo","8":"first","9":"instock","10":"shipping-taxable","11":"product-type-simple"},"_links":{"self":[{"href":"https:\/\/totallubri.com.br\/index.php?rest_route=\/wp\/v2\/product\/4244","targetHints":{"allow":["GET"]}}],"collection":[{"href":"https:\/\/totallubri.com.br\/index.php?rest_route=\/wp\/v2\/product"}],"about":[{"href":"https:\/\/totallubri.com.br\/index.php?rest_route=\/wp\/v2\/types\/product"}],"replies":[{"embeddable":true,"href":"https:\/\/totallubri.com.br\/index.php?rest_route=%2Fwp%2Fv2%2Fcomments&post=4244"}],"wp:featuredmedia":[{"embeddable":true,"href":"https:\/\/totallubri.com.br\/index.php?rest_route=\/wp\/v2\/media\/4245"}],"wp:attachment":[{"href":"https:\/\/totallubri.com.br\/index.php?rest_route=%2Fwp%2Fv2%2Fmedia&parent=4244"}],"wp:term":[{"taxonomy":"product_brand","embeddable":true,"href":"https:\/\/totallubri.com.br\/index.php?rest_route=%2Fwp%2Fv2%2Fproduct_brand&post=4244"},{"taxonomy":"product_cat","embeddable":true,"href":"https:\/\/totallubri.com.br\/index.php?rest_route=%2Fwp%2Fv2%2Fproduct_cat&post=4244"},{"taxonomy":"product_tag","embeddable":true,"href":"https:\/\/totallubri.com.br\/index.php?rest_route=%2Fwp%2Fv2%2Fproduct_tag&post=4244"}],"curies":[{"name":"wp","href":"https:\/\/api.w.org\/{rel}","templated":true}]}}