{"id":4388,"date":"2017-01-10T09:24:29","date_gmt":"2017-01-10T11:24:29","guid":{"rendered":"http:\/\/totallubri.com.br\/?post_type=product&#038;p=4388"},"modified":"2024-12-02T09:48:44","modified_gmt":"2024-12-02T12:48:44","slug":"propulsora-pneumatica-para-oleo-12021-p-g2-bozza","status":"publish","type":"product","link":"https:\/\/totallubri.com.br\/?product=propulsora-pneumatica-para-oleo-12021-p-g2-bozza","title":{"rendered":"Propulsora Pneum\u00e1tica para \u00d3leo &#8211; 12021-P-G4 &#8211; Bozza"},"content":{"rendered":"<div>Caracter\u00edsticas<\/div>\n<div><\/div>\n<div>| Propulsora pneum\u00e1tica para \u00f3leo<\/div>\n<div>| Adapt\u00e1vel em tambores de 50 a 200L e demais recipientes<\/div>\n<div>| Filtro Regulador de Press\u00e3o de 1\/4\u201d (mod. FL2000)<\/div>\n<div>| Kit suporte para adapta\u00e7\u00e3o na parede (mod. SF12021-G2)<\/div>\n<div>| Condutor de ar met\u00e1lico e conjunto silenciador<\/div>\n<div>| Conjunto de suc\u00e7\u00e3o<\/div>\n<div>| Largura x Altura: 165 mm\/6,5\u201d x 535 mm\/21,06\u201d<\/div>\n<div>| Peso l\u00edquido: 12,0 kg\/26,53 lb | Peso Bruto: 13,8 kg\/30,42 lb<\/div>\n<div>| Total de caixas: 1 | C=580 mm x L=130 mm x A=150 mm<\/div>\n<div><\/div>\n<div>Dados T\u00e9cnicos<\/div>\n<div><\/div>\n<div>| Recipiente de Aplica\u00e7\u00e3o de 50 a 200 L (N\u00e3o incluso)<\/div>\n<div>| Vaz\u00e3o livre 25 L\/min<\/div>\n<div>| Rateio 3 : 1<\/div>\n<div>| Entrada de ar \u00bc\u201d Rosca NPT<\/div>\n<div>| Sa\u00edda de Produto \u00bd\u201d Rosca NPT<\/div>\n<div>| Press\u00e3o de Trabalho 80-100 PSI (5,5-6,9 BAR)<\/div>\n<div>| Press\u00e3o de Sa\u00edda 240-300 PSI (16,5-20,6 BAR)<\/div>\n<div>| Consumo de ar 7,0 p\u00e9s\u00b3\/min.<\/div>\n<div>| Volume 0,01 m3 (11 litros)<\/div>\n<div><\/div>\n<div>Itens Opcionais<\/div>\n<div><\/div>\n<div>| Medidor digital (mod. B-900) | Medidor digital Presset\u00e1vel (mod. BP-3000C)<\/div>\n<div>| V\u00e1lvula de controle (mod. 5031-New)<\/div>\n<div>| Mangueira de 6 metros (mod. 5690-6)<\/div>\n<div>| Mangueira de 10 metros (mod. 5690-10)<\/div>\n<div>| Mangueira de 15 metros (mod. 5680-15)<\/div>\n<div>| Mangueira de 20 metros (mod. 5680-20)<\/div>\n<div>| Carretel retr\u00e1til c\/ mangueira 15 metros (mod. 17100RET-OL15)<\/div>\n<p>Tambor n\u00e3o fornecido<\/p>\n<p><em>Obs.: Os resultados apresentados foram obtidos de bombas com vaz\u00e3o livre. Lubrificantes utilizados: \u00d3leo SAE-30. Temperatura ambiente.<\/em><\/p>\n","protected":false},"excerpt":{"rendered":"<p>Caracter\u00edsticas | Propulsora pneum\u00e1tica para \u00f3leo | Adapt\u00e1vel em tambores de 50 a 200L e demais recipientes | Filtro Regulador de Press\u00e3o de 1\/4\u201d (mod. FL2000) | Kit suporte para adapta\u00e7\u00e3o na parede (mod. SF12021-G2) | Condutor de ar met\u00e1lico e conjunto silenciador | Conjunto de suc\u00e7\u00e3o | Largura x Altura: 165 mm\/6,5\u201d x 535 [&hellip;]<\/p>\n","protected":false},"featured_media":6731,"comment_status":"open","ping_status":"closed","template":"","meta":{"_exactmetrics_skip_tracking":false,"_exactmetrics_sitenote_active":false,"_exactmetrics_sitenote_note":"","_exactmetrics_sitenote_category":0},"product_brand":[],"product_cat":[110],"product_tag":[],"class_list":{"0":"post-4388","1":"product","2":"type-product","3":"status-publish","4":"has-post-thumbnail","6":"product_cat-propulsora-pneumatica-para-oleo","8":"first","9":"instock","10":"shipping-taxable","11":"product-type-simple"},"_links":{"self":[{"href":"https:\/\/totallubri.com.br\/index.php?rest_route=\/wp\/v2\/product\/4388","targetHints":{"allow":["GET"]}}],"collection":[{"href":"https:\/\/totallubri.com.br\/index.php?rest_route=\/wp\/v2\/product"}],"about":[{"href":"https:\/\/totallubri.com.br\/index.php?rest_route=\/wp\/v2\/types\/product"}],"replies":[{"embeddable":true,"href":"https:\/\/totallubri.com.br\/index.php?rest_route=%2Fwp%2Fv2%2Fcomments&post=4388"}],"wp:featuredmedia":[{"embeddable":true,"href":"https:\/\/totallubri.com.br\/index.php?rest_route=\/wp\/v2\/media\/6731"}],"wp:attachment":[{"href":"https:\/\/totallubri.com.br\/index.php?rest_route=%2Fwp%2Fv2%2Fmedia&parent=4388"}],"wp:term":[{"taxonomy":"product_brand","embeddable":true,"href":"https:\/\/totallubri.com.br\/index.php?rest_route=%2Fwp%2Fv2%2Fproduct_brand&post=4388"},{"taxonomy":"product_cat","embeddable":true,"href":"https:\/\/totallubri.com.br\/index.php?rest_route=%2Fwp%2Fv2%2Fproduct_cat&post=4388"},{"taxonomy":"product_tag","embeddable":true,"href":"https:\/\/totallubri.com.br\/index.php?rest_route=%2Fwp%2Fv2%2Fproduct_tag&post=4388"}],"curies":[{"name":"wp","href":"https:\/\/api.w.org\/{rel}","templated":true}]}}