{"id":4414,"date":"2017-01-10T09:34:10","date_gmt":"2017-01-10T11:34:10","guid":{"rendered":"http:\/\/totallubri.com.br\/?post_type=product&#038;p=4414"},"modified":"2024-11-30T18:46:34","modified_gmt":"2024-11-30T21:46:34","slug":"medidor-digital-para-oleo-lubrificante-b-900-bozza","status":"publish","type":"product","link":"https:\/\/totallubri.com.br\/?product=medidor-digital-para-oleo-lubrificante-b-900-bozza","title":{"rendered":"Medidor Digital para \u00d3leo Lubrificante \u2013 B-900 \u2013 Bozza"},"content":{"rendered":"<div>Abastecimento e controle de vaz\u00e3o de \u00f3leo lubrificante, ideal para utiliza\u00e7\u00e3o com \u00f3leo a granel.<\/div>\n<div><\/div>\n<div><strong>Caracter\u00edsticas<\/strong><\/div>\n<div><\/div>\n<div>| Pistola com medidor digital para \u00f3leo lubrificante<\/div>\n<div>| Contador parcial e totalizador<\/div>\n<div>| Extens\u00e3o flex\u00edvel de 90\u00b0<\/div>\n<div>| Bico anti-gotejante (mod. TIPSHARK-B01)<\/div>\n<div>| Largura x Altura: 130 mm\/5,1\u201d x 600 mm\/23,6\u201d<\/div>\n<div>| Peso l\u00edquido: 1,5 kg\/3,2 lb | Peso Bruto: 1,7 kg\/3,8 lb<\/div>\n<div>| Total de caixas: 1 | C=340 mm x L=340 mm x A=670 mm<\/div>\n<div><\/div>\n<div>\n<div><strong>Dados T\u00e9cnicos<\/strong><\/div>\n<div><\/div>\n<div>| Vaz\u00e3o m\u00e1xima 35 L\/min<\/div>\n<div>| Vaz\u00e3o m\u00ednima 1 L\/min<\/div>\n<div>| Press\u00e3o de trabalho 1.450 PSI\/100 BAR<\/div>\n<div>| Rosca de entrada 1\/2\u201d NPT<\/div>\n<div>| Rosca de sa\u00edda 1\/2\u201d NPT<\/div>\n<div>| Precis\u00e3o \u00b1 0,5%<\/div>\n<\/div>\n","protected":false},"excerpt":{"rendered":"<p>Abastecimento e controle de vaz\u00e3o de \u00f3leo lubrificante, ideal para utiliza\u00e7\u00e3o com \u00f3leo a granel. Caracter\u00edsticas | Pistola com medidor digital para \u00f3leo lubrificante | Contador parcial e totalizador | Extens\u00e3o flex\u00edvel de 90\u00b0 | Bico anti-gotejante (mod. TIPSHARK-B01) | Largura x Altura: 130 mm\/5,1\u201d x 600 mm\/23,6\u201d | Peso l\u00edquido: 1,5 kg\/3,2 lb | [&hellip;]<\/p>\n","protected":false},"featured_media":4417,"comment_status":"open","ping_status":"closed","template":"","meta":{"_exactmetrics_skip_tracking":false,"_exactmetrics_sitenote_active":false,"_exactmetrics_sitenote_note":"","_exactmetrics_sitenote_category":0},"product_brand":[],"product_cat":[108],"product_tag":[],"class_list":{"0":"post-4414","1":"product","2":"type-product","3":"status-publish","4":"has-post-thumbnail","6":"product_cat-medidor-digital","8":"first","9":"instock","10":"shipping-taxable","11":"product-type-simple"},"_links":{"self":[{"href":"https:\/\/totallubri.com.br\/index.php?rest_route=\/wp\/v2\/product\/4414","targetHints":{"allow":["GET"]}}],"collection":[{"href":"https:\/\/totallubri.com.br\/index.php?rest_route=\/wp\/v2\/product"}],"about":[{"href":"https:\/\/totallubri.com.br\/index.php?rest_route=\/wp\/v2\/types\/product"}],"replies":[{"embeddable":true,"href":"https:\/\/totallubri.com.br\/index.php?rest_route=%2Fwp%2Fv2%2Fcomments&post=4414"}],"wp:featuredmedia":[{"embeddable":true,"href":"https:\/\/totallubri.com.br\/index.php?rest_route=\/wp\/v2\/media\/4417"}],"wp:attachment":[{"href":"https:\/\/totallubri.com.br\/index.php?rest_route=%2Fwp%2Fv2%2Fmedia&parent=4414"}],"wp:term":[{"taxonomy":"product_brand","embeddable":true,"href":"https:\/\/totallubri.com.br\/index.php?rest_route=%2Fwp%2Fv2%2Fproduct_brand&post=4414"},{"taxonomy":"product_cat","embeddable":true,"href":"https:\/\/totallubri.com.br\/index.php?rest_route=%2Fwp%2Fv2%2Fproduct_cat&post=4414"},{"taxonomy":"product_tag","embeddable":true,"href":"https:\/\/totallubri.com.br\/index.php?rest_route=%2Fwp%2Fv2%2Fproduct_tag&post=4414"}],"curies":[{"name":"wp","href":"https:\/\/api.w.org\/{rel}","templated":true}]}}