{"id":4434,"date":"2017-01-10T09:52:33","date_gmt":"2017-01-10T11:52:33","guid":{"rendered":"http:\/\/totallubri.com.br\/?post_type=product&#038;p=4434"},"modified":"2024-11-25T12:58:09","modified_gmt":"2024-11-25T15:58:09","slug":"carretel-com-retracao-automatica-para-combustivel-15m-ds15-bozza","status":"publish","type":"product","link":"https:\/\/totallubri.com.br\/?product=carretel-com-retracao-automatica-para-combustivel-15m-ds15-bozza","title":{"rendered":"Carretel com Retra\u00e7\u00e3o Autom\u00e1tica para Combust\u00edvel (15m) \u2013 DS15 \u2013 Bozza"},"content":{"rendered":"<div>Indicado para enrolar mangueira de combust\u00edvel evitando desgaste, a contamina\u00e7\u00e3o da mesma e mantendo o ambiente organizado.<\/div>\n<div><\/div>\n<div><strong>Caracter\u00edsticas<\/strong><\/div>\n<div><\/div>\n<div>| Carretel com retra\u00e7\u00e3o autom\u00e1tica para combust\u00edvel<\/div>\n<div>| Mangueira de 1\u201d com 15 m<\/div>\n<div>| Largura x Altura: 555 mm\/21,8\u201d x 615 mm\/24,2\u201d<\/div>\n<div>| Peso l\u00edquido: 49,2 kg\/108,5 lb | Peso Bruto: 52,1 kg\/114,8 lb<\/div>\n<div>| Total de caixas: 1 | C=670 mm x L=340 mm x A=690 mm<\/div>\n<div><\/div>\n<div><strong>Dados T\u00e9cnicos<\/strong><\/div>\n<div><\/div>\n<div>| Press\u00e3o de Trabalho 300 PSI \/ 21 BAR<\/div>\n<div><\/div>\n<div><strong>Itens Opcionais<\/strong><\/div>\n<div><\/div>\n<div>| Bico de abastecimento (mod. 5222)<\/div>\n<div>| Bico de abastecimento (mod. 5022)<\/div>\n<p><em>Obs.: Todos os carret\u00e9is podem ser instalados no teto, no piso, nas laterais de postos fixos ou m\u00f3veis sem prejudicar seu desempenho.<\/em><\/p>\n","protected":false},"excerpt":{"rendered":"<p>Indicado para enrolar mangueira de combust\u00edvel evitando desgaste, a contamina\u00e7\u00e3o da mesma e mantendo o ambiente organizado. Caracter\u00edsticas | Carretel com retra\u00e7\u00e3o autom\u00e1tica para combust\u00edvel | Mangueira de 1\u201d com 15 m | Largura x Altura: 555 mm\/21,8\u201d x 615 mm\/24,2\u201d | Peso l\u00edquido: 49,2 kg\/108,5 lb | Peso Bruto: 52,1 kg\/114,8 lb | Total [&hellip;]<\/p>\n","protected":false},"featured_media":4435,"comment_status":"open","ping_status":"closed","template":"","meta":{"_exactmetrics_skip_tracking":false,"_exactmetrics_sitenote_active":false,"_exactmetrics_sitenote_note":"","_exactmetrics_sitenote_category":0},"product_brand":[],"product_cat":[100],"product_tag":[],"class_list":{"0":"post-4434","1":"product","2":"type-product","3":"status-publish","4":"has-post-thumbnail","6":"product_cat-carretel-retratil","8":"first","9":"instock","10":"shipping-taxable","11":"product-type-simple"},"_links":{"self":[{"href":"https:\/\/totallubri.com.br\/index.php?rest_route=\/wp\/v2\/product\/4434","targetHints":{"allow":["GET"]}}],"collection":[{"href":"https:\/\/totallubri.com.br\/index.php?rest_route=\/wp\/v2\/product"}],"about":[{"href":"https:\/\/totallubri.com.br\/index.php?rest_route=\/wp\/v2\/types\/product"}],"replies":[{"embeddable":true,"href":"https:\/\/totallubri.com.br\/index.php?rest_route=%2Fwp%2Fv2%2Fcomments&post=4434"}],"wp:featuredmedia":[{"embeddable":true,"href":"https:\/\/totallubri.com.br\/index.php?rest_route=\/wp\/v2\/media\/4435"}],"wp:attachment":[{"href":"https:\/\/totallubri.com.br\/index.php?rest_route=%2Fwp%2Fv2%2Fmedia&parent=4434"}],"wp:term":[{"taxonomy":"product_brand","embeddable":true,"href":"https:\/\/totallubri.com.br\/index.php?rest_route=%2Fwp%2Fv2%2Fproduct_brand&post=4434"},{"taxonomy":"product_cat","embeddable":true,"href":"https:\/\/totallubri.com.br\/index.php?rest_route=%2Fwp%2Fv2%2Fproduct_cat&post=4434"},{"taxonomy":"product_tag","embeddable":true,"href":"https:\/\/totallubri.com.br\/index.php?rest_route=%2Fwp%2Fv2%2Fproduct_tag&post=4434"}],"curies":[{"name":"wp","href":"https:\/\/api.w.org\/{rel}","templated":true}]}}