{"id":4438,"date":"2017-01-10T09:59:13","date_gmt":"2017-01-10T11:59:13","guid":{"rendered":"http:\/\/totallubri.com.br\/?post_type=product&#038;p=4438"},"modified":"2024-12-29T13:45:34","modified_gmt":"2024-12-29T16:45:34","slug":"carretel-manual-com-mangueira-3010-ma15","status":"publish","type":"product","link":"https:\/\/totallubri.com.br\/?product=carretel-manual-com-mangueira-3010-ma15","title":{"rendered":"Carretel Manual com Mangueira &#8211; 3010-MA15 &#8211; Lupus"},"content":{"rendered":"<p>Em a\u00e7o, com base simples e retra\u00e7\u00e3o manual.<br \/>\nMontado com mangueira.<\/p>\n<p>Mangueira<br \/>\n<strong>15 m \/ 1\/2&#8243;NPT<\/strong><br \/>\nPress\u00e3o m\u00e1xima de opera\u00e7\u00e3o 250<strong>\u00a0PSI<br \/>\n<\/strong><\/p>\n<p>Peso <strong>8 kg<\/strong><br \/>\nMedidas<strong> (A) 500 mm x (L) 450 mm<\/strong><\/p>\n","protected":false},"excerpt":{"rendered":"<p>Em a\u00e7o, com base simples e retra\u00e7\u00e3o manual. Montado com mangueira. Mangueira 15 m \/ 1\/2&#8243;NPT Press\u00e3o m\u00e1xima de opera\u00e7\u00e3o 250\u00a0PSI Peso 8 kg Medidas (A) 500 mm x (L) 450 mm<\/p>\n","protected":false},"featured_media":4440,"comment_status":"open","ping_status":"closed","template":"","meta":{"_exactmetrics_skip_tracking":false,"_exactmetrics_sitenote_active":false,"_exactmetrics_sitenote_note":"","_exactmetrics_sitenote_category":0},"product_brand":[],"product_cat":[101],"product_tag":[],"class_list":{"0":"post-4438","1":"product","2":"type-product","3":"status-publish","4":"has-post-thumbnail","6":"product_cat-carreteis-samoa-e-coxreels","8":"first","9":"instock","10":"shipping-taxable","11":"product-type-simple"},"_links":{"self":[{"href":"https:\/\/totallubri.com.br\/index.php?rest_route=\/wp\/v2\/product\/4438","targetHints":{"allow":["GET"]}}],"collection":[{"href":"https:\/\/totallubri.com.br\/index.php?rest_route=\/wp\/v2\/product"}],"about":[{"href":"https:\/\/totallubri.com.br\/index.php?rest_route=\/wp\/v2\/types\/product"}],"replies":[{"embeddable":true,"href":"https:\/\/totallubri.com.br\/index.php?rest_route=%2Fwp%2Fv2%2Fcomments&post=4438"}],"wp:featuredmedia":[{"embeddable":true,"href":"https:\/\/totallubri.com.br\/index.php?rest_route=\/wp\/v2\/media\/4440"}],"wp:attachment":[{"href":"https:\/\/totallubri.com.br\/index.php?rest_route=%2Fwp%2Fv2%2Fmedia&parent=4438"}],"wp:term":[{"taxonomy":"product_brand","embeddable":true,"href":"https:\/\/totallubri.com.br\/index.php?rest_route=%2Fwp%2Fv2%2Fproduct_brand&post=4438"},{"taxonomy":"product_cat","embeddable":true,"href":"https:\/\/totallubri.com.br\/index.php?rest_route=%2Fwp%2Fv2%2Fproduct_cat&post=4438"},{"taxonomy":"product_tag","embeddable":true,"href":"https:\/\/totallubri.com.br\/index.php?rest_route=%2Fwp%2Fv2%2Fproduct_tag&post=4438"}],"curies":[{"name":"wp","href":"https:\/\/api.w.org\/{rel}","templated":true}]}}