{"id":4445,"date":"2017-01-10T10:10:35","date_gmt":"2017-01-10T12:10:35","guid":{"rendered":"http:\/\/totallubri.com.br\/?post_type=product&#038;p=4445"},"modified":"2024-11-25T16:32:18","modified_gmt":"2024-11-25T19:32:18","slug":"carretel-automatico-3023-samoa-2","status":"publish","type":"product","link":"https:\/\/totallubri.com.br\/?product=carretel-automatico-3023-samoa-2","title":{"rendered":"Carretel Autom\u00e1tico \u2013 3023 \u2013 Samoa"},"content":{"rendered":"<p><span style=\"color: #000000;\">Em alum\u00ednio e ABS, com base simples <\/span><span style=\"color: #000000;\">e retra\u00e7\u00e3o autom\u00e1tica com rolamentos.<\/span><\/p>\n<p>Sem mangueira.<\/p>\n<p>Capacidade . 15 m \/ 1\/2&#8243; NPT<\/p>\n<p>Press\u00e3o m\u00e1xima de opera\u00e7\u00e3o 1.100 PSI<\/p>\n<p>Peso: 12,1 Kg<\/p>\n<p>Medidas: (A) 500 mm x (L) 500 mm<\/p>\n","protected":false},"excerpt":{"rendered":"<p>Em alum\u00ednio e ABS, com base simples e retra\u00e7\u00e3o autom\u00e1tica com rolamentos. Sem mangueira. Capacidade . 15 m \/ 1\/2&#8243; NPT Press\u00e3o m\u00e1xima de opera\u00e7\u00e3o 1.100 PSI Peso: 12,1 Kg Medidas: (A) 500 mm x (L) 500 mm<\/p>\n","protected":false},"featured_media":4446,"comment_status":"open","ping_status":"closed","template":"","meta":{"_exactmetrics_skip_tracking":false,"_exactmetrics_sitenote_active":false,"_exactmetrics_sitenote_note":"","_exactmetrics_sitenote_category":0},"product_brand":[],"product_cat":[101],"product_tag":[],"class_list":{"0":"post-4445","1":"product","2":"type-product","3":"status-publish","4":"has-post-thumbnail","6":"product_cat-carreteis-samoa-e-coxreels","8":"first","9":"instock","10":"shipping-taxable","11":"product-type-simple"},"_links":{"self":[{"href":"https:\/\/totallubri.com.br\/index.php?rest_route=\/wp\/v2\/product\/4445","targetHints":{"allow":["GET"]}}],"collection":[{"href":"https:\/\/totallubri.com.br\/index.php?rest_route=\/wp\/v2\/product"}],"about":[{"href":"https:\/\/totallubri.com.br\/index.php?rest_route=\/wp\/v2\/types\/product"}],"replies":[{"embeddable":true,"href":"https:\/\/totallubri.com.br\/index.php?rest_route=%2Fwp%2Fv2%2Fcomments&post=4445"}],"wp:featuredmedia":[{"embeddable":true,"href":"https:\/\/totallubri.com.br\/index.php?rest_route=\/wp\/v2\/media\/4446"}],"wp:attachment":[{"href":"https:\/\/totallubri.com.br\/index.php?rest_route=%2Fwp%2Fv2%2Fmedia&parent=4445"}],"wp:term":[{"taxonomy":"product_brand","embeddable":true,"href":"https:\/\/totallubri.com.br\/index.php?rest_route=%2Fwp%2Fv2%2Fproduct_brand&post=4445"},{"taxonomy":"product_cat","embeddable":true,"href":"https:\/\/totallubri.com.br\/index.php?rest_route=%2Fwp%2Fv2%2Fproduct_cat&post=4445"},{"taxonomy":"product_tag","embeddable":true,"href":"https:\/\/totallubri.com.br\/index.php?rest_route=%2Fwp%2Fv2%2Fproduct_tag&post=4445"}],"curies":[{"name":"wp","href":"https:\/\/api.w.org\/{rel}","templated":true}]}}