{"id":4458,"date":"2017-01-10T10:25:59","date_gmt":"2017-01-10T12:25:59","guid":{"rendered":"http:\/\/totallubri.com.br\/?post_type=product&#038;p=4458"},"modified":"2024-11-22T10:35:01","modified_gmt":"2024-11-22T13:35:01","slug":"bomba-manual-para-oleo-7022-pp-bozza","status":"publish","type":"product","link":"https:\/\/totallubri.com.br\/?product=bomba-manual-para-oleo-7022-pp-bozza","title":{"rendered":"Bomba manual para \u00f3leo \u2013 7022-PP \u2013 Bozza"},"content":{"rendered":"<p>Adapt\u00e1vel em tambores de 50 a 200 L.\u00a0Vaz\u00e3o livre 16 L\/min.<\/p>\n<p>Indicada para transfer\u00eancia de \u00f3leo e fluidos de tambores de 50 a 200 litros.<\/p>\n<p><strong>Caracter\u00edsticas<\/strong><\/p>\n<div>| Bomba manual com veda\u00e7\u00e3o em viton<\/div>\n<div>| Tubo telesc\u00f3pico<\/div>\n<div>| Adapt\u00e1vel em tambores de 50 a 200 L<\/div>\n<div>| Para transfer\u00eancia de \u00f3leo lubrificante, \u00e1gua, diesel, biodiesel, querosene, \u00e1cido fraco e alkalina fraca<\/div>\n<div>| Largura x Altura: 540 mm\/21,2\u201d x 1.440 mm\/56,7\u201d<\/div>\n<div>| Peso l\u00edquido: 0,800 kg\/1,76 lb | Peso Bruto: 1,31 kg\/2,9 lb<\/div>\n<div><\/div>\n<div>\n<div><strong>Dados T\u00e9cnicos<\/strong><\/div>\n<div>| Vaz\u00e3o livre 16 L\/min<\/div>\n<\/div>\n<p>&nbsp;<\/p>\n","protected":false},"excerpt":{"rendered":"<p>Adapt\u00e1vel em tambores de 50 a 200 L.\u00a0Vaz\u00e3o livre 16 L\/min. Indicada para transfer\u00eancia de \u00f3leo e fluidos de tambores de 50 a 200 litros. Caracter\u00edsticas | Bomba manual com veda\u00e7\u00e3o em viton | Tubo telesc\u00f3pico | Adapt\u00e1vel em tambores de 50 a 200 L | Para transfer\u00eancia de \u00f3leo lubrificante, \u00e1gua, diesel, biodiesel, querosene, [&hellip;]<\/p>\n","protected":false},"featured_media":4459,"comment_status":"open","ping_status":"closed","template":"","meta":{"_exactmetrics_skip_tracking":false,"_exactmetrics_sitenote_active":false,"_exactmetrics_sitenote_note":"","_exactmetrics_sitenote_category":0},"product_brand":[],"product_cat":[99],"product_tag":[],"class_list":{"0":"post-4458","1":"product","2":"type-product","3":"status-publish","4":"has-post-thumbnail","6":"product_cat-bomba-manual-para-liquidos","8":"first","9":"instock","10":"shipping-taxable","11":"product-type-simple"},"_links":{"self":[{"href":"https:\/\/totallubri.com.br\/index.php?rest_route=\/wp\/v2\/product\/4458","targetHints":{"allow":["GET"]}}],"collection":[{"href":"https:\/\/totallubri.com.br\/index.php?rest_route=\/wp\/v2\/product"}],"about":[{"href":"https:\/\/totallubri.com.br\/index.php?rest_route=\/wp\/v2\/types\/product"}],"replies":[{"embeddable":true,"href":"https:\/\/totallubri.com.br\/index.php?rest_route=%2Fwp%2Fv2%2Fcomments&post=4458"}],"wp:featuredmedia":[{"embeddable":true,"href":"https:\/\/totallubri.com.br\/index.php?rest_route=\/wp\/v2\/media\/4459"}],"wp:attachment":[{"href":"https:\/\/totallubri.com.br\/index.php?rest_route=%2Fwp%2Fv2%2Fmedia&parent=4458"}],"wp:term":[{"taxonomy":"product_brand","embeddable":true,"href":"https:\/\/totallubri.com.br\/index.php?rest_route=%2Fwp%2Fv2%2Fproduct_brand&post=4458"},{"taxonomy":"product_cat","embeddable":true,"href":"https:\/\/totallubri.com.br\/index.php?rest_route=%2Fwp%2Fv2%2Fproduct_cat&post=4458"},{"taxonomy":"product_tag","embeddable":true,"href":"https:\/\/totallubri.com.br\/index.php?rest_route=%2Fwp%2Fv2%2Fproduct_tag&post=4458"}],"curies":[{"name":"wp","href":"https:\/\/api.w.org\/{rel}","templated":true}]}}