{"id":4513,"date":"2017-01-10T11:04:22","date_gmt":"2017-01-10T13:04:22","guid":{"rendered":"http:\/\/totallubri.com.br\/?post_type=product&#038;p=4513"},"modified":"2024-11-25T12:39:51","modified_gmt":"2024-11-25T15:39:51","slug":"carretel-blindado-para-oleo-mangueiras-15m-snake-bd-ol15-bozza","status":"publish","type":"product","link":"https:\/\/totallubri.com.br\/?product=carretel-blindado-para-oleo-mangueiras-15m-snake-bd-ol15-bozza","title":{"rendered":"Carretel Blindado para \u00f3leo + mangueiras 15m &#8211; SNAKE-BD-OL15 &#8211; Bozza"},"content":{"rendered":"<p>Carretel com retra\u00e7\u00e3o autom\u00e1tica blindado para \u00f3leo + mangueira de 15m +\u00a0Press\u00e3o de Trabalho 2,000 PSI \/ 138 BAR.<\/p>\n<div>Indicado para enrolar e acondicionar mangueira de \u00f3leo evitando desgaste, a contamina\u00e7\u00e3o da mesma e mantendo o ambiente organizado.<\/div>\n<div><\/div>\n<div>\n<div><strong>Caracter\u00edsticas<\/strong><\/div>\n<div>| Carretel com retra\u00e7\u00e3o autom\u00e1tica blindado para \u00f3leo<\/div>\n<div>| Mangueira de \u00bd\u201d com 15 m<\/div>\n<div>| Largura x Altura: 510 mm\/20,1\u201d x 510 mm\/20,1\u201d<\/div>\n<div>| Peso l\u00edquido: 32,4 kg\/71,4 lb | Peso Bruto: 34,3 kg\/75,5 lb<\/div>\n<div>| Total de caixas: 1 | C=630 mm x L=630 mm x A=360 mm<\/div>\n<div><\/div>\n<div>\n<div><strong>Dados T\u00e9cnicos<\/strong><\/div>\n<div>| Press\u00e3o de Trabalho 2,000 PSI \/ 138 BAR<\/div>\n<div><\/div>\n<div><strong>Itens Opcionais<\/strong><\/div>\n<div>| V\u00e1lvula controle de \u00f3leo (mod. 5031-NEW)<\/div>\n<div>| Medidor digital (mod. B-900)<\/div>\n<div>| Medidor presset\u00e1vel (mod. BP-3000C)<\/div>\n<\/div>\n<\/div>\n","protected":false},"excerpt":{"rendered":"<p>Carretel com retra\u00e7\u00e3o autom\u00e1tica blindado para \u00f3leo + mangueira de 15m +\u00a0Press\u00e3o de Trabalho 2,000 PSI \/ 138 BAR. Indicado para enrolar e acondicionar mangueira de \u00f3leo evitando desgaste, a contamina\u00e7\u00e3o da mesma e mantendo o ambiente organizado. Caracter\u00edsticas | Carretel com retra\u00e7\u00e3o autom\u00e1tica blindado para \u00f3leo | Mangueira de \u00bd\u201d com 15 m | [&hellip;]<\/p>\n","protected":false},"featured_media":4514,"comment_status":"open","ping_status":"closed","template":"","meta":{"_exactmetrics_skip_tracking":false,"_exactmetrics_sitenote_active":false,"_exactmetrics_sitenote_note":"","_exactmetrics_sitenote_category":0},"product_brand":[],"product_cat":[100],"product_tag":[],"class_list":{"0":"post-4513","1":"product","2":"type-product","3":"status-publish","4":"has-post-thumbnail","6":"product_cat-carretel-retratil","8":"first","9":"instock","10":"shipping-taxable","11":"product-type-simple"},"_links":{"self":[{"href":"https:\/\/totallubri.com.br\/index.php?rest_route=\/wp\/v2\/product\/4513","targetHints":{"allow":["GET"]}}],"collection":[{"href":"https:\/\/totallubri.com.br\/index.php?rest_route=\/wp\/v2\/product"}],"about":[{"href":"https:\/\/totallubri.com.br\/index.php?rest_route=\/wp\/v2\/types\/product"}],"replies":[{"embeddable":true,"href":"https:\/\/totallubri.com.br\/index.php?rest_route=%2Fwp%2Fv2%2Fcomments&post=4513"}],"wp:featuredmedia":[{"embeddable":true,"href":"https:\/\/totallubri.com.br\/index.php?rest_route=\/wp\/v2\/media\/4514"}],"wp:attachment":[{"href":"https:\/\/totallubri.com.br\/index.php?rest_route=%2Fwp%2Fv2%2Fmedia&parent=4513"}],"wp:term":[{"taxonomy":"product_brand","embeddable":true,"href":"https:\/\/totallubri.com.br\/index.php?rest_route=%2Fwp%2Fv2%2Fproduct_brand&post=4513"},{"taxonomy":"product_cat","embeddable":true,"href":"https:\/\/totallubri.com.br\/index.php?rest_route=%2Fwp%2Fv2%2Fproduct_cat&post=4513"},{"taxonomy":"product_tag","embeddable":true,"href":"https:\/\/totallubri.com.br\/index.php?rest_route=%2Fwp%2Fv2%2Fproduct_tag&post=4513"}],"curies":[{"name":"wp","href":"https:\/\/api.w.org\/{rel}","templated":true}]}}