{"id":4529,"date":"2017-01-10T11:17:07","date_gmt":"2017-01-10T13:17:07","guid":{"rendered":"http:\/\/totallubri.com.br\/?post_type=product&#038;p=4529"},"modified":"2024-11-29T10:48:23","modified_gmt":"2024-11-29T13:48:23","slug":"coletor-de-oleo-68-litros-6022-bozza","status":"publish","type":"product","link":"https:\/\/totallubri.com.br\/?product=coletor-de-oleo-68-litros-6022-bozza","title":{"rendered":"Coletor de \u00d3leo 68 litros &#8211; 6022 &#8211; Bozza"},"content":{"rendered":"<div>Coletar \u00f3leo lubrificante usado, retirados de ve\u00edculos automotivos pesados e reservat\u00f3rios em geral.<\/div>\n<div><\/div>\n<div><strong>Caracter\u00edsticas<\/strong><\/div>\n<div><\/div>\n<div>| Tela de filtragem | Largura x Altura: 700 mm\/27,5\u201d x 430 mm\/16,9\u201d<\/div>\n<div>| Peso l\u00edquido: 15,2 kg\/33,5 lb | Peso Bruto: 17,3 kg\/38,1 lb<\/div>\n<div>| Total de caixas: 1 | C=840 mm x L=590 mm x A=350 mm<\/div>\n<div><\/div>\n<div><strong>Dados T\u00e9cnicos<\/strong><\/div>\n<div><\/div>\n<div>| Reservat\u00f3rio 68 L (m\u00f3vel com 4 rodas)<\/div>\n","protected":false},"excerpt":{"rendered":"<p>Coletar \u00f3leo lubrificante usado, retirados de ve\u00edculos automotivos pesados e reservat\u00f3rios em geral. Caracter\u00edsticas | Tela de filtragem | Largura x Altura: 700 mm\/27,5\u201d x 430 mm\/16,9\u201d | Peso l\u00edquido: 15,2 kg\/33,5 lb | Peso Bruto: 17,3 kg\/38,1 lb | Total de caixas: 1 | C=840 mm x L=590 mm x A=350 mm Dados T\u00e9cnicos [&hellip;]<\/p>\n","protected":false},"featured_media":4530,"comment_status":"open","ping_status":"closed","template":"","meta":{"_exactmetrics_skip_tracking":false,"_exactmetrics_sitenote_active":false,"_exactmetrics_sitenote_note":"","_exactmetrics_sitenote_category":0},"product_brand":[],"product_cat":[107],"product_tag":[],"class_list":{"0":"post-4529","1":"product","2":"type-product","3":"status-publish","4":"has-post-thumbnail","6":"product_cat-equipamentos-para-troca-de-oleo","8":"first","9":"instock","10":"shipping-taxable","11":"product-type-simple"},"_links":{"self":[{"href":"https:\/\/totallubri.com.br\/index.php?rest_route=\/wp\/v2\/product\/4529","targetHints":{"allow":["GET"]}}],"collection":[{"href":"https:\/\/totallubri.com.br\/index.php?rest_route=\/wp\/v2\/product"}],"about":[{"href":"https:\/\/totallubri.com.br\/index.php?rest_route=\/wp\/v2\/types\/product"}],"replies":[{"embeddable":true,"href":"https:\/\/totallubri.com.br\/index.php?rest_route=%2Fwp%2Fv2%2Fcomments&post=4529"}],"wp:featuredmedia":[{"embeddable":true,"href":"https:\/\/totallubri.com.br\/index.php?rest_route=\/wp\/v2\/media\/4530"}],"wp:attachment":[{"href":"https:\/\/totallubri.com.br\/index.php?rest_route=%2Fwp%2Fv2%2Fmedia&parent=4529"}],"wp:term":[{"taxonomy":"product_brand","embeddable":true,"href":"https:\/\/totallubri.com.br\/index.php?rest_route=%2Fwp%2Fv2%2Fproduct_brand&post=4529"},{"taxonomy":"product_cat","embeddable":true,"href":"https:\/\/totallubri.com.br\/index.php?rest_route=%2Fwp%2Fv2%2Fproduct_cat&post=4529"},{"taxonomy":"product_tag","embeddable":true,"href":"https:\/\/totallubri.com.br\/index.php?rest_route=%2Fwp%2Fv2%2Fproduct_tag&post=4529"}],"curies":[{"name":"wp","href":"https:\/\/api.w.org\/{rel}","templated":true}]}}