{"id":4651,"date":"2017-01-10T13:28:41","date_gmt":"2017-01-10T15:28:41","guid":{"rendered":"http:\/\/totallubri.com.br\/?post_type=product&#038;p=4651"},"modified":"2024-12-03T17:21:37","modified_gmt":"2024-12-03T20:21:37","slug":"kit-de-abastecimento-12-volts-fox-12volts-bozza","status":"publish","type":"product","link":"https:\/\/totallubri.com.br\/?product=kit-de-abastecimento-12-volts-fox-12volts-bozza","title":{"rendered":"Kit de Abastecimento 12 Volts &#8211; Fox-12Volts &#8211; Bozza"},"content":{"rendered":"<p>Kit de Abastecimento. Bomba a bateria. Vaz\u00e3o de 40 litros\/min. Voltagem 12 Volts. Press\u00e3o m\u00e1xima de 17 PSI.<\/p>\n<p>Kit para abastecimento ou transfer\u00eancia de \u00f3leo diesel por meio de motor el\u00e9trico port\u00e1til de 12V.<\/p>\n<p>&nbsp;<\/p>\n<div><strong>Caracter\u00edsticas<\/strong><\/div>\n<div>| Bomba el\u00e9trica de abastecimento (bateria 12Volts)<\/div>\n<div>| Mangueira de \u00be\u201d com 4 m<\/div>\n<div>| Bico de abastecimento \u00be\u201d<\/div>\n<div>| V\u00e1lvula by pass<\/div>\n<div>| Largura x Altura: 125 mm\/4,9\u201d x 175 mm\/6,9\u201d<\/div>\n<div>| Peso l\u00edquido: 7,5 kg\/16,5 lb | Peso Bruto: 8,2 kg\/18 lb<\/div>\n<div>| Embalagem sob consulta<\/div>\n<div><\/div>\n<div>\n<div><strong>Dados T\u00e9cnicos<\/strong><\/div>\n<div>| Vaz\u00e3o 40 L\/min<\/div>\n<div>| Voltagem 12V<\/div>\n<div>| Corrente 25A<\/div>\n<div>| Ciclo de trabalho 30 min<\/div>\n<div>| Press\u00e3o de Trabalho 17 PSI\/1,2 BAR<\/div>\n<div>| Entrada \u00be\u201d NPT<\/div>\n<div>| Sa\u00edda \u00be\u201d NPT<\/div>\n<div>| Temperatura de trabalho 20\u00b0C a 60\u00b0C<\/div>\n<div><\/div>\n<div><strong>Itens Opcionais<\/strong><\/div>\n<div>| Medidor mec\u00e2nico (mod. BZ-6000)<\/div>\n<div>| Bico de abastecimento autom\u00e1tico de \u00be\u201d (mod. 5522)<\/div>\n<\/div>\n<p><em>Obs.: Somente para utiliza\u00e7\u00e3o com \u00f3leo diesel.<\/em><\/p>\n","protected":false},"excerpt":{"rendered":"<p>Kit de Abastecimento. Bomba a bateria. Vaz\u00e3o de 40 litros\/min. Voltagem 12 Volts. Press\u00e3o m\u00e1xima de 17 PSI. Kit para abastecimento ou transfer\u00eancia de \u00f3leo diesel por meio de motor el\u00e9trico port\u00e1til de 12V. &nbsp; Caracter\u00edsticas | Bomba el\u00e9trica de abastecimento (bateria 12Volts) | Mangueira de \u00be\u201d com 4 m | Bico de abastecimento \u00be\u201d [&hellip;]<\/p>\n","protected":false},"featured_media":4650,"comment_status":"open","ping_status":"closed","template":"","meta":{"_exactmetrics_skip_tracking":false,"_exactmetrics_sitenote_active":false,"_exactmetrics_sitenote_note":"","_exactmetrics_sitenote_category":0},"product_brand":[],"product_cat":[114],"product_tag":[],"class_list":{"0":"post-4651","1":"product","2":"type-product","3":"status-publish","4":"has-post-thumbnail","6":"product_cat-solucoes-para-abastecimento","8":"first","9":"instock","10":"shipping-taxable","11":"product-type-simple"},"_links":{"self":[{"href":"https:\/\/totallubri.com.br\/index.php?rest_route=\/wp\/v2\/product\/4651","targetHints":{"allow":["GET"]}}],"collection":[{"href":"https:\/\/totallubri.com.br\/index.php?rest_route=\/wp\/v2\/product"}],"about":[{"href":"https:\/\/totallubri.com.br\/index.php?rest_route=\/wp\/v2\/types\/product"}],"replies":[{"embeddable":true,"href":"https:\/\/totallubri.com.br\/index.php?rest_route=%2Fwp%2Fv2%2Fcomments&post=4651"}],"wp:featuredmedia":[{"embeddable":true,"href":"https:\/\/totallubri.com.br\/index.php?rest_route=\/wp\/v2\/media\/4650"}],"wp:attachment":[{"href":"https:\/\/totallubri.com.br\/index.php?rest_route=%2Fwp%2Fv2%2Fmedia&parent=4651"}],"wp:term":[{"taxonomy":"product_brand","embeddable":true,"href":"https:\/\/totallubri.com.br\/index.php?rest_route=%2Fwp%2Fv2%2Fproduct_brand&post=4651"},{"taxonomy":"product_cat","embeddable":true,"href":"https:\/\/totallubri.com.br\/index.php?rest_route=%2Fwp%2Fv2%2Fproduct_cat&post=4651"},{"taxonomy":"product_tag","embeddable":true,"href":"https:\/\/totallubri.com.br\/index.php?rest_route=%2Fwp%2Fv2%2Fproduct_tag&post=4651"}],"curies":[{"name":"wp","href":"https:\/\/api.w.org\/{rel}","templated":true}]}}