{"id":4659,"date":"2017-01-10T13:33:58","date_gmt":"2017-01-10T15:33:58","guid":{"rendered":"http:\/\/totallubri.com.br\/?post_type=product&#038;p=4659"},"modified":"2024-11-29T11:34:39","modified_gmt":"2024-11-29T14:34:39","slug":"aferidor-de-combustivel-de-20-litros-1515-bozza","status":"publish","type":"product","link":"https:\/\/totallubri.com.br\/?product=aferidor-de-combustivel-de-20-litros-1515-bozza","title":{"rendered":"Aferidor de Combust\u00edvel de 20 litros &#8211; 1515 &#8211; Bozza"},"content":{"rendered":"<p>Aferidor de Combust\u00edvel. Designado \u00e0 medida de capacidade para verifica\u00e7\u00e3o de bombas medidoras de combust\u00edveis l\u00edquidos. Aprovado pela portaria Inmetro \/ Dimel n\u00ba 046\/2001 de 13\/03\/2001.<\/p>\n<div>Aferir a quantidade em litros de medidores, reservat\u00f3rios e bombas de combust\u00edveis em postos de servi\u00e7os e similares.<\/div>\n<div><\/div>\n<div><strong>Caracter\u00edsticas<\/strong><\/div>\n<div><\/div>\n<div>| Aprovado pelo Inmetro\/Dimel n\u00ba 046\/2001 de 13\/03\/2001<\/div>\n<div>| Largura x Altura: 340 mm\/13,4\u201d x 645 mm\/25,4\u201d<\/div>\n<div>| Peso l\u00edquido: 6,6 kg\/14,5 lb | Peso Bruto: 7,8 kg\/17,3 lb<\/div>\n<div>| Total de caixas: 1 | C=440 mm x L=280 mm x A=760 mm<\/div>\n<div><\/div>\n<div>\n<div><strong>Dados T\u00e9cnicos<\/strong><\/div>\n<div><\/div>\n<div>| Reservat\u00f3rio 20 L<\/div>\n<\/div>\n<div><b><span style=\"font-family: HelveticaNeue-Bold;\">*OBS: Outras capacidades sob consulta.\u00a0<\/span><\/b><\/div>\n","protected":false},"excerpt":{"rendered":"<p>Aferidor de Combust\u00edvel. Designado \u00e0 medida de capacidade para verifica\u00e7\u00e3o de bombas medidoras de combust\u00edveis l\u00edquidos. Aprovado pela portaria Inmetro \/ Dimel n\u00ba 046\/2001 de 13\/03\/2001. Aferir a quantidade em litros de medidores, reservat\u00f3rios e bombas de combust\u00edveis em postos de servi\u00e7os e similares. Caracter\u00edsticas | Aprovado pelo Inmetro\/Dimel n\u00ba 046\/2001 de 13\/03\/2001 | Largura [&hellip;]<\/p>\n","protected":false},"featured_media":4662,"comment_status":"open","ping_status":"closed","template":"","meta":{"_exactmetrics_skip_tracking":false,"_exactmetrics_sitenote_active":false,"_exactmetrics_sitenote_note":"","_exactmetrics_sitenote_category":0},"product_brand":[],"product_cat":[107],"product_tag":[],"class_list":{"0":"post-4659","1":"product","2":"type-product","3":"status-publish","4":"has-post-thumbnail","6":"product_cat-equipamentos-para-troca-de-oleo","8":"first","9":"instock","10":"shipping-taxable","11":"product-type-simple"},"_links":{"self":[{"href":"https:\/\/totallubri.com.br\/index.php?rest_route=\/wp\/v2\/product\/4659","targetHints":{"allow":["GET"]}}],"collection":[{"href":"https:\/\/totallubri.com.br\/index.php?rest_route=\/wp\/v2\/product"}],"about":[{"href":"https:\/\/totallubri.com.br\/index.php?rest_route=\/wp\/v2\/types\/product"}],"replies":[{"embeddable":true,"href":"https:\/\/totallubri.com.br\/index.php?rest_route=%2Fwp%2Fv2%2Fcomments&post=4659"}],"wp:featuredmedia":[{"embeddable":true,"href":"https:\/\/totallubri.com.br\/index.php?rest_route=\/wp\/v2\/media\/4662"}],"wp:attachment":[{"href":"https:\/\/totallubri.com.br\/index.php?rest_route=%2Fwp%2Fv2%2Fmedia&parent=4659"}],"wp:term":[{"taxonomy":"product_brand","embeddable":true,"href":"https:\/\/totallubri.com.br\/index.php?rest_route=%2Fwp%2Fv2%2Fproduct_brand&post=4659"},{"taxonomy":"product_cat","embeddable":true,"href":"https:\/\/totallubri.com.br\/index.php?rest_route=%2Fwp%2Fv2%2Fproduct_cat&post=4659"},{"taxonomy":"product_tag","embeddable":true,"href":"https:\/\/totallubri.com.br\/index.php?rest_route=%2Fwp%2Fv2%2Fproduct_tag&post=4659"}],"curies":[{"name":"wp","href":"https:\/\/api.w.org\/{rel}","templated":true}]}}