{"id":4817,"date":"2017-01-10T15:32:28","date_gmt":"2017-01-10T17:32:28","guid":{"rendered":"http:\/\/totallubri.com.br\/?post_type=product&#038;p=4817"},"modified":"2024-12-20T16:27:41","modified_gmt":"2024-12-20T19:27:41","slug":"concector-para-reservatorio-9921-piusi","status":"publish","type":"product","link":"https:\/\/totallubri.com.br\/?product=concector-para-reservatorio-9921-piusi","title":{"rendered":"CONCECTOR PARA RESERVAT\u00d3RIO &#8211; 9921 &#8211; Piusi"},"content":{"rendered":"<p>Em polipropileno, com adaptador.<\/p>\n<p>Adaptador (rosca) <strong>2&#8242;<\/strong><br \/>\nMangueira <strong>30 cm\/ 3\/4&#8242;<\/strong><br \/>\n<strong>tramada com v\u00e1lvula de reten\u00e7\u00e3o<br \/>\n<\/strong><br \/>\nPeso <strong>450g<\/strong><\/p>\n","protected":false},"excerpt":{"rendered":"<p>Em polipropileno, com adaptador. Adaptador (rosca) 2&#8242; Mangueira 30 cm\/ 3\/4&#8242; tramada com v\u00e1lvula de reten\u00e7\u00e3o Peso 450g<\/p>\n","protected":false},"featured_media":4818,"comment_status":"open","ping_status":"closed","template":"","meta":{"_exactmetrics_skip_tracking":false,"_exactmetrics_sitenote_active":false,"_exactmetrics_sitenote_note":"","_exactmetrics_sitenote_category":0},"product_brand":[],"product_cat":[105],"product_tag":[],"class_list":{"0":"post-4817","1":"product","2":"type-product","3":"status-publish","4":"has-post-thumbnail","6":"product_cat-acessorios-para-ibc","8":"first","9":"instock","10":"shipping-taxable","11":"product-type-simple"},"_links":{"self":[{"href":"https:\/\/totallubri.com.br\/index.php?rest_route=\/wp\/v2\/product\/4817","targetHints":{"allow":["GET"]}}],"collection":[{"href":"https:\/\/totallubri.com.br\/index.php?rest_route=\/wp\/v2\/product"}],"about":[{"href":"https:\/\/totallubri.com.br\/index.php?rest_route=\/wp\/v2\/types\/product"}],"replies":[{"embeddable":true,"href":"https:\/\/totallubri.com.br\/index.php?rest_route=%2Fwp%2Fv2%2Fcomments&post=4817"}],"wp:featuredmedia":[{"embeddable":true,"href":"https:\/\/totallubri.com.br\/index.php?rest_route=\/wp\/v2\/media\/4818"}],"wp:attachment":[{"href":"https:\/\/totallubri.com.br\/index.php?rest_route=%2Fwp%2Fv2%2Fmedia&parent=4817"}],"wp:term":[{"taxonomy":"product_brand","embeddable":true,"href":"https:\/\/totallubri.com.br\/index.php?rest_route=%2Fwp%2Fv2%2Fproduct_brand&post=4817"},{"taxonomy":"product_cat","embeddable":true,"href":"https:\/\/totallubri.com.br\/index.php?rest_route=%2Fwp%2Fv2%2Fproduct_cat&post=4817"},{"taxonomy":"product_tag","embeddable":true,"href":"https:\/\/totallubri.com.br\/index.php?rest_route=%2Fwp%2Fv2%2Fproduct_tag&post=4817"}],"curies":[{"name":"wp","href":"https:\/\/api.w.org\/{rel}","templated":true}]}}