{"id":4849,"date":"2017-01-10T16:04:56","date_gmt":"2017-01-10T18:04:56","guid":{"rendered":"http:\/\/totallubri.com.br\/?post_type=product&#038;p=4849"},"modified":"2024-12-05T16:33:12","modified_gmt":"2024-12-05T19:33:12","slug":"propulsora-pneumatica-9050-samoa","status":"publish","type":"product","link":"https:\/\/totallubri.com.br\/?product=propulsora-pneumatica-9050-samoa","title":{"rendered":"Propulsora Pneum\u00e1tica \u2013 9050 \u2013 Samoa"},"content":{"rendered":"<p>Em alum\u00ednio e a\u00e7o inox, adapt\u00e1vel\u00a0a tambores de 200 L, com conjunto preparador de ar.<br \/>\nPara produtos corrosivos,\u00a0solventes, detergentes e produtos petroqu\u00edmicos.<\/p>\n<p>Vaz\u00e3o livre\u00a0<strong>40 L\/min (com \u00e1gua 7 bar na entrada)<\/strong><br \/>\nRateio <strong>1\/1<br \/>\n<\/strong>Entrada de ar <strong>1\/4&#8243; BSP<\/strong><br \/>\nPress\u00e3o de entrada de ar <strong>40 a 100 PSI<\/strong><br \/>\nConsumo de ar<strong> 5,5 pes\u00b3\/min<br \/>\n(7 bar na entrada vaz\u00e3o livre)<\/strong><br \/>\nConjunto preparador de ar <strong>2050-K<\/strong><br \/>\nSa\u00edda de flu\u00eddo <strong>3\/4&#8243; BSP<\/strong><br \/>\nPress\u00e3o de sa\u00edda de flu\u00eddo <strong>40 a 140 PSI<\/strong><br \/>\nN\u00edvel de ru\u00eddo\u00a0<strong>86 dB<\/strong><\/p>\n<p>Peso <strong>5,6 kg<\/strong><br \/>\nMedidas <strong>(A)\u00a01350 mm x (L)\u00a098 mm<\/strong><\/p>\n","protected":false},"excerpt":{"rendered":"<p>Em alum\u00ednio e a\u00e7o inox, adapt\u00e1vel\u00a0a tambores de 200 L, com conjunto preparador de ar. Para produtos corrosivos,\u00a0solventes, detergentes e produtos petroqu\u00edmicos. Vaz\u00e3o livre\u00a040 L\/min (com \u00e1gua 7 bar na entrada) Rateio 1\/1 Entrada de ar 1\/4&#8243; BSP Press\u00e3o de entrada de ar 40 a 100 PSI Consumo de ar 5,5 pes\u00b3\/min (7 bar na [&hellip;]<\/p>\n","protected":false},"featured_media":4851,"comment_status":"open","ping_status":"closed","template":"","meta":{"_exactmetrics_skip_tracking":false,"_exactmetrics_sitenote_active":false,"_exactmetrics_sitenote_note":"","_exactmetrics_sitenote_category":0},"product_brand":[],"product_cat":[112],"product_tag":[],"class_list":{"0":"post-4849","1":"product","2":"type-product","3":"status-publish","4":"has-post-thumbnail","6":"product_cat-propulsoras-especiais-e-alta-vazao-suportes-e-acessorios-para-propulsoras","8":"first","9":"instock","10":"shipping-taxable","11":"product-type-simple"},"_links":{"self":[{"href":"https:\/\/totallubri.com.br\/index.php?rest_route=\/wp\/v2\/product\/4849","targetHints":{"allow":["GET"]}}],"collection":[{"href":"https:\/\/totallubri.com.br\/index.php?rest_route=\/wp\/v2\/product"}],"about":[{"href":"https:\/\/totallubri.com.br\/index.php?rest_route=\/wp\/v2\/types\/product"}],"replies":[{"embeddable":true,"href":"https:\/\/totallubri.com.br\/index.php?rest_route=%2Fwp%2Fv2%2Fcomments&post=4849"}],"wp:featuredmedia":[{"embeddable":true,"href":"https:\/\/totallubri.com.br\/index.php?rest_route=\/wp\/v2\/media\/4851"}],"wp:attachment":[{"href":"https:\/\/totallubri.com.br\/index.php?rest_route=%2Fwp%2Fv2%2Fmedia&parent=4849"}],"wp:term":[{"taxonomy":"product_brand","embeddable":true,"href":"https:\/\/totallubri.com.br\/index.php?rest_route=%2Fwp%2Fv2%2Fproduct_brand&post=4849"},{"taxonomy":"product_cat","embeddable":true,"href":"https:\/\/totallubri.com.br\/index.php?rest_route=%2Fwp%2Fv2%2Fproduct_cat&post=4849"},{"taxonomy":"product_tag","embeddable":true,"href":"https:\/\/totallubri.com.br\/index.php?rest_route=%2Fwp%2Fv2%2Fproduct_tag&post=4849"}],"curies":[{"name":"wp","href":"https:\/\/api.w.org\/{rel}","templated":true}]}}