{"id":4890,"date":"2017-01-10T16:24:33","date_gmt":"2017-01-10T18:24:33","guid":{"rendered":"http:\/\/totallubri.com.br\/?post_type=product&#038;p=4890"},"modified":"2024-12-19T15:13:54","modified_gmt":"2024-12-19T18:13:54","slug":"sistema-de-monitoramento-de-nivel-2100-mo-piusi","status":"publish","type":"product","link":"https:\/\/totallubri.com.br\/?product=sistema-de-monitoramento-de-nivel-2100-mo-piusi","title":{"rendered":"Sistema de Monitoramento de N\u00edvel &#8211; 2100-MO &#8211; Piusi"},"content":{"rendered":"<p>Sistemas de gest\u00e3o cont\u00ednua do n\u00edvel de l\u00edquidos em tanque, usado para flu\u00eddos de baixa viscosidade e \u00f3leo diesel, com tubo de sonda de press\u00e3o est\u00e1tica.<\/p>\n<p>Capacidade de administra\u00e7\u00e3o <strong>01 tanque<br \/>\n<\/strong>Dist\u00e2ncia de monitoramento <strong>50 m<br \/>\n<\/strong>Indica\u00e7\u00e3o de n\u00edvel <strong>L\/ mm\/ %<\/strong><br \/>\nAlimenta\u00e7\u00e3o <strong>220 V<\/strong><br \/>\nPrecis\u00e3o <strong>1%<\/strong><\/p>\n<p>Peso<strong> 2,5 kg<\/strong><br \/>\nMedidas <strong>(A) 130 mm\u00a0 x (L) 180 mm<br \/>\n<\/strong><br \/>\nOBS: Entrega T\u00e9cnica sob consulta do Dep. Comercial Lupus<\/p>\n","protected":false},"excerpt":{"rendered":"<p>Sistemas de gest\u00e3o cont\u00ednua do n\u00edvel de l\u00edquidos em tanque, usado para flu\u00eddos de baixa viscosidade e \u00f3leo diesel, com tubo de sonda de press\u00e3o est\u00e1tica. Capacidade de administra\u00e7\u00e3o 01 tanque Dist\u00e2ncia de monitoramento 50 m Indica\u00e7\u00e3o de n\u00edvel L\/ mm\/ % Alimenta\u00e7\u00e3o 220 V Precis\u00e3o 1% Peso 2,5 kg Medidas (A) 130 mm\u00a0 x [&hellip;]<\/p>\n","protected":false},"featured_media":4891,"comment_status":"open","ping_status":"closed","template":"","meta":{"_exactmetrics_skip_tracking":false,"_exactmetrics_sitenote_active":false,"_exactmetrics_sitenote_note":"","_exactmetrics_sitenote_category":0},"product_brand":[],"product_cat":[114],"product_tag":[],"class_list":{"0":"post-4890","1":"product","2":"type-product","3":"status-publish","4":"has-post-thumbnail","6":"product_cat-solucoes-para-abastecimento","8":"first","9":"instock","10":"shipping-taxable","11":"product-type-simple"},"_links":{"self":[{"href":"https:\/\/totallubri.com.br\/index.php?rest_route=\/wp\/v2\/product\/4890","targetHints":{"allow":["GET"]}}],"collection":[{"href":"https:\/\/totallubri.com.br\/index.php?rest_route=\/wp\/v2\/product"}],"about":[{"href":"https:\/\/totallubri.com.br\/index.php?rest_route=\/wp\/v2\/types\/product"}],"replies":[{"embeddable":true,"href":"https:\/\/totallubri.com.br\/index.php?rest_route=%2Fwp%2Fv2%2Fcomments&post=4890"}],"wp:featuredmedia":[{"embeddable":true,"href":"https:\/\/totallubri.com.br\/index.php?rest_route=\/wp\/v2\/media\/4891"}],"wp:attachment":[{"href":"https:\/\/totallubri.com.br\/index.php?rest_route=%2Fwp%2Fv2%2Fmedia&parent=4890"}],"wp:term":[{"taxonomy":"product_brand","embeddable":true,"href":"https:\/\/totallubri.com.br\/index.php?rest_route=%2Fwp%2Fv2%2Fproduct_brand&post=4890"},{"taxonomy":"product_cat","embeddable":true,"href":"https:\/\/totallubri.com.br\/index.php?rest_route=%2Fwp%2Fv2%2Fproduct_cat&post=4890"},{"taxonomy":"product_tag","embeddable":true,"href":"https:\/\/totallubri.com.br\/index.php?rest_route=%2Fwp%2Fv2%2Fproduct_tag&post=4890"}],"curies":[{"name":"wp","href":"https:\/\/api.w.org\/{rel}","templated":true}]}}