{"id":4991,"date":"2017-01-11T09:29:41","date_gmt":"2017-01-11T11:29:41","guid":{"rendered":"http:\/\/totallubri.com.br\/?post_type=product&#038;p=4991"},"modified":"2024-12-04T10:12:10","modified_gmt":"2024-12-04T13:12:10","slug":"torneira-para-tambor-5020-lupus","status":"publish","type":"product","link":"https:\/\/totallubri.com.br\/?product=torneira-para-tambor-5020-lupus","title":{"rendered":"Torneira para Tambor &#8211; 5020 &#8211; Lupus"},"content":{"rendered":"<p>Em a\u00e7o galvanizado, veda\u00e7\u00f5es em nylon, com trava para cadeado.<\/p>\n<p>Rosca<strong> 3\/4&#8243;<\/strong><\/p>\n<p>Peso\u00a0<strong>\u00a0270 g<\/strong><br \/>\nMedidas<strong> (A)\u00a0100 mm x (L)\u00a0120 mm<\/strong><\/p>\n","protected":false},"excerpt":{"rendered":"<p>Em a\u00e7o galvanizado, veda\u00e7\u00f5es em nylon, com trava para cadeado. Rosca 3\/4&#8243; Peso\u00a0\u00a0270 g Medidas (A)\u00a0100 mm x (L)\u00a0120 mm<\/p>\n","protected":false},"featured_media":4992,"comment_status":"open","ping_status":"closed","template":"","meta":{"_exactmetrics_skip_tracking":false,"_exactmetrics_sitenote_active":false,"_exactmetrics_sitenote_note":"","_exactmetrics_sitenote_category":0},"product_brand":[],"product_cat":[58],"product_tag":[],"class_list":{"0":"post-4991","1":"product","2":"type-product","3":"status-publish","4":"has-post-thumbnail","6":"product_cat-linha-industrial","8":"first","9":"instock","10":"shipping-taxable","11":"product-type-simple"},"_links":{"self":[{"href":"https:\/\/totallubri.com.br\/index.php?rest_route=\/wp\/v2\/product\/4991","targetHints":{"allow":["GET"]}}],"collection":[{"href":"https:\/\/totallubri.com.br\/index.php?rest_route=\/wp\/v2\/product"}],"about":[{"href":"https:\/\/totallubri.com.br\/index.php?rest_route=\/wp\/v2\/types\/product"}],"replies":[{"embeddable":true,"href":"https:\/\/totallubri.com.br\/index.php?rest_route=%2Fwp%2Fv2%2Fcomments&post=4991"}],"wp:featuredmedia":[{"embeddable":true,"href":"https:\/\/totallubri.com.br\/index.php?rest_route=\/wp\/v2\/media\/4992"}],"wp:attachment":[{"href":"https:\/\/totallubri.com.br\/index.php?rest_route=%2Fwp%2Fv2%2Fmedia&parent=4991"}],"wp:term":[{"taxonomy":"product_brand","embeddable":true,"href":"https:\/\/totallubri.com.br\/index.php?rest_route=%2Fwp%2Fv2%2Fproduct_brand&post=4991"},{"taxonomy":"product_cat","embeddable":true,"href":"https:\/\/totallubri.com.br\/index.php?rest_route=%2Fwp%2Fv2%2Fproduct_cat&post=4991"},{"taxonomy":"product_tag","embeddable":true,"href":"https:\/\/totallubri.com.br\/index.php?rest_route=%2Fwp%2Fv2%2Fproduct_tag&post=4991"}],"curies":[{"name":"wp","href":"https:\/\/api.w.org\/{rel}","templated":true}]}}