{"id":5063,"date":"2017-01-11T11:20:42","date_gmt":"2017-01-11T13:20:42","guid":{"rendered":"http:\/\/totallubri.com.br\/?post_type=product&#038;p=5063"},"modified":"2024-12-03T08:50:20","modified_gmt":"2024-12-03T11:50:20","slug":"estacao-transferencia-programavel-9132p-piusi","status":"publish","type":"product","link":"https:\/\/totallubri.com.br\/?product=estacao-transferencia-programavel-9132p-piusi","title":{"rendered":"Esta\u00e7\u00e3o Transfer\u00eancia Program\u00e1vel &#8211; 9132P &#8211; Piusi"},"content":{"rendered":"<div class=\"cont_produto\">\n<p align=\"left\">Em chapa de a\u00e7o, com bomba autoaspirante de palhetas com<br \/>\nv\u00e1lvula by-pass e conex\u00f5es em lat\u00e3o.<\/p>\n<p align=\"left\"><span style=\"font-family: HelveticaNeue-LightCond;\">Vaz\u00e3o livre . <\/span><b><span style=\"font-family: HelveticaNeue-Bold;\">90 L\/min<br \/>\n<\/span><\/b><span style=\"font-family: HelveticaNeue-LightCond;\">Alimenta\u00e7\u00e3o . <\/span><b><span style=\"font-family: HelveticaNeue-Bold;\">220 V<br \/>\n<\/span><\/b><span style=\"font-family: HelveticaNeue-LightCond;\">Mangueira . <\/span><b><span style=\"font-family: HelveticaNeue-Bold;\">4 m <\/span><\/b><span style=\"font-family: HelveticaNeue-UltraLight;\">\/ <\/span><span style=\"font-family: HelveticaNeue-Light;\">\u00f8 <\/span><b><span style=\"font-family: HelveticaNeue-Bold;\">1\u201d<br \/>\n<\/span><\/b><span style=\"font-family: HelveticaNeue-LightCond;\">Entrada . <\/span><span style=\"font-family: HelveticaNeue-Light;\">\u00f8 <\/span><b><span style=\"font-family: HelveticaNeue-Bold;\">1 1\/2&#8243; BSP<br \/>\n<\/span><\/b><span style=\"font-family: HelveticaNeue-LightCond;\">Medidor . <\/span><b><span style=\"font-family: HelveticaNeue-Bold;\">digital<br \/>\n<\/span><\/b><span style=\"font-family: HelveticaNeue-LightCond;\">Usu\u00e1rios codificados . <\/span><b><span style=\"font-family: HelveticaNeue-Bold;\">80<br \/>\n<\/span><\/b><span style=\"font-family: HelveticaNeue-LightCond;\">Precis\u00e3o . <\/span><b><span style=\"font-family: HelveticaNeue-Bold;\">1%<\/span><\/b><\/p>\n<p><span style=\"font-family: HelveticaNeue-LightCond;\">Peso: 75 kg<br \/>\nMedidas: (A) 1387 mm x (L) 457 mm<\/span><\/p>\n<p align=\"left\"><span style=\"font-size: small;\">OBS: Entrega T\u00e9cnica sob consulta <\/span><span style=\"font-size: small;\">do Dep. Comercial Lupus<\/span><\/p>\n<\/div>\n<div><\/div>\n","protected":false},"excerpt":{"rendered":"<p>Em chapa de a\u00e7o, com bomba autoaspirante de palhetas com v\u00e1lvula by-pass e conex\u00f5es em lat\u00e3o. Vaz\u00e3o livre . 90 L\/min Alimenta\u00e7\u00e3o . 220 V Mangueira . 4 m \/ \u00f8 1\u201d Entrada . \u00f8 1 1\/2&#8243; BSP Medidor . digital Usu\u00e1rios codificados . 80 Precis\u00e3o . 1% Peso: 75 kg Medidas: (A) 1387 mm [&hellip;]<\/p>\n","protected":false},"featured_media":5064,"comment_status":"open","ping_status":"closed","template":"","meta":{"_exactmetrics_skip_tracking":false,"_exactmetrics_sitenote_active":false,"_exactmetrics_sitenote_note":"","_exactmetrics_sitenote_category":0},"product_brand":[],"product_cat":[115],"product_tag":[],"class_list":{"0":"post-5063","1":"product","2":"type-product","3":"status-publish","4":"has-post-thumbnail","6":"product_cat-estacao-de-abastecimento","8":"first","9":"instock","10":"shipping-taxable","11":"product-type-simple"},"_links":{"self":[{"href":"https:\/\/totallubri.com.br\/index.php?rest_route=\/wp\/v2\/product\/5063","targetHints":{"allow":["GET"]}}],"collection":[{"href":"https:\/\/totallubri.com.br\/index.php?rest_route=\/wp\/v2\/product"}],"about":[{"href":"https:\/\/totallubri.com.br\/index.php?rest_route=\/wp\/v2\/types\/product"}],"replies":[{"embeddable":true,"href":"https:\/\/totallubri.com.br\/index.php?rest_route=%2Fwp%2Fv2%2Fcomments&post=5063"}],"wp:featuredmedia":[{"embeddable":true,"href":"https:\/\/totallubri.com.br\/index.php?rest_route=\/wp\/v2\/media\/5064"}],"wp:attachment":[{"href":"https:\/\/totallubri.com.br\/index.php?rest_route=%2Fwp%2Fv2%2Fmedia&parent=5063"}],"wp:term":[{"taxonomy":"product_brand","embeddable":true,"href":"https:\/\/totallubri.com.br\/index.php?rest_route=%2Fwp%2Fv2%2Fproduct_brand&post=5063"},{"taxonomy":"product_cat","embeddable":true,"href":"https:\/\/totallubri.com.br\/index.php?rest_route=%2Fwp%2Fv2%2Fproduct_cat&post=5063"},{"taxonomy":"product_tag","embeddable":true,"href":"https:\/\/totallubri.com.br\/index.php?rest_route=%2Fwp%2Fv2%2Fproduct_tag&post=5063"}],"curies":[{"name":"wp","href":"https:\/\/api.w.org\/{rel}","templated":true}]}}