{"id":5076,"date":"2017-01-11T11:33:31","date_gmt":"2017-01-11T13:33:31","guid":{"rendered":"http:\/\/totallubri.com.br\/?post_type=product&#038;p=5076"},"modified":"2024-12-03T08:30:44","modified_gmt":"2024-12-03T11:30:44","slug":"estacao-de-abastecimento-a-prova-de-explosao-9503-12-piusi","status":"publish","type":"product","link":"https:\/\/totallubri.com.br\/?product=estacao-de-abastecimento-a-prova-de-explosao-9503-12-piusi","title":{"rendered":"Esta\u00e7\u00e3o de Abastecimento \u00e0 Prova de Explos\u00e3o \u2013 9503-12 \u2013 Piusi"},"content":{"rendered":"<div class=\"cont_produto\">\n<p align=\"left\">Em ferro fundido, com prote\u00e7\u00e3o t\u00e9rmica,<br \/>\nbomba com v\u00e1lvula by-pass e filtro para<br \/>\nabsor\u00e7\u00e3o de part\u00edculas.<\/p>\n<p align=\"left\"><span style=\"font-family: HelveticaNeue-LightCond;\">Vaz\u00e3o livre . <\/span><b><span style=\"font-family: HelveticaNeue-Bold;\">50 L\/min<br \/>\n<\/span><\/b><span style=\"font-family: HelveticaNeue-LightCond;\">Alimenta\u00e7\u00e3o . <\/span><b><span style=\"font-family: HelveticaNeue-Bold;\">12 V<br \/>\n<\/span><\/b><span style=\"font-family: HelveticaNeue-LightCond;\">Entrada . <\/span><span style=\"font-family: HelveticaNeue-Light;\">\u00f8 <\/span><b><span style=\"font-family: HelveticaNeue-Bold;\">1\u201d BSP<br \/>\n<\/span><\/b><span style=\"font-family: HelveticaNeue-LightCond;\">Fator de trabalho . <\/span><b><span style=\"font-family: HelveticaNeue-Bold;\">30 minutos<br \/>\n<\/span><\/b><span style=\"font-family: HelveticaNeue-LightCond;\">Mangueira . <\/span><b><span style=\"font-family: HelveticaNeue-Bold;\">5 m <\/span><\/b><span style=\"font-family: HelveticaNeue-UltraLight;\">\/ <\/span><span style=\"font-family: HelveticaNeue-Light;\">\u00f8 <\/span><b><span style=\"font-family: HelveticaNeue-Bold;\">3\/4\u201d<br \/>\n<\/span><\/b><span style=\"font-family: HelveticaNeue-LightCond;\">Conector para tambor . <\/span><span style=\"font-family: HelveticaNeue-Light;\">\u00f8 <\/span><b><span style=\"font-family: HelveticaNeue-Bold;\">2\u201d BSP<br \/>\n<\/span><\/b><span style=\"font-family: HelveticaNeue-LightCond;\">Bico de abastecimento . <\/span><b><span style=\"font-family: HelveticaNeue-Bold;\">autom\u00e1tico<br \/>\n<\/span><\/b><span style=\"font-family: HelveticaNeue-LightCond;\">Filtro . <\/span><span style=\"font-family: HelveticaNeue-Bold;\"><strong>140 micra<br \/>\n<\/strong><\/span><span style=\"font-family: HelveticaNeue-LightCond;\"><strong>Medidor<\/strong> <\/span><b><span style=\"font-family: HelveticaNeue-Bold;\">mec\u00e2nico \u00e0 prova de explos\u00e3o 3 d\u00edgitos<br \/>\n<\/span><\/b><span style=\"font-family: HelveticaNeue-LightCond;\">Certifica\u00e7\u00e3o medidor . <\/span><span style=\"font-family: HelveticaNeue-Bold;\"><strong>ATEX<br \/>\n<\/strong>Certifica\u00e7\u00e3o Bomba: <strong>Inmetro\/ Iecex<br \/>\n<\/strong><\/span><span style=\"font-family: HelveticaNeue-LightCond;\"><br \/>\nPeso: 12 kg<\/span><\/p>\n<p align=\"left\"><span style=\"font-size: small;\">OBS: Cabos e pin\u00e7as de alimenta\u00e7\u00e3o n\u00e3o acompanham <\/span><span style=\"font-size: small;\">o produto<\/span><\/p>\n<\/div>\n<div><\/div>\n","protected":false},"excerpt":{"rendered":"<p>Em ferro fundido, com prote\u00e7\u00e3o t\u00e9rmica, bomba com v\u00e1lvula by-pass e filtro para absor\u00e7\u00e3o de part\u00edculas. Vaz\u00e3o livre . 50 L\/min Alimenta\u00e7\u00e3o . 12 V Entrada . \u00f8 1\u201d BSP Fator de trabalho . 30 minutos Mangueira . 5 m \/ \u00f8 3\/4\u201d Conector para tambor . \u00f8 2\u201d BSP Bico de abastecimento . autom\u00e1tico [&hellip;]<\/p>\n","protected":false},"featured_media":5077,"comment_status":"open","ping_status":"closed","template":"","meta":{"_exactmetrics_skip_tracking":false,"_exactmetrics_sitenote_active":false,"_exactmetrics_sitenote_note":"","_exactmetrics_sitenote_category":0},"product_brand":[],"product_cat":[115],"product_tag":[],"class_list":{"0":"post-5076","1":"product","2":"type-product","3":"status-publish","4":"has-post-thumbnail","6":"product_cat-estacao-de-abastecimento","8":"first","9":"instock","10":"shipping-taxable","11":"product-type-simple"},"_links":{"self":[{"href":"https:\/\/totallubri.com.br\/index.php?rest_route=\/wp\/v2\/product\/5076","targetHints":{"allow":["GET"]}}],"collection":[{"href":"https:\/\/totallubri.com.br\/index.php?rest_route=\/wp\/v2\/product"}],"about":[{"href":"https:\/\/totallubri.com.br\/index.php?rest_route=\/wp\/v2\/types\/product"}],"replies":[{"embeddable":true,"href":"https:\/\/totallubri.com.br\/index.php?rest_route=%2Fwp%2Fv2%2Fcomments&post=5076"}],"wp:featuredmedia":[{"embeddable":true,"href":"https:\/\/totallubri.com.br\/index.php?rest_route=\/wp\/v2\/media\/5077"}],"wp:attachment":[{"href":"https:\/\/totallubri.com.br\/index.php?rest_route=%2Fwp%2Fv2%2Fmedia&parent=5076"}],"wp:term":[{"taxonomy":"product_brand","embeddable":true,"href":"https:\/\/totallubri.com.br\/index.php?rest_route=%2Fwp%2Fv2%2Fproduct_brand&post=5076"},{"taxonomy":"product_cat","embeddable":true,"href":"https:\/\/totallubri.com.br\/index.php?rest_route=%2Fwp%2Fv2%2Fproduct_cat&post=5076"},{"taxonomy":"product_tag","embeddable":true,"href":"https:\/\/totallubri.com.br\/index.php?rest_route=%2Fwp%2Fv2%2Fproduct_tag&post=5076"}],"curies":[{"name":"wp","href":"https:\/\/api.w.org\/{rel}","templated":true}]}}