{"id":5149,"date":"2017-01-11T13:49:51","date_gmt":"2017-01-11T15:49:51","guid":{"rendered":"http:\/\/totallubri.com.br\/?post_type=product&#038;p=5149"},"modified":"2024-12-06T12:30:01","modified_gmt":"2024-12-06T15:30:01","slug":"unidade-de-abastecimento-manual-para-gasolina-2066-lupus","status":"publish","type":"product","link":"https:\/\/totallubri.com.br\/?product=unidade-de-abastecimento-manual-para-gasolina-2066-lupus","title":{"rendered":"Unidade de Abastecimento Manual para Gasolina &#8211; 2066 &#8211; Lupus"},"content":{"rendered":"<p><span style=\"font-family: HelveticaNeue-LightCond;\">Reservat\u00f3rio em polipropileno, com visor de<br \/>\nn\u00edvel, certificado conforme resolu\u00e7\u00e3o ANP<br \/>\n41\/2013, norma ABNT NBR 15594\/2008<br \/>\ne resolu\u00e7\u00f5es ANTT 420\/2004 e 3763\/2012<br \/>\npara transporte terrestre de produtos perigosos.<br \/>\n<\/span><span style=\"font-family: HelveticaNeue-LightCond;\"><br \/>\nCapacidade . <\/span><b><span style=\"font-family: HelveticaNeue-Bold;\">10 L <\/span><\/b><span style=\"font-family: HelveticaNeue-LightCond;\">. Vaz\u00e3o livre . <\/span><b><span style=\"font-family: HelveticaNeue-Bold;\">11 L\/min<br \/>\n<\/span><\/b><span style=\"font-family: HelveticaNeue-LightCond;\">Acionamento . <\/span><b><span style=\"font-family: HelveticaNeue-Bold;\">pushbutton<br \/>\n<\/span><\/b><span style=\"font-family: HelveticaNeue-LightCond;\">Gatilho . <\/span><b><span style=\"font-family: HelveticaNeue-Bold;\">autom\u00e1tico<br \/>\n<\/span><\/b><span style=\"font-family: HelveticaNeue-LightCond;\">Man\u00edpulos . <\/span><b><span style=\"font-family: HelveticaNeue-Bold;\">03 <\/span><\/b><span style=\"font-family: HelveticaNeue-UltraLight;\">\/ <\/span><b><span style=\"font-family: HelveticaNeue-Bold;\">superior <\/span><\/b><span style=\"font-family: HelveticaNeue-UltraLight;\">\/ <\/span><b><span style=\"font-family: HelveticaNeue-Bold;\">gatilho <\/span><\/b><span style=\"font-family: HelveticaNeue-UltraLight;\">\/ <\/span><b><span style=\"font-family: HelveticaNeue-Bold;\">inferior<br \/>\n<\/span><\/b><span style=\"font-family: HelveticaNeue-LightCond; font-size: xx-small;\"><span style=\"font-size: small;\">Peso: 785 g<br \/>\n<\/span><span style=\"font-size: small;\">Medidas: (A) 343 mm x (L) 203 mm x (C) 254 mm<\/span><\/span><\/p>\n","protected":false},"excerpt":{"rendered":"<p>Reservat\u00f3rio em polipropileno, com visor de n\u00edvel, certificado conforme resolu\u00e7\u00e3o ANP 41\/2013, norma ABNT NBR 15594\/2008 e resolu\u00e7\u00f5es ANTT 420\/2004 e 3763\/2012 para transporte terrestre de produtos perigosos. Capacidade . 10 L . Vaz\u00e3o livre . 11 L\/min Acionamento . pushbutton Gatilho . autom\u00e1tico Man\u00edpulos . 03 \/ superior \/ gatilho \/ inferior Peso: 785 [&hellip;]<\/p>\n","protected":false},"featured_media":5150,"comment_status":"open","ping_status":"closed","template":"","meta":{"_exactmetrics_skip_tracking":false,"_exactmetrics_sitenote_active":false,"_exactmetrics_sitenote_note":"","_exactmetrics_sitenote_category":0},"product_brand":[],"product_cat":[118],"product_tag":[],"class_list":{"0":"post-5149","1":"product","2":"type-product","3":"status-publish","4":"has-post-thumbnail","6":"product_cat-unidade-de-abastecimento-manual","8":"first","9":"instock","10":"shipping-taxable","11":"product-type-simple"},"_links":{"self":[{"href":"https:\/\/totallubri.com.br\/index.php?rest_route=\/wp\/v2\/product\/5149","targetHints":{"allow":["GET"]}}],"collection":[{"href":"https:\/\/totallubri.com.br\/index.php?rest_route=\/wp\/v2\/product"}],"about":[{"href":"https:\/\/totallubri.com.br\/index.php?rest_route=\/wp\/v2\/types\/product"}],"replies":[{"embeddable":true,"href":"https:\/\/totallubri.com.br\/index.php?rest_route=%2Fwp%2Fv2%2Fcomments&post=5149"}],"wp:featuredmedia":[{"embeddable":true,"href":"https:\/\/totallubri.com.br\/index.php?rest_route=\/wp\/v2\/media\/5150"}],"wp:attachment":[{"href":"https:\/\/totallubri.com.br\/index.php?rest_route=%2Fwp%2Fv2%2Fmedia&parent=5149"}],"wp:term":[{"taxonomy":"product_brand","embeddable":true,"href":"https:\/\/totallubri.com.br\/index.php?rest_route=%2Fwp%2Fv2%2Fproduct_brand&post=5149"},{"taxonomy":"product_cat","embeddable":true,"href":"https:\/\/totallubri.com.br\/index.php?rest_route=%2Fwp%2Fv2%2Fproduct_cat&post=5149"},{"taxonomy":"product_tag","embeddable":true,"href":"https:\/\/totallubri.com.br\/index.php?rest_route=%2Fwp%2Fv2%2Fproduct_tag&post=5149"}],"curies":[{"name":"wp","href":"https:\/\/api.w.org\/{rel}","templated":true}]}}