{"id":5240,"date":"2017-01-11T16:00:21","date_gmt":"2017-01-11T18:00:21","guid":{"rendered":"http:\/\/totallubri.com.br\/?post_type=product&#038;p=5240"},"modified":"2024-11-25T16:10:58","modified_gmt":"2024-11-25T19:10:58","slug":"carretel-manual-3062-coxreels","status":"publish","type":"product","link":"https:\/\/totallubri.com.br\/?product=carretel-manual-3062-coxreels","title":{"rendered":"Carretel Manual &#8211; 3062 &#8211; Coxreels"},"content":{"rendered":"<p>Em a\u00e7o, com base simples e retra\u00e7\u00e3o manual.<\/p>\n<p>Sem mangueira.<\/p>\n<p>Capacidade . at\u00e9 50m de mangueira 0 3\/4&#8243; para abastecimento<\/p>\n<p>Press\u00e3o m\u00e1xima de trabalho 1.100 PSI<\/p>\n<p>Peso: 28 kg<\/p>\n<p>Medidas: (A) 480 mm x (L) 480 mm<\/p>\n","protected":false},"excerpt":{"rendered":"<p>Em a\u00e7o, com base simples e retra\u00e7\u00e3o manual. Sem mangueira. Capacidade . at\u00e9 50m de mangueira 0 3\/4&#8243; para abastecimento Press\u00e3o m\u00e1xima de trabalho 1.100 PSI Peso: 28 kg Medidas: (A) 480 mm x (L) 480 mm<\/p>\n","protected":false},"featured_media":5241,"comment_status":"open","ping_status":"closed","template":"","meta":{"_exactmetrics_skip_tracking":false,"_exactmetrics_sitenote_active":false,"_exactmetrics_sitenote_note":"","_exactmetrics_sitenote_category":0},"product_brand":[],"product_cat":[101],"product_tag":[],"class_list":{"0":"post-5240","1":"product","2":"type-product","3":"status-publish","4":"has-post-thumbnail","6":"product_cat-carreteis-samoa-e-coxreels","8":"first","9":"instock","10":"shipping-taxable","11":"product-type-simple"},"_links":{"self":[{"href":"https:\/\/totallubri.com.br\/index.php?rest_route=\/wp\/v2\/product\/5240","targetHints":{"allow":["GET"]}}],"collection":[{"href":"https:\/\/totallubri.com.br\/index.php?rest_route=\/wp\/v2\/product"}],"about":[{"href":"https:\/\/totallubri.com.br\/index.php?rest_route=\/wp\/v2\/types\/product"}],"replies":[{"embeddable":true,"href":"https:\/\/totallubri.com.br\/index.php?rest_route=%2Fwp%2Fv2%2Fcomments&post=5240"}],"wp:featuredmedia":[{"embeddable":true,"href":"https:\/\/totallubri.com.br\/index.php?rest_route=\/wp\/v2\/media\/5241"}],"wp:attachment":[{"href":"https:\/\/totallubri.com.br\/index.php?rest_route=%2Fwp%2Fv2%2Fmedia&parent=5240"}],"wp:term":[{"taxonomy":"product_brand","embeddable":true,"href":"https:\/\/totallubri.com.br\/index.php?rest_route=%2Fwp%2Fv2%2Fproduct_brand&post=5240"},{"taxonomy":"product_cat","embeddable":true,"href":"https:\/\/totallubri.com.br\/index.php?rest_route=%2Fwp%2Fv2%2Fproduct_cat&post=5240"},{"taxonomy":"product_tag","embeddable":true,"href":"https:\/\/totallubri.com.br\/index.php?rest_route=%2Fwp%2Fv2%2Fproduct_tag&post=5240"}],"curies":[{"name":"wp","href":"https:\/\/api.w.org\/{rel}","templated":true}]}}