{"id":5399,"date":"2017-01-16T10:52:27","date_gmt":"2017-01-16T12:52:27","guid":{"rendered":"http:\/\/totallubri.com.br\/?post_type=product&#038;p=5399"},"modified":"2025-05-02T11:57:21","modified_gmt":"2025-05-02T14:57:21","slug":"suporte-para-bombas-manuais-0600-lupus","status":"publish","type":"product","link":"https:\/\/totallubri.com.br\/?product=suporte-para-bombas-manuais-0600-lupus","title":{"rendered":"SUPORTE PARA BOMBAS MANUAIS \u2013 0600 \u2013 LUPUS"},"content":{"rendered":"<p>Em a\u00e7o, robusto e altamente resistente. Desenvolvido especialmente para aplica\u00e7\u00f5es na agricultura, constru\u00e7\u00e3o, ve\u00edculos pesados como reboques, tratores e ambientes com alta vibra\u00e7\u00e3o. Pode ser montado em 4 posi\u00e7\u00f5es, de acordo com opera\u00e7\u00e3o do equipamento, garantindo seguran\u00e7a e facilidade na execu\u00e7\u00e3o do trabalho.<\/p>\n<p>Cor: <strong>preto<br \/>\n<\/strong>Adapt\u00e1vel: <strong>todas as bombas com di\u00e2metro \u00d8 54mm<br \/>\n<\/strong>Peso: 2Kg<\/p>\n","protected":false},"excerpt":{"rendered":"<p>Em a\u00e7o, robusto e altamente resistente. Desenvolvido especialmente para aplica\u00e7\u00f5es na agricultura, constru\u00e7\u00e3o, ve\u00edculos pesados como reboques, tratores e ambientes com alta vibra\u00e7\u00e3o. Pode ser montado em 4 posi\u00e7\u00f5es, de acordo com opera\u00e7\u00e3o do equipamento, garantindo seguran\u00e7a e facilidade na execu\u00e7\u00e3o do trabalho. Cor: preto Adapt\u00e1vel: todas as bombas com di\u00e2metro \u00d8 54mm Peso: 2Kg<\/p>\n","protected":false},"featured_media":5400,"comment_status":"open","ping_status":"closed","template":"","meta":{"_exactmetrics_skip_tracking":false,"_exactmetrics_sitenote_active":false,"_exactmetrics_sitenote_note":"","_exactmetrics_sitenote_category":0},"product_brand":[],"product_cat":[99],"product_tag":[],"class_list":{"0":"post-5399","1":"product","2":"type-product","3":"status-publish","4":"has-post-thumbnail","6":"product_cat-bomba-manual-para-liquidos","8":"first","9":"instock","10":"shipping-taxable","11":"product-type-simple"},"_links":{"self":[{"href":"https:\/\/totallubri.com.br\/index.php?rest_route=\/wp\/v2\/product\/5399","targetHints":{"allow":["GET"]}}],"collection":[{"href":"https:\/\/totallubri.com.br\/index.php?rest_route=\/wp\/v2\/product"}],"about":[{"href":"https:\/\/totallubri.com.br\/index.php?rest_route=\/wp\/v2\/types\/product"}],"replies":[{"embeddable":true,"href":"https:\/\/totallubri.com.br\/index.php?rest_route=%2Fwp%2Fv2%2Fcomments&post=5399"}],"wp:featuredmedia":[{"embeddable":true,"href":"https:\/\/totallubri.com.br\/index.php?rest_route=\/wp\/v2\/media\/5400"}],"wp:attachment":[{"href":"https:\/\/totallubri.com.br\/index.php?rest_route=%2Fwp%2Fv2%2Fmedia&parent=5399"}],"wp:term":[{"taxonomy":"product_brand","embeddable":true,"href":"https:\/\/totallubri.com.br\/index.php?rest_route=%2Fwp%2Fv2%2Fproduct_brand&post=5399"},{"taxonomy":"product_cat","embeddable":true,"href":"https:\/\/totallubri.com.br\/index.php?rest_route=%2Fwp%2Fv2%2Fproduct_cat&post=5399"},{"taxonomy":"product_tag","embeddable":true,"href":"https:\/\/totallubri.com.br\/index.php?rest_route=%2Fwp%2Fv2%2Fproduct_tag&post=5399"}],"curies":[{"name":"wp","href":"https:\/\/api.w.org\/{rel}","templated":true}]}}