{"id":5455,"date":"2017-01-16T14:39:50","date_gmt":"2017-01-16T16:39:50","guid":{"rendered":"http:\/\/totallubri.com.br\/?post_type=product&#038;p=5455"},"modified":"2024-12-02T11:01:57","modified_gmt":"2024-12-02T14:01:57","slug":"propulsora-pneumatica-para-oleo-9010-og7-g7","status":"publish","type":"product","link":"https:\/\/totallubri.com.br\/?product=propulsora-pneumatica-para-oleo-9010-og7-g7","title":{"rendered":"PROPULSORA PNEUM\u00c1TICA PARA \u00d3LEO \u2013 9010-OG7 \u2013 G7-LUPUS"},"content":{"rendered":"<p>Unidade de lubrifica\u00e7\u00e3o composta por propulsora pneum\u00e1tica, filtro regulador de ar, conector para engate r\u00e1pido, comando de \u00f3leo, mangueira, carrinho com rodas maci\u00e7as e reservat\u00f3rio lacrado em a\u00e7o carbono com acabamento em pintura ep\u00f3xi.<\/p>\n<p>Propulsora: 9010-OG7<br \/>\nMangueira: 3 m \/ \u00f8 \u00bd\u2019\u2019 \/ tampa de a\u00e7o.<\/p>\n<p>Peso: 20 Kg<br \/>\nMedidas: (A) 1050 mm x (\u00f8) 500 mm<\/p>\n","protected":false},"excerpt":{"rendered":"<p>Unidade de lubrifica\u00e7\u00e3o composta por propulsora pneum\u00e1tica, filtro regulador de ar, conector para engate r\u00e1pido, comando de \u00f3leo, mangueira, carrinho com rodas maci\u00e7as e reservat\u00f3rio lacrado em a\u00e7o carbono com acabamento em pintura ep\u00f3xi. Propulsora: 9010-OG7 Mangueira: 3 m \/ \u00f8 \u00bd\u2019\u2019 \/ tampa de a\u00e7o. Peso: 20 Kg Medidas: (A) 1050 mm x (\u00f8) [&hellip;]<\/p>\n","protected":false},"featured_media":5456,"comment_status":"open","ping_status":"closed","template":"","meta":{"_exactmetrics_skip_tracking":false,"_exactmetrics_sitenote_active":false,"_exactmetrics_sitenote_note":"","_exactmetrics_sitenote_category":0},"product_brand":[],"product_cat":[110],"product_tag":[],"class_list":{"0":"post-5455","1":"product","2":"type-product","3":"status-publish","4":"has-post-thumbnail","6":"product_cat-propulsora-pneumatica-para-oleo","8":"first","9":"instock","10":"shipping-taxable","11":"product-type-simple"},"_links":{"self":[{"href":"https:\/\/totallubri.com.br\/index.php?rest_route=\/wp\/v2\/product\/5455","targetHints":{"allow":["GET"]}}],"collection":[{"href":"https:\/\/totallubri.com.br\/index.php?rest_route=\/wp\/v2\/product"}],"about":[{"href":"https:\/\/totallubri.com.br\/index.php?rest_route=\/wp\/v2\/types\/product"}],"replies":[{"embeddable":true,"href":"https:\/\/totallubri.com.br\/index.php?rest_route=%2Fwp%2Fv2%2Fcomments&post=5455"}],"wp:featuredmedia":[{"embeddable":true,"href":"https:\/\/totallubri.com.br\/index.php?rest_route=\/wp\/v2\/media\/5456"}],"wp:attachment":[{"href":"https:\/\/totallubri.com.br\/index.php?rest_route=%2Fwp%2Fv2%2Fmedia&parent=5455"}],"wp:term":[{"taxonomy":"product_brand","embeddable":true,"href":"https:\/\/totallubri.com.br\/index.php?rest_route=%2Fwp%2Fv2%2Fproduct_brand&post=5455"},{"taxonomy":"product_cat","embeddable":true,"href":"https:\/\/totallubri.com.br\/index.php?rest_route=%2Fwp%2Fv2%2Fproduct_cat&post=5455"},{"taxonomy":"product_tag","embeddable":true,"href":"https:\/\/totallubri.com.br\/index.php?rest_route=%2Fwp%2Fv2%2Fproduct_tag&post=5455"}],"curies":[{"name":"wp","href":"https:\/\/api.w.org\/{rel}","templated":true}]}}