{"id":5504,"date":"2017-01-16T16:50:50","date_gmt":"2017-01-16T18:50:50","guid":{"rendered":"http:\/\/totallubri.com.br\/?post_type=product&#038;p=5504"},"modified":"2024-12-08T12:12:55","modified_gmt":"2024-12-08T15:12:55","slug":"unidade-de-abastecimento-pneumatica-para-oleo-9302-dg7-g7","status":"publish","type":"product","link":"https:\/\/totallubri.com.br\/?product=unidade-de-abastecimento-pneumatica-para-oleo-9302-dg7-g7","title":{"rendered":"UNIDADE DE ABASTECIMENTO PNEUM\u00c1TICA PARA \u00d3LEO \u2013 9302-DG7 \u2013 G7 \u2013 LUPUS"},"content":{"rendered":"<p>Reservat\u00f3rio em polietileno e porta-palete em a\u00e7o (IBC), com propulsora pneum\u00e1tica fixada no reservat\u00f3rio por suporte em a\u00e7o. Filtro regulador de ar, medidor digital, suporte para medidor e mangueira.<\/p>\n<p>Capacidade: 1000 L<br \/>\nVaz\u00e3o livre: 25 L\/min<br \/>\nPropulsora: 9000-OPG7 \/ 3:1<br \/>\nMedidor: digital \/ com gatilho e bico antigotejante<br \/>\nMangueira: 10 m \/ \u00f8 \u00bd\u2019\u2019.<\/p>\n<p>Peso: 98 Kg.<br \/>\nMedidas: (A) 1162 mm X (L) 1000 mm x (C) 1210 mm<\/p>\n","protected":false},"excerpt":{"rendered":"<p>Reservat\u00f3rio em polietileno e porta-palete em a\u00e7o (IBC), com propulsora pneum\u00e1tica fixada no reservat\u00f3rio por suporte em a\u00e7o. Filtro regulador de ar, medidor digital, suporte para medidor e mangueira. Capacidade: 1000 L Vaz\u00e3o livre: 25 L\/min Propulsora: 9000-OPG7 \/ 3:1 Medidor: digital \/ com gatilho e bico antigotejante Mangueira: 10 m \/ \u00f8 \u00bd\u2019\u2019. Peso: [&hellip;]<\/p>\n","protected":false},"featured_media":5505,"comment_status":"open","ping_status":"closed","template":"","meta":{"_exactmetrics_skip_tracking":false,"_exactmetrics_sitenote_active":false,"_exactmetrics_sitenote_note":"","_exactmetrics_sitenote_category":0},"product_brand":[],"product_cat":[119],"product_tag":[],"class_list":{"0":"post-5504","1":"product","2":"type-product","3":"status-publish","4":"has-post-thumbnail","6":"product_cat-unidade-de-abastecimento-pneumatica","8":"first","9":"instock","10":"shipping-taxable","11":"product-type-simple"},"_links":{"self":[{"href":"https:\/\/totallubri.com.br\/index.php?rest_route=\/wp\/v2\/product\/5504","targetHints":{"allow":["GET"]}}],"collection":[{"href":"https:\/\/totallubri.com.br\/index.php?rest_route=\/wp\/v2\/product"}],"about":[{"href":"https:\/\/totallubri.com.br\/index.php?rest_route=\/wp\/v2\/types\/product"}],"replies":[{"embeddable":true,"href":"https:\/\/totallubri.com.br\/index.php?rest_route=%2Fwp%2Fv2%2Fcomments&post=5504"}],"wp:featuredmedia":[{"embeddable":true,"href":"https:\/\/totallubri.com.br\/index.php?rest_route=\/wp\/v2\/media\/5505"}],"wp:attachment":[{"href":"https:\/\/totallubri.com.br\/index.php?rest_route=%2Fwp%2Fv2%2Fmedia&parent=5504"}],"wp:term":[{"taxonomy":"product_brand","embeddable":true,"href":"https:\/\/totallubri.com.br\/index.php?rest_route=%2Fwp%2Fv2%2Fproduct_brand&post=5504"},{"taxonomy":"product_cat","embeddable":true,"href":"https:\/\/totallubri.com.br\/index.php?rest_route=%2Fwp%2Fv2%2Fproduct_cat&post=5504"},{"taxonomy":"product_tag","embeddable":true,"href":"https:\/\/totallubri.com.br\/index.php?rest_route=%2Fwp%2Fv2%2Fproduct_tag&post=5504"}],"curies":[{"name":"wp","href":"https:\/\/api.w.org\/{rel}","templated":true}]}}