{"id":5522,"date":"2017-01-16T16:57:45","date_gmt":"2017-01-16T18:57:45","guid":{"rendered":"http:\/\/totallubri.com.br\/?post_type=product&#038;p=5522"},"modified":"2025-05-01T18:00:50","modified_gmt":"2025-05-01T21:00:50","slug":"unidade-de-abastecimento-pneumatica-9307-dc-lupus","status":"publish","type":"product","link":"https:\/\/totallubri.com.br\/?product=unidade-de-abastecimento-pneumatica-9307-dc-lupus","title":{"rendered":"UNIDADE DE ABASTECIMENTO PNEUM\u00c1TICA \u2013 9307-DC \u2013 LUPUS"},"content":{"rendered":"<p>Reservat\u00f3rio em polietileno com conten\u00e7\u00e3o em metal, com indica\u00e7\u00e3o de vazamento, bomba el\u00e9trica de palhetas, carretel autom\u00e1tico, suporte para gatilho com bandeja ecol\u00f3gica, medidor e mangueira de suc\u00e7\u00e3o para \u00f3leo lubrificante(SAE 90 \u00e0 40\u00b0).<\/p>\n<p>DETALHES SOBRE O PRODUTO:<\/p>\n<p>Vaz\u00e3o livre: 25 L\/min<br \/>\nCapacidade: 1000 L<\/p>\n<table width=\"801\">\n<tbody>\n<tr>\n<td width=\"86\"><\/td>\n<td width=\"379\">\u00a0UNIDADE\u00a0 P\/ABASTECIMENTO PNEUMATICA<\/td>\n<td width=\"98\"><\/td>\n<td width=\"238\"><\/td>\n<\/tr>\n<tr>\n<td>CODIGO<\/td>\n<td>\u00a0MEDIDOR<\/td>\n<td>\u00a0PESO<\/td>\n<td>\u00a0MEDIDAS<\/td>\n<\/tr>\n<tr>\n<td>9307-DC<\/td>\n<td>\u00a0DIGITAL\/GATILHO C\/BICO ANTIGOTEJANTE<\/td>\n<td width=\"98\">138 kg<\/td>\n<td>(A)1860 MM X (L)1070 MM X ( C) 890MM<\/td>\n<\/tr>\n<tr>\n<td>9307-MC<\/td>\n<td>\u00a0MECANICO\/GATILHO C\/BICO ANTIGOTEJANTE<\/td>\n<td width=\"98\">138 kg<\/td>\n<td>(A)1860 MM X (L)1070 MM X ( C) 890MM<\/td>\n<\/tr>\n<tr>\n<td>9307-PC<\/td>\n<td>\u00a0DIGITAL PROGRAM\u00c1VEL\/GATILHO C\/BICO ANTIGOTEJANTE<\/td>\n<td width=\"98\">138 kg<\/td>\n<td>(A)1860 MM X (L)1070 MM X ( C) 890MM<\/td>\n<\/tr>\n<\/tbody>\n<\/table>\n<p>Carretel: autom\u00e1tico\/montado com 10m de mangueira<br \/>\nBy-pass: 3 minutos<br \/>\nAlimenta\u00e7\u00e3o: 220 V.<\/p>\n<p>Outras informa\u00e7\u00f5es sobre o produto:<\/p>\n<p>&nbsp;<\/p>\n","protected":false},"excerpt":{"rendered":"<p>Reservat\u00f3rio em polietileno com conten\u00e7\u00e3o em metal, com indica\u00e7\u00e3o de vazamento, bomba el\u00e9trica de palhetas, carretel autom\u00e1tico, suporte para gatilho com bandeja ecol\u00f3gica, medidor e mangueira de suc\u00e7\u00e3o para \u00f3leo lubrificante(SAE 90 \u00e0 40\u00b0). DETALHES SOBRE O PRODUTO: Vaz\u00e3o livre: 25 L\/min Capacidade: 1000 L \u00a0UNIDADE\u00a0 P\/ABASTECIMENTO PNEUMATICA CODIGO \u00a0MEDIDOR \u00a0PESO \u00a0MEDIDAS 9307-DC \u00a0DIGITAL\/GATILHO C\/BICO [&hellip;]<\/p>\n","protected":false},"featured_media":5523,"comment_status":"open","ping_status":"closed","template":"","meta":{"_exactmetrics_skip_tracking":false,"_exactmetrics_sitenote_active":false,"_exactmetrics_sitenote_note":"","_exactmetrics_sitenote_category":0},"product_brand":[],"product_cat":[119],"product_tag":[],"class_list":{"0":"post-5522","1":"product","2":"type-product","3":"status-publish","4":"has-post-thumbnail","6":"product_cat-unidade-de-abastecimento-pneumatica","8":"first","9":"instock","10":"shipping-taxable","11":"product-type-simple"},"_links":{"self":[{"href":"https:\/\/totallubri.com.br\/index.php?rest_route=\/wp\/v2\/product\/5522","targetHints":{"allow":["GET"]}}],"collection":[{"href":"https:\/\/totallubri.com.br\/index.php?rest_route=\/wp\/v2\/product"}],"about":[{"href":"https:\/\/totallubri.com.br\/index.php?rest_route=\/wp\/v2\/types\/product"}],"replies":[{"embeddable":true,"href":"https:\/\/totallubri.com.br\/index.php?rest_route=%2Fwp%2Fv2%2Fcomments&post=5522"}],"wp:featuredmedia":[{"embeddable":true,"href":"https:\/\/totallubri.com.br\/index.php?rest_route=\/wp\/v2\/media\/5523"}],"wp:attachment":[{"href":"https:\/\/totallubri.com.br\/index.php?rest_route=%2Fwp%2Fv2%2Fmedia&parent=5522"}],"wp:term":[{"taxonomy":"product_brand","embeddable":true,"href":"https:\/\/totallubri.com.br\/index.php?rest_route=%2Fwp%2Fv2%2Fproduct_brand&post=5522"},{"taxonomy":"product_cat","embeddable":true,"href":"https:\/\/totallubri.com.br\/index.php?rest_route=%2Fwp%2Fv2%2Fproduct_cat&post=5522"},{"taxonomy":"product_tag","embeddable":true,"href":"https:\/\/totallubri.com.br\/index.php?rest_route=%2Fwp%2Fv2%2Fproduct_tag&post=5522"}],"curies":[{"name":"wp","href":"https:\/\/api.w.org\/{rel}","templated":true}]}}