{"id":5536,"date":"2017-01-16T17:03:56","date_gmt":"2017-01-16T19:03:56","guid":{"rendered":"http:\/\/totallubri.com.br\/?post_type=product&#038;p=5536"},"modified":"2018-09-22T14:05:33","modified_gmt":"2018-09-22T17:05:33","slug":"armario-grande-3052-lupus","status":"publish","type":"product","link":"https:\/\/totallubri.com.br\/?product=armario-grande-3052-lupus","title":{"rendered":"ARM\u00c1RIO GRANDE \u2013 3052 &#8211; LUPUS"},"content":{"rendered":"<p>Porta em a\u00e7o.<\/p>\n<p>Visores de vidro temperado de 3 mm<br \/>\n4 gavetas internas<br \/>\n1 gaveta interna grande<br \/>\n1 divis\u00f3ria para gaveta<br \/>\n3 prateleiras regul\u00e1veis (capacidade: 60 Kg cada)<br \/>\n4 p\u00e9s niveladores<br \/>\nFechadura com chave.<\/p>\n<p>Peso: 117 Kg.<br \/>\nMedidas: (A) 1740 mm X (L) 500 mm x (C) 1200 mm<\/p>\n","protected":false},"excerpt":{"rendered":"<p>Porta em a\u00e7o. Visores de vidro temperado de 3 mm 4 gavetas internas 1 gaveta interna grande 1 divis\u00f3ria para gaveta 3 prateleiras regul\u00e1veis (capacidade: 60 Kg cada) 4 p\u00e9s niveladores Fechadura com chave. Peso: 117 Kg. Medidas: (A) 1740 mm X (L) 500 mm x (C) 1200 mm<\/p>\n","protected":false},"featured_media":5538,"comment_status":"open","ping_status":"closed","template":"","meta":{"_exactmetrics_skip_tracking":false,"_exactmetrics_sitenote_active":false,"_exactmetrics_sitenote_note":"","_exactmetrics_sitenote_category":0},"product_brand":[],"product_cat":[58],"product_tag":[],"class_list":{"0":"post-5536","1":"product","2":"type-product","3":"status-publish","4":"has-post-thumbnail","6":"product_cat-linha-industrial","8":"first","9":"instock","10":"shipping-taxable","11":"product-type-simple"},"_links":{"self":[{"href":"https:\/\/totallubri.com.br\/index.php?rest_route=\/wp\/v2\/product\/5536","targetHints":{"allow":["GET"]}}],"collection":[{"href":"https:\/\/totallubri.com.br\/index.php?rest_route=\/wp\/v2\/product"}],"about":[{"href":"https:\/\/totallubri.com.br\/index.php?rest_route=\/wp\/v2\/types\/product"}],"replies":[{"embeddable":true,"href":"https:\/\/totallubri.com.br\/index.php?rest_route=%2Fwp%2Fv2%2Fcomments&post=5536"}],"wp:featuredmedia":[{"embeddable":true,"href":"https:\/\/totallubri.com.br\/index.php?rest_route=\/wp\/v2\/media\/5538"}],"wp:attachment":[{"href":"https:\/\/totallubri.com.br\/index.php?rest_route=%2Fwp%2Fv2%2Fmedia&parent=5536"}],"wp:term":[{"taxonomy":"product_brand","embeddable":true,"href":"https:\/\/totallubri.com.br\/index.php?rest_route=%2Fwp%2Fv2%2Fproduct_brand&post=5536"},{"taxonomy":"product_cat","embeddable":true,"href":"https:\/\/totallubri.com.br\/index.php?rest_route=%2Fwp%2Fv2%2Fproduct_cat&post=5536"},{"taxonomy":"product_tag","embeddable":true,"href":"https:\/\/totallubri.com.br\/index.php?rest_route=%2Fwp%2Fv2%2Fproduct_tag&post=5536"}],"curies":[{"name":"wp","href":"https:\/\/api.w.org\/{rel}","templated":true}]}}