{"id":5680,"date":"2017-01-17T14:52:58","date_gmt":"2017-01-17T16:52:58","guid":{"rendered":"http:\/\/totallubri.com.br\/?post_type=product&#038;p=5680"},"modified":"2025-02-26T17:49:13","modified_gmt":"2025-02-26T20:49:13","slug":"bico-manual-2100-bg-lupus","status":"publish","type":"product","link":"https:\/\/totallubri.com.br\/?product=bico-manual-2100-bg-lupus","title":{"rendered":"Bico Manual \u2013 2100-BG \u2013 Lupus"},"content":{"rendered":"<div class=\"cont_produto\">\n<p>Em alum\u00ednio.<\/p>\n<p>Vaz\u00e3o livre . <strong>120 L\/min<\/strong> .<\/p>\n<p>Ponteira . \u00f8<strong> 15\/16\u201d<br \/>\n<\/strong>Entrada rosca . \u00f8 <strong>1\u201d NPT<\/strong> \/ <strong>com girat\u00f3rio<\/strong><br \/>\nPress\u00e3o m\u00e1xima de opera\u00e7\u00e3o . <strong>60 PSI<\/strong><\/p>\n<p>Peso: 600 g . Medidas: (A) 120 mm x (L) 320 mm<\/p>\n<\/div>\n<div><\/div>\n","protected":false},"excerpt":{"rendered":"<p>Em alum\u00ednio. Vaz\u00e3o livre . 120 L\/min . Ponteira . \u00f8 15\/16\u201d Entrada rosca . \u00f8 1\u201d NPT \/ com girat\u00f3rio Press\u00e3o m\u00e1xima de opera\u00e7\u00e3o . 60 PSI Peso: 600 g . Medidas: (A) 120 mm x (L) 320 mm<\/p>\n","protected":false},"featured_media":5681,"comment_status":"open","ping_status":"closed","template":"","meta":{"_exactmetrics_skip_tracking":false,"_exactmetrics_sitenote_active":false,"_exactmetrics_sitenote_note":"","_exactmetrics_sitenote_category":0},"product_brand":[],"product_cat":[106],"product_tag":[],"class_list":{"0":"post-5680","1":"product","2":"type-product","3":"status-publish","4":"has-post-thumbnail","6":"product_cat-bico-de-abastecimento-para-combustiveis","8":"first","9":"instock","10":"shipping-taxable","11":"product-type-simple"},"_links":{"self":[{"href":"https:\/\/totallubri.com.br\/index.php?rest_route=\/wp\/v2\/product\/5680","targetHints":{"allow":["GET"]}}],"collection":[{"href":"https:\/\/totallubri.com.br\/index.php?rest_route=\/wp\/v2\/product"}],"about":[{"href":"https:\/\/totallubri.com.br\/index.php?rest_route=\/wp\/v2\/types\/product"}],"replies":[{"embeddable":true,"href":"https:\/\/totallubri.com.br\/index.php?rest_route=%2Fwp%2Fv2%2Fcomments&post=5680"}],"wp:featuredmedia":[{"embeddable":true,"href":"https:\/\/totallubri.com.br\/index.php?rest_route=\/wp\/v2\/media\/5681"}],"wp:attachment":[{"href":"https:\/\/totallubri.com.br\/index.php?rest_route=%2Fwp%2Fv2%2Fmedia&parent=5680"}],"wp:term":[{"taxonomy":"product_brand","embeddable":true,"href":"https:\/\/totallubri.com.br\/index.php?rest_route=%2Fwp%2Fv2%2Fproduct_brand&post=5680"},{"taxonomy":"product_cat","embeddable":true,"href":"https:\/\/totallubri.com.br\/index.php?rest_route=%2Fwp%2Fv2%2Fproduct_cat&post=5680"},{"taxonomy":"product_tag","embeddable":true,"href":"https:\/\/totallubri.com.br\/index.php?rest_route=%2Fwp%2Fv2%2Fproduct_tag&post=5680"}],"curies":[{"name":"wp","href":"https:\/\/api.w.org\/{rel}","templated":true}]}}