{"id":5682,"date":"2017-01-17T14:55:49","date_gmt":"2017-01-17T16:55:49","guid":{"rendered":"http:\/\/totallubri.com.br\/?post_type=product&#038;p=5682"},"modified":"2025-02-26T17:46:13","modified_gmt":"2025-02-26T20:46:13","slug":"bico-manual-2100-pm-lupus","status":"publish","type":"product","link":"https:\/\/totallubri.com.br\/?product=bico-manual-2100-pm-lupus","title":{"rendered":"Bico Manual \u2013 2100-PM \u2013 Lupus"},"content":{"rendered":"<h2>Descri\u00e7\u00e3o<\/h2>\n<p>Bico manual em alum\u00ednio.<\/p>\n<p>Peso: 2 kg<\/p>\n<p>Medidas: (A) 380 mm x (L) 470 mm<\/p>\n<p>Vaz\u00e3o livre . <strong>150 L\/min<\/strong> .<\/p>\n<p>Ponteira . <strong>\u00f8 20mm<\/strong><br \/>\nEntrada rosca . \u00f8<strong> 1\u201d BSP<\/strong> \/ <strong>f\u00eamea<\/strong><br \/>\nPress\u00e3o m\u00e1xima de opera\u00e7\u00e3o . <strong>180 PSI<\/strong><\/p>\n<p>Peso: 590 g . Medidas: (A) 200 mm x (L) 340 mm<\/p>\n","protected":false},"excerpt":{"rendered":"<p>Descri\u00e7\u00e3o Bico manual em alum\u00ednio. Peso: 2 kg Medidas: (A) 380 mm x (L) 470 mm Vaz\u00e3o livre . 150 L\/min . Ponteira . \u00f8 20mm Entrada rosca . \u00f8 1\u201d BSP \/ f\u00eamea Press\u00e3o m\u00e1xima de opera\u00e7\u00e3o . 180 PSI Peso: 590 g . Medidas: (A) 200 mm x (L) 340 mm<\/p>\n","protected":false},"featured_media":5683,"comment_status":"open","ping_status":"closed","template":"","meta":{"_exactmetrics_skip_tracking":false,"_exactmetrics_sitenote_active":false,"_exactmetrics_sitenote_note":"","_exactmetrics_sitenote_category":0},"product_brand":[],"product_cat":[106],"product_tag":[],"class_list":{"0":"post-5682","1":"product","2":"type-product","3":"status-publish","4":"has-post-thumbnail","6":"product_cat-bico-de-abastecimento-para-combustiveis","8":"first","9":"instock","10":"shipping-taxable","11":"product-type-simple"},"_links":{"self":[{"href":"https:\/\/totallubri.com.br\/index.php?rest_route=\/wp\/v2\/product\/5682","targetHints":{"allow":["GET"]}}],"collection":[{"href":"https:\/\/totallubri.com.br\/index.php?rest_route=\/wp\/v2\/product"}],"about":[{"href":"https:\/\/totallubri.com.br\/index.php?rest_route=\/wp\/v2\/types\/product"}],"replies":[{"embeddable":true,"href":"https:\/\/totallubri.com.br\/index.php?rest_route=%2Fwp%2Fv2%2Fcomments&post=5682"}],"wp:featuredmedia":[{"embeddable":true,"href":"https:\/\/totallubri.com.br\/index.php?rest_route=\/wp\/v2\/media\/5683"}],"wp:attachment":[{"href":"https:\/\/totallubri.com.br\/index.php?rest_route=%2Fwp%2Fv2%2Fmedia&parent=5682"}],"wp:term":[{"taxonomy":"product_brand","embeddable":true,"href":"https:\/\/totallubri.com.br\/index.php?rest_route=%2Fwp%2Fv2%2Fproduct_brand&post=5682"},{"taxonomy":"product_cat","embeddable":true,"href":"https:\/\/totallubri.com.br\/index.php?rest_route=%2Fwp%2Fv2%2Fproduct_cat&post=5682"},{"taxonomy":"product_tag","embeddable":true,"href":"https:\/\/totallubri.com.br\/index.php?rest_route=%2Fwp%2Fv2%2Fproduct_tag&post=5682"}],"curies":[{"name":"wp","href":"https:\/\/api.w.org\/{rel}","templated":true}]}}