{"id":5694,"date":"2017-01-17T15:12:10","date_gmt":"2017-01-17T17:12:10","guid":{"rendered":"http:\/\/totallubri.com.br\/?post_type=product&#038;p=5694"},"modified":"2025-02-26T17:18:46","modified_gmt":"2025-02-26T20:18:46","slug":"bico-automatico-2100-ba05-lupus","status":"publish","type":"product","link":"https:\/\/totallubri.com.br\/?product=bico-automatico-2100-ba05-lupus","title":{"rendered":"Bico Autom\u00e1tico \u2013 2100-BA05 \u2013 Lupus"},"content":{"rendered":"<p>Em alum\u00ednio, na cor preta.<\/p>\n<p>Vaz\u00e3o livre . <strong>50 L\/min<\/strong> .<br \/>\nPonteira . <strong>\u00f8 15\/16\u201d<br \/>\n<\/strong>Entrada rosca . <strong>\u00f8 3\/4\u201d NPT<br \/>\n<\/strong>Press\u00e3o m\u00e1xima de opera\u00e7\u00e3o .50<strong>\u00a0PSI<\/strong><\/p>\n<p><strong>Peso: 1,2 kg . Medidas: (A) 130 mm x (L) 355 mm<\/strong><\/p>\n","protected":false},"excerpt":{"rendered":"<p>Em alum\u00ednio, na cor preta. Vaz\u00e3o livre . 50 L\/min . Ponteira . \u00f8 15\/16\u201d Entrada rosca . \u00f8 3\/4\u201d NPT Press\u00e3o m\u00e1xima de opera\u00e7\u00e3o .50\u00a0PSI Peso: 1,2 kg . Medidas: (A) 130 mm x (L) 355 mm<\/p>\n","protected":false},"featured_media":5695,"comment_status":"open","ping_status":"closed","template":"","meta":{"_exactmetrics_skip_tracking":false,"_exactmetrics_sitenote_active":false,"_exactmetrics_sitenote_note":"","_exactmetrics_sitenote_category":0},"product_brand":[],"product_cat":[106],"product_tag":[],"class_list":{"0":"post-5694","1":"product","2":"type-product","3":"status-publish","4":"has-post-thumbnail","6":"product_cat-bico-de-abastecimento-para-combustiveis","8":"first","9":"instock","10":"shipping-taxable","11":"product-type-simple"},"_links":{"self":[{"href":"https:\/\/totallubri.com.br\/index.php?rest_route=\/wp\/v2\/product\/5694","targetHints":{"allow":["GET"]}}],"collection":[{"href":"https:\/\/totallubri.com.br\/index.php?rest_route=\/wp\/v2\/product"}],"about":[{"href":"https:\/\/totallubri.com.br\/index.php?rest_route=\/wp\/v2\/types\/product"}],"replies":[{"embeddable":true,"href":"https:\/\/totallubri.com.br\/index.php?rest_route=%2Fwp%2Fv2%2Fcomments&post=5694"}],"wp:featuredmedia":[{"embeddable":true,"href":"https:\/\/totallubri.com.br\/index.php?rest_route=\/wp\/v2\/media\/5695"}],"wp:attachment":[{"href":"https:\/\/totallubri.com.br\/index.php?rest_route=%2Fwp%2Fv2%2Fmedia&parent=5694"}],"wp:term":[{"taxonomy":"product_brand","embeddable":true,"href":"https:\/\/totallubri.com.br\/index.php?rest_route=%2Fwp%2Fv2%2Fproduct_brand&post=5694"},{"taxonomy":"product_cat","embeddable":true,"href":"https:\/\/totallubri.com.br\/index.php?rest_route=%2Fwp%2Fv2%2Fproduct_cat&post=5694"},{"taxonomy":"product_tag","embeddable":true,"href":"https:\/\/totallubri.com.br\/index.php?rest_route=%2Fwp%2Fv2%2Fproduct_tag&post=5694"}],"curies":[{"name":"wp","href":"https:\/\/api.w.org\/{rel}","templated":true}]}}