{"id":5760,"date":"2017-01-17T16:54:16","date_gmt":"2017-01-17T18:54:16","guid":{"rendered":"http:\/\/totallubri.com.br\/?post_type=product&#038;p=5760"},"modified":"2025-03-17T12:47:07","modified_gmt":"2025-03-17T15:47:07","slug":"mangote-8200-lupus","status":"publish","type":"product","link":"https:\/\/totallubri.com.br\/?product=mangote-8200-lupus","title":{"rendered":"Mangote \u2013 8200 \u2013 Lupus"},"content":{"rendered":"<p>Acompanha terminais.<\/p>\n<p>Informa\u00e7\u00e3o adicional<\/p>\n<table class=\"woocommerce-product-attributes shop_attributes\">\n<tbody>\n<tr class=\"woocommerce-product-attributes-item woocommerce-product-attributes-item--attribute_pa_comprimento-linear\">\n<th class=\"woocommerce-product-attributes-item__label\">Comprimento linear<\/th>\n<td class=\"woocommerce-product-attributes-item__value\">1,5 m<\/td>\n<\/tr>\n<tr class=\"woocommerce-product-attributes-item woocommerce-product-attributes-item--attribute_pa_pressao-de-trabalho\">\n<th class=\"woocommerce-product-attributes-item__label\">Press\u00e3o de trabalho<\/th>\n<td class=\"woocommerce-product-attributes-item__value\">145 psi<\/td>\n<\/tr>\n<tr class=\"woocommerce-product-attributes-item woocommerce-product-attributes-item--attribute_pa_terminais\">\n<th class=\"woocommerce-product-attributes-item__label\">Terminais<\/th>\n<td class=\"woocommerce-product-attributes-item__value\">\u00d8 3\/4\u201d NPT \/ macho \/ fixo, \u00d8 3\/4\u201d NPT \/ macho \/ girat\u00f3rio<\/td>\n<\/tr>\n<\/tbody>\n<\/table>\n<table class=\"woocommerce-product-attributes shop_attributes\">\n<tbody>\n<tr class=\"woocommerce-product-attributes-item woocommerce-product-attributes-item--attribute_pa_terminais\">\n<td class=\"woocommerce-product-attributes-item__value\">\u00d8 1\u201d NPT \/ macho \/ fixo, \u00d8 1\u201d NPT \/ macho \/ girat\u00f3rio<\/td>\n<\/tr>\n<\/tbody>\n<\/table>\n<p>+ DETALHES SOBRE ESTE PRODUTO:<\/p>\n<p>OBS; CONSULTE NOSSOS VENDEDORES.<\/p>\n<table width=\"797\">\n<tbody>\n<tr>\n<td width=\"68\"><\/td>\n<td width=\"90\"><\/td>\n<td width=\"109\">\u00a0COMPRIMENTO<\/td>\n<td width=\"87\"><\/td>\n<td width=\"443\"><\/td>\n<\/tr>\n<tr>\n<td>CODIGO<\/td>\n<td>\u00a0DESCRI\u00c7\u00c3O<\/td>\n<td>\u00a0LINEAR<\/td>\n<td>\u00a0PRESSAO<\/td>\n<td>\u00a0TERMINAIS<\/td>\n<\/tr>\n<tr>\n<td>8200<\/td>\n<td>\u00a0MANGOTE<\/td>\n<td>1,5<\/td>\n<td>145PSI<\/td>\n<td>\u00d8 3\/4\u201d NPT \/ macho \/ fixo, \u00d8 3\/4\u201d NPT \/ macho \/ girat\u00f3rio<\/td>\n<\/tr>\n<tr>\n<td>8202<\/td>\n<td>\u00a0MANGOTE<\/td>\n<td>1<\/td>\n<td>145PSI<\/td>\n<td>\u00d8 1\u201d NPT \/ macho \/ fixo, \u00d8 1\u201d NPT \/ macho \/ girat\u00f3rio<\/td>\n<\/tr>\n<tr>\n<td>8203<\/td>\n<td>\u00a0MANGOTE<\/td>\n<td width=\"109\">1<\/td>\n<td>145PSI<\/td>\n<td>\u00d8 3\/4\u201d NPT \/ macho \/ fixo, \u00d8 3\/4\u201d NPT \/ macho \/ girat\u00f3rio<\/td>\n<\/tr>\n<tr>\n<td>8206<\/td>\n<td>\u00a0MANGOTE<\/td>\n<td width=\"109\">1,5<\/td>\n<td>145PSI<\/td>\n<td width=\"443\">\u00d8 1\u201d NPT \/ macho \/ fixo, \u00d8 1\u201d NPT \/ macho \/ girat\u00f3rio<\/td>\n<\/tr>\n<\/tbody>\n<\/table>\n<p>&nbsp;<\/p>\n<p>&nbsp;<\/p>\n<p>&nbsp;<\/p>\n<p>&nbsp;<\/p>\n","protected":false},"excerpt":{"rendered":"<p>Acompanha terminais. Informa\u00e7\u00e3o adicional Comprimento linear 1,5 m Press\u00e3o de trabalho 145 psi Terminais \u00d8 3\/4\u201d NPT \/ macho \/ fixo, \u00d8 3\/4\u201d NPT \/ macho \/ girat\u00f3rio \u00d8 1\u201d NPT \/ macho \/ fixo, \u00d8 1\u201d NPT \/ macho \/ girat\u00f3rio + DETALHES SOBRE ESTE PRODUTO: OBS; CONSULTE NOSSOS VENDEDORES. \u00a0COMPRIMENTO CODIGO \u00a0DESCRI\u00c7\u00c3O \u00a0LINEAR [&hellip;]<\/p>\n","protected":false},"featured_media":5761,"comment_status":"open","ping_status":"closed","template":"","meta":{"_exactmetrics_skip_tracking":false,"_exactmetrics_sitenote_active":false,"_exactmetrics_sitenote_note":"","_exactmetrics_sitenote_category":0},"product_brand":[],"product_cat":[97],"product_tag":[],"class_list":{"0":"post-5760","1":"product","2":"type-product","3":"status-publish","4":"has-post-thumbnail","6":"product_cat-mangueiras-terminais-e-acessorios-para-mangueiras","8":"first","9":"instock","10":"shipping-taxable","11":"product-type-simple"},"_links":{"self":[{"href":"https:\/\/totallubri.com.br\/index.php?rest_route=\/wp\/v2\/product\/5760","targetHints":{"allow":["GET"]}}],"collection":[{"href":"https:\/\/totallubri.com.br\/index.php?rest_route=\/wp\/v2\/product"}],"about":[{"href":"https:\/\/totallubri.com.br\/index.php?rest_route=\/wp\/v2\/types\/product"}],"replies":[{"embeddable":true,"href":"https:\/\/totallubri.com.br\/index.php?rest_route=%2Fwp%2Fv2%2Fcomments&post=5760"}],"wp:featuredmedia":[{"embeddable":true,"href":"https:\/\/totallubri.com.br\/index.php?rest_route=\/wp\/v2\/media\/5761"}],"wp:attachment":[{"href":"https:\/\/totallubri.com.br\/index.php?rest_route=%2Fwp%2Fv2%2Fmedia&parent=5760"}],"wp:term":[{"taxonomy":"product_brand","embeddable":true,"href":"https:\/\/totallubri.com.br\/index.php?rest_route=%2Fwp%2Fv2%2Fproduct_brand&post=5760"},{"taxonomy":"product_cat","embeddable":true,"href":"https:\/\/totallubri.com.br\/index.php?rest_route=%2Fwp%2Fv2%2Fproduct_cat&post=5760"},{"taxonomy":"product_tag","embeddable":true,"href":"https:\/\/totallubri.com.br\/index.php?rest_route=%2Fwp%2Fv2%2Fproduct_tag&post=5760"}],"curies":[{"name":"wp","href":"https:\/\/api.w.org\/{rel}","templated":true}]}}