{"id":5776,"date":"2017-01-17T17:46:56","date_gmt":"2017-01-17T19:46:56","guid":{"rendered":"http:\/\/totallubri.com.br\/?post_type=product&#038;p=5776"},"modified":"2024-12-21T16:59:54","modified_gmt":"2024-12-21T19:59:54","slug":"estacao-de-abastecimento-a-prova-de-explosao-9146a-fill-rite","status":"publish","type":"product","link":"https:\/\/totallubri.com.br\/?product=estacao-de-abastecimento-a-prova-de-explosao-9146a-fill-rite","title":{"rendered":"ESTA\u00c7\u00c3O DE ABASTECIMENTO \u00c1 PROVA DE EXPLOS\u00c3O \u2013 9146A \u2013 FILL-RITE"},"content":{"rendered":"<p>Para \u00f3leo diesel, biodiesel (acima de B20), gasolina e querosene.<br \/>\nAutoescorvante 3,65 m, com v\u00e1lvula by-pass, prote\u00e7\u00e3o contra sobrecarga t\u00e9rmica, filtro embutido circuito v\u00e1lvula de reten\u00e7\u00e3o embutida e certifica\u00e7\u00e3o UL\/c UL.<br \/>\nVaz\u00e3o livre: 120 L\/min<br \/>\nEntrada: \u00f8 1 1\/4&#8243; NPT \/ F\u00eamea<br \/>\nSa\u00edda: \u00f8 1&#8243; NPT<br \/>\nFator de trabalho: 30 minutos<br \/>\nPot\u00eancia do motor: \u00bd HP \/ 115\/230 VCA \/ 1.725 \/ 1.425 RPM \/ 13 AMP<\/p>\n<p>Peso: 40 kg<br \/>\nMedidas: L) 390 mm x (C) 580 mm<\/p>\n","protected":false},"excerpt":{"rendered":"<p>Para \u00f3leo diesel, biodiesel (acima de B20), gasolina e querosene. Autoescorvante 3,65 m, com v\u00e1lvula by-pass, prote\u00e7\u00e3o contra sobrecarga t\u00e9rmica, filtro embutido circuito v\u00e1lvula de reten\u00e7\u00e3o embutida e certifica\u00e7\u00e3o UL\/c UL. Vaz\u00e3o livre: 120 L\/min Entrada: \u00f8 1 1\/4&#8243; NPT \/ F\u00eamea Sa\u00edda: \u00f8 1&#8243; NPT Fator de trabalho: 30 minutos Pot\u00eancia do motor: \u00bd [&hellip;]<\/p>\n","protected":false},"featured_media":5777,"comment_status":"open","ping_status":"closed","template":"","meta":{"_exactmetrics_skip_tracking":false,"_exactmetrics_sitenote_active":false,"_exactmetrics_sitenote_note":"","_exactmetrics_sitenote_category":0},"product_brand":[],"product_cat":[115],"product_tag":[],"class_list":{"0":"post-5776","1":"product","2":"type-product","3":"status-publish","4":"has-post-thumbnail","6":"product_cat-estacao-de-abastecimento","8":"first","9":"instock","10":"shipping-taxable","11":"product-type-simple"},"_links":{"self":[{"href":"https:\/\/totallubri.com.br\/index.php?rest_route=\/wp\/v2\/product\/5776","targetHints":{"allow":["GET"]}}],"collection":[{"href":"https:\/\/totallubri.com.br\/index.php?rest_route=\/wp\/v2\/product"}],"about":[{"href":"https:\/\/totallubri.com.br\/index.php?rest_route=\/wp\/v2\/types\/product"}],"replies":[{"embeddable":true,"href":"https:\/\/totallubri.com.br\/index.php?rest_route=%2Fwp%2Fv2%2Fcomments&post=5776"}],"wp:featuredmedia":[{"embeddable":true,"href":"https:\/\/totallubri.com.br\/index.php?rest_route=\/wp\/v2\/media\/5777"}],"wp:attachment":[{"href":"https:\/\/totallubri.com.br\/index.php?rest_route=%2Fwp%2Fv2%2Fmedia&parent=5776"}],"wp:term":[{"taxonomy":"product_brand","embeddable":true,"href":"https:\/\/totallubri.com.br\/index.php?rest_route=%2Fwp%2Fv2%2Fproduct_brand&post=5776"},{"taxonomy":"product_cat","embeddable":true,"href":"https:\/\/totallubri.com.br\/index.php?rest_route=%2Fwp%2Fv2%2Fproduct_cat&post=5776"},{"taxonomy":"product_tag","embeddable":true,"href":"https:\/\/totallubri.com.br\/index.php?rest_route=%2Fwp%2Fv2%2Fproduct_tag&post=5776"}],"curies":[{"name":"wp","href":"https:\/\/api.w.org\/{rel}","templated":true}]}}