{"id":5788,"date":"2017-01-17T17:59:46","date_gmt":"2017-01-17T19:59:46","guid":{"rendered":"http:\/\/totallubri.com.br\/?post_type=product&#038;p=5788"},"modified":"2024-12-01T12:08:43","modified_gmt":"2024-12-01T15:08:43","slug":"medido-mecanico-a-prova-de-explosao-2100a-me-fill-rite","status":"publish","type":"product","link":"https:\/\/totallubri.com.br\/?product=medido-mecanico-a-prova-de-explosao-2100a-me-fill-rite","title":{"rendered":"MEDIDO MEC\u00c2NICO \u00c0 PROVA DE EXPLOS\u00c3O &#8211; 2100A-ME &#8211; FILL-RITE"},"content":{"rendered":"<p>Para \u00f3leo diesel, gasolina, solventes stoddard (similiar ao querosene) e heptano.<br \/>\nVaz\u00e3o: 23 a 151 L\/min<br \/>\nEntrada e sa\u00edda: \u00f8 1&#8243; NPT<br \/>\nPrecis\u00e3o: +\/- 2%<br \/>\nDig\u00edtos: 04<br \/>\nAcionamento por passagem do flu\u00eddo<br \/>\nPress\u00e3o m\u00e1x.: 50 PSI<br \/>\nCertifica\u00e7\u00e3o UL\/c UL\/CE<br \/>\nPeso: 3 Kg<br \/>\nMedidas: (A) 200 mm (L) 210 mm<\/p>\n","protected":false},"excerpt":{"rendered":"<p>Para \u00f3leo diesel, gasolina, solventes stoddard (similiar ao querosene) e heptano. Vaz\u00e3o: 23 a 151 L\/min Entrada e sa\u00edda: \u00f8 1&#8243; NPT Precis\u00e3o: +\/- 2% Dig\u00edtos: 04 Acionamento por passagem do flu\u00eddo Press\u00e3o m\u00e1x.: 50 PSI Certifica\u00e7\u00e3o UL\/c UL\/CE Peso: 3 Kg Medidas: (A) 200 mm (L) 210 mm<\/p>\n","protected":false},"featured_media":5789,"comment_status":"open","ping_status":"closed","template":"","meta":{"_exactmetrics_skip_tracking":false,"_exactmetrics_sitenote_active":false,"_exactmetrics_sitenote_note":"","_exactmetrics_sitenote_category":0},"product_brand":[],"product_cat":[109],"product_tag":[],"class_list":{"0":"post-5788","1":"product","2":"type-product","3":"status-publish","4":"has-post-thumbnail","6":"product_cat-medidor-mecanico","8":"first","9":"instock","10":"shipping-taxable","11":"product-type-simple"},"_links":{"self":[{"href":"https:\/\/totallubri.com.br\/index.php?rest_route=\/wp\/v2\/product\/5788","targetHints":{"allow":["GET"]}}],"collection":[{"href":"https:\/\/totallubri.com.br\/index.php?rest_route=\/wp\/v2\/product"}],"about":[{"href":"https:\/\/totallubri.com.br\/index.php?rest_route=\/wp\/v2\/types\/product"}],"replies":[{"embeddable":true,"href":"https:\/\/totallubri.com.br\/index.php?rest_route=%2Fwp%2Fv2%2Fcomments&post=5788"}],"wp:featuredmedia":[{"embeddable":true,"href":"https:\/\/totallubri.com.br\/index.php?rest_route=\/wp\/v2\/media\/5789"}],"wp:attachment":[{"href":"https:\/\/totallubri.com.br\/index.php?rest_route=%2Fwp%2Fv2%2Fmedia&parent=5788"}],"wp:term":[{"taxonomy":"product_brand","embeddable":true,"href":"https:\/\/totallubri.com.br\/index.php?rest_route=%2Fwp%2Fv2%2Fproduct_brand&post=5788"},{"taxonomy":"product_cat","embeddable":true,"href":"https:\/\/totallubri.com.br\/index.php?rest_route=%2Fwp%2Fv2%2Fproduct_cat&post=5788"},{"taxonomy":"product_tag","embeddable":true,"href":"https:\/\/totallubri.com.br\/index.php?rest_route=%2Fwp%2Fv2%2Fproduct_tag&post=5788"}],"curies":[{"name":"wp","href":"https:\/\/api.w.org\/{rel}","templated":true}]}}