{"id":5844,"date":"2017-01-17T18:33:46","date_gmt":"2017-01-17T20:33:46","guid":{"rendered":"http:\/\/totallubri.com.br\/?post_type=product&#038;p=5844"},"modified":"2024-11-29T14:47:25","modified_gmt":"2024-11-29T17:47:25","slug":"conector-para-mangueira-2110-lupus","status":"publish","type":"product","link":"https:\/\/totallubri.com.br\/?product=conector-para-mangueira-2110-lupus","title":{"rendered":"Conector para Mangueira &#8211; 2110 &#8211; LUPUS"},"content":{"rendered":"<p>Em lat\u00e3o, reconect\u00e1vel e antigotejante.<\/p>\n<p>Entrada e sa\u00edda . \u00f8 <strong>1\u201d BSP<\/strong><\/p>\n<p>Peso: 446 g<br \/>\nMedidas: (A) 120 mm x (L) 58 mm<\/p>\n","protected":false},"excerpt":{"rendered":"<p>Em lat\u00e3o, reconect\u00e1vel e antigotejante. Entrada e sa\u00edda . \u00f8 1\u201d BSP Peso: 446 g Medidas: (A) 120 mm x (L) 58 mm<\/p>\n","protected":false},"featured_media":5845,"comment_status":"open","ping_status":"closed","template":"","meta":{"_exactmetrics_skip_tracking":false,"_exactmetrics_sitenote_active":false,"_exactmetrics_sitenote_note":"","_exactmetrics_sitenote_category":0},"product_brand":[],"product_cat":[97],"product_tag":[],"class_list":{"0":"post-5844","1":"product","2":"type-product","3":"status-publish","4":"has-post-thumbnail","6":"product_cat-mangueiras-terminais-e-acessorios-para-mangueiras","8":"first","9":"instock","10":"shipping-taxable","11":"product-type-simple"},"_links":{"self":[{"href":"https:\/\/totallubri.com.br\/index.php?rest_route=\/wp\/v2\/product\/5844","targetHints":{"allow":["GET"]}}],"collection":[{"href":"https:\/\/totallubri.com.br\/index.php?rest_route=\/wp\/v2\/product"}],"about":[{"href":"https:\/\/totallubri.com.br\/index.php?rest_route=\/wp\/v2\/types\/product"}],"replies":[{"embeddable":true,"href":"https:\/\/totallubri.com.br\/index.php?rest_route=%2Fwp%2Fv2%2Fcomments&post=5844"}],"wp:featuredmedia":[{"embeddable":true,"href":"https:\/\/totallubri.com.br\/index.php?rest_route=\/wp\/v2\/media\/5845"}],"wp:attachment":[{"href":"https:\/\/totallubri.com.br\/index.php?rest_route=%2Fwp%2Fv2%2Fmedia&parent=5844"}],"wp:term":[{"taxonomy":"product_brand","embeddable":true,"href":"https:\/\/totallubri.com.br\/index.php?rest_route=%2Fwp%2Fv2%2Fproduct_brand&post=5844"},{"taxonomy":"product_cat","embeddable":true,"href":"https:\/\/totallubri.com.br\/index.php?rest_route=%2Fwp%2Fv2%2Fproduct_cat&post=5844"},{"taxonomy":"product_tag","embeddable":true,"href":"https:\/\/totallubri.com.br\/index.php?rest_route=%2Fwp%2Fv2%2Fproduct_tag&post=5844"}],"curies":[{"name":"wp","href":"https:\/\/api.w.org\/{rel}","templated":true}]}}