{"id":5936,"date":"2017-01-18T09:17:55","date_gmt":"2017-01-18T11:17:55","guid":{"rendered":"http:\/\/totallubri.com.br\/?post_type=product&#038;p=5936"},"modified":"2025-01-17T17:25:24","modified_gmt":"2025-01-17T20:25:24","slug":"camara-de-expansao-equalizadora-para-sistemas-fechados-5711-trico-2","status":"publish","type":"product","link":"https:\/\/totallubri.com.br\/?product=camara-de-expansao-equalizadora-para-sistemas-fechados-5711-trico-2","title":{"rendered":"CAMARA DE EXPANS\u00c3O EQUALIZADORA P\/SISTEMAS FECHADOS \u2013 5711 -5712-5710-LUPUS"},"content":{"rendered":"<p>Em a\u00e7o inoxid\u00e1vel, com diafragma em viton, utilizada para prevenir sobre press\u00f5es nas caixas de rolamento e mancais.<\/p>\n<p>Obs: Consulte Variaveis.<\/p>\n<table width=\"717\">\n<tbody>\n<tr>\n<td width=\"189\">DESCRI\u00c7\u00c3O<\/td>\n<td width=\"176\">DESC.T\u00c9CNICA<\/td>\n<td width=\"176\">DESC.T\u00c9CNICA<\/td>\n<td width=\"176\">DESC.T\u00c9CNICA<\/td>\n<\/tr>\n<tr>\n<td>PRODUTO &#8211;<\/td>\n<td>5711<\/td>\n<td>5712<\/td>\n<td>5710<\/td>\n<\/tr>\n<tr>\n<td>CAPACIDADE DE EXPANS\u00c3O<\/td>\n<td>410 CC<\/td>\n<td>410 CC<\/td>\n<td>410 CC<\/td>\n<\/tr>\n<tr>\n<td>TEMPERATURA M\u00c1X.OPERA\u00c7\u00c3O<\/td>\n<td>175\u00ba C<\/td>\n<td>175\u00ba C<\/td>\n<td>175\u00ba C<\/td>\n<\/tr>\n<tr>\n<td>CONEX\u00c3O<\/td>\n<td>0 1\/2&#8243; NPT X 1&#8243;<\/td>\n<td>0 3\/4&#8243; NPTx 1 1\/4&#8243;<\/td>\n<td>0 3\/8&#8243; npt x 7\/8&#8243;<\/td>\n<\/tr>\n<tr>\n<td>EXPANS\u00c3O<\/td>\n<td>25 POL \u00b3<\/td>\n<td>25 POL \u00b3<\/td>\n<td>25 POL \u00b3<\/td>\n<\/tr>\n<\/tbody>\n<\/table>\n<p>Obs: CONSULTE VARIAVEIS.<\/p>\n","protected":false},"excerpt":{"rendered":"<p>Em a\u00e7o inoxid\u00e1vel, com diafragma em viton, utilizada para prevenir sobre press\u00f5es nas caixas de rolamento e mancais. Obs: Consulte Variaveis. DESCRI\u00c7\u00c3O DESC.T\u00c9CNICA DESC.T\u00c9CNICA DESC.T\u00c9CNICA PRODUTO &#8211; 5711 5712 5710 CAPACIDADE DE EXPANS\u00c3O 410 CC 410 CC 410 CC TEMPERATURA M\u00c1X.OPERA\u00c7\u00c3O 175\u00ba C 175\u00ba C 175\u00ba C CONEX\u00c3O 0 1\/2&#8243; NPT X 1&#8243; 0 3\/4&#8243; [&hellip;]<\/p>\n","protected":false},"featured_media":5937,"comment_status":"open","ping_status":"closed","template":"","meta":{"_exactmetrics_skip_tracking":false,"_exactmetrics_sitenote_active":false,"_exactmetrics_sitenote_note":"","_exactmetrics_sitenote_category":0},"product_brand":[],"product_cat":[58],"product_tag":[],"class_list":{"0":"post-5936","1":"product","2":"type-product","3":"status-publish","4":"has-post-thumbnail","6":"product_cat-linha-industrial","8":"first","9":"instock","10":"shipping-taxable","11":"product-type-simple"},"_links":{"self":[{"href":"https:\/\/totallubri.com.br\/index.php?rest_route=\/wp\/v2\/product\/5936","targetHints":{"allow":["GET"]}}],"collection":[{"href":"https:\/\/totallubri.com.br\/index.php?rest_route=\/wp\/v2\/product"}],"about":[{"href":"https:\/\/totallubri.com.br\/index.php?rest_route=\/wp\/v2\/types\/product"}],"replies":[{"embeddable":true,"href":"https:\/\/totallubri.com.br\/index.php?rest_route=%2Fwp%2Fv2%2Fcomments&post=5936"}],"wp:featuredmedia":[{"embeddable":true,"href":"https:\/\/totallubri.com.br\/index.php?rest_route=\/wp\/v2\/media\/5937"}],"wp:attachment":[{"href":"https:\/\/totallubri.com.br\/index.php?rest_route=%2Fwp%2Fv2%2Fmedia&parent=5936"}],"wp:term":[{"taxonomy":"product_brand","embeddable":true,"href":"https:\/\/totallubri.com.br\/index.php?rest_route=%2Fwp%2Fv2%2Fproduct_brand&post=5936"},{"taxonomy":"product_cat","embeddable":true,"href":"https:\/\/totallubri.com.br\/index.php?rest_route=%2Fwp%2Fv2%2Fproduct_cat&post=5936"},{"taxonomy":"product_tag","embeddable":true,"href":"https:\/\/totallubri.com.br\/index.php?rest_route=%2Fwp%2Fv2%2Fproduct_tag&post=5936"}],"curies":[{"name":"wp","href":"https:\/\/api.w.org\/{rel}","templated":true}]}}