{"id":6271,"date":"2017-06-09T14:52:55","date_gmt":"2017-06-09T17:52:55","guid":{"rendered":"http:\/\/totallubri.com.br\/?post_type=product&#038;p=6271"},"modified":"2025-03-31T12:29:06","modified_gmt":"2025-03-31T15:29:06","slug":"esguicho-dispersor-bico-de-pato-2","status":"publish","type":"product","link":"https:\/\/totallubri.com.br\/?product=esguicho-dispersor-bico-de-pato-2","title":{"rendered":"ESGUICHO DISPERSOR BICO DE PATO -TOT-LUB"},"content":{"rendered":"<div id=\"trLqZ-LHGJWv5OUPm67hqQ8__19\">\n<div class=\"wDYxhc\" data-md=\"61\">\n<div class=\"LGOjhe\" data-attrid=\"wa:\/description\" data-hveid=\"CCUQAA\"><span class=\"BxUVEf ILfuVd\" lang=\"pt\"><span class=\"hgKElc\">\u00a0 \u00a0 \u00a0 \u00a0 O ESGUICHO DISPERSOR (BICO DE PATO) TEM COMO PRINCIPAIS FUN\u00c7\u00d5ES: AJUDAR NO CONTROLE\u00a0 MAIS PRECISO DO JATO E NA DURABILIDADE PARA SISTEMAS DE IRRIGA\u00c7\u00c3O<b>, AJUSTANDO DE FORMA UNIFORME A SAIDA DA AGUA E PODE SER APLICADOS EM JARDINS, PLANTA\u00c7\u00d5ES E OU AREAS VEERDES E AINDA MUITO UTILIZADO EM CAMINHOES PIPAS<\/b>.<\/span><\/span><\/div>\n<\/div>\n<\/div>\n<div id=\"trLqZ-LHGJWv5OUPm67hqQ8__20\">\n<div class=\"Y6JuXb\">\n<div data-hveid=\"CBgQAA\" data-ved=\"2ahUKEwji-r6rz7SMAxWVF7kGHRtXOPUQFSgAegQIGBAA\">\n<div class=\"tF2Cxc\">\n<div class=\"yuRUbf\">\n<div class=\"b8lM7\"><\/div>\n<\/div>\n<\/div>\n<\/div>\n<\/div>\n<\/div>\n<ul>\n<li>ROSCA MACHO 2&#8243; pol.<\/li>\n<li>CORPO EM ALUMINIO<\/li>\n<\/ul>\n<p>*OBS: Outros modelos sob consulta.<\/p>\n","protected":false},"excerpt":{"rendered":"<p>\u00a0 \u00a0 \u00a0 \u00a0 O ESGUICHO DISPERSOR (BICO DE PATO) TEM COMO PRINCIPAIS FUN\u00c7\u00d5ES: AJUDAR NO CONTROLE\u00a0 MAIS PRECISO DO JATO E NA DURABILIDADE PARA SISTEMAS DE IRRIGA\u00c7\u00c3O, AJUSTANDO DE FORMA UNIFORME A SAIDA DA AGUA E PODE SER APLICADOS EM JARDINS, PLANTA\u00c7\u00d5ES E OU AREAS VEERDES E AINDA MUITO UTILIZADO EM CAMINHOES PIPAS. ROSCA [&hellip;]<\/p>\n","protected":false},"featured_media":6272,"comment_status":"open","ping_status":"closed","template":"","meta":{"_exactmetrics_skip_tracking":false,"_exactmetrics_sitenote_active":false,"_exactmetrics_sitenote_note":"","_exactmetrics_sitenote_category":0},"product_brand":[],"product_cat":[92],"product_tag":[],"class_list":{"0":"post-6271","1":"product","2":"type-product","3":"status-publish","4":"has-post-thumbnail","6":"product_cat-combate-a-incendio","8":"first","9":"instock","10":"shipping-taxable","11":"product-type-simple"},"_links":{"self":[{"href":"https:\/\/totallubri.com.br\/index.php?rest_route=\/wp\/v2\/product\/6271","targetHints":{"allow":["GET"]}}],"collection":[{"href":"https:\/\/totallubri.com.br\/index.php?rest_route=\/wp\/v2\/product"}],"about":[{"href":"https:\/\/totallubri.com.br\/index.php?rest_route=\/wp\/v2\/types\/product"}],"replies":[{"embeddable":true,"href":"https:\/\/totallubri.com.br\/index.php?rest_route=%2Fwp%2Fv2%2Fcomments&post=6271"}],"wp:featuredmedia":[{"embeddable":true,"href":"https:\/\/totallubri.com.br\/index.php?rest_route=\/wp\/v2\/media\/6272"}],"wp:attachment":[{"href":"https:\/\/totallubri.com.br\/index.php?rest_route=%2Fwp%2Fv2%2Fmedia&parent=6271"}],"wp:term":[{"taxonomy":"product_brand","embeddable":true,"href":"https:\/\/totallubri.com.br\/index.php?rest_route=%2Fwp%2Fv2%2Fproduct_brand&post=6271"},{"taxonomy":"product_cat","embeddable":true,"href":"https:\/\/totallubri.com.br\/index.php?rest_route=%2Fwp%2Fv2%2Fproduct_cat&post=6271"},{"taxonomy":"product_tag","embeddable":true,"href":"https:\/\/totallubri.com.br\/index.php?rest_route=%2Fwp%2Fv2%2Fproduct_tag&post=6271"}],"curies":[{"name":"wp","href":"https:\/\/api.w.org\/{rel}","templated":true}]}}