{"id":6485,"date":"2017-11-07T08:46:06","date_gmt":"2017-11-07T10:46:06","guid":{"rendered":"http:\/\/totallubri.com.br\/?post_type=product&#038;p=6485"},"modified":"2024-12-02T10:12:36","modified_gmt":"2024-12-02T13:12:36","slug":"propulsora-pneumatica-oleo-2406-flexbimec","status":"publish","type":"product","link":"https:\/\/totallubri.com.br\/?product=propulsora-pneumatica-oleo-2406-flexbimec","title":{"rendered":"PROPULSORA PNEUM\u00c1TICA \u00d3LEO \u2013 2406 \u2013 FLEXBIMEC"},"content":{"rendered":"<h1><small>Cod: 2406<\/small><\/h1>\n<p class=\"lead\">&#8211; Em Alum\u00ednio<br \/>\n&#8211; Para \u00d3leo Lubrificante at\u00e9 SAE 90<br \/>\n&#8211; Press\u00e3o de Trabalho de 30 a 115 PSI &#8211; 3 a 8 Bar<br \/>\n&#8211; Entrada de Ar 1\/4&#8243; BSP<br \/>\n&#8211; Sa\u00edda de \u00d3leo 3\/4&#8243; BSP<br \/>\n&#8211; Press\u00e3o de Sa\u00edda de \u00d3leo de 60 a 230 PSI &#8211; 4 a 16 Bar<br \/>\n&#8211; N\u00e3o Acompanha Lubrifil<\/p>\n<p class=\"lead\"><img loading=\"lazy\" decoding=\"async\" class=\" wp-image-6493 aligncenter\" src=\"http:\/\/totallubri.com.br\/wp-content\/uploads\/2017\/11\/2406-300x115.jpg\" alt=\"2406\" width=\"454\" height=\"174\" srcset=\"https:\/\/totallubri.com.br\/wp-content\/uploads\/2017\/11\/2406-300x115.jpg 300w, https:\/\/totallubri.com.br\/wp-content\/uploads\/2017\/11\/2406-400x153.jpg 400w, https:\/\/totallubri.com.br\/wp-content\/uploads\/2017\/11\/2406-768x293.jpg 768w, https:\/\/totallubri.com.br\/wp-content\/uploads\/2017\/11\/2406.jpg 917w\" sizes=\"auto, (max-width: 454px) 100vw, 454px\" \/><\/p>\n","protected":false},"excerpt":{"rendered":"<p>Cod: 2406 &#8211; Em Alum\u00ednio &#8211; Para \u00d3leo Lubrificante at\u00e9 SAE 90 &#8211; Press\u00e3o de Trabalho de 30 a 115 PSI &#8211; 3 a 8 Bar &#8211; Entrada de Ar 1\/4&#8243; BSP &#8211; Sa\u00edda de \u00d3leo 3\/4&#8243; BSP &#8211; Press\u00e3o de Sa\u00edda de \u00d3leo de 60 a 230 PSI &#8211; 4 a 16 Bar &#8211; [&hellip;]<\/p>\n","protected":false},"featured_media":6491,"comment_status":"open","ping_status":"closed","template":"","meta":{"_exactmetrics_skip_tracking":false,"_exactmetrics_sitenote_active":false,"_exactmetrics_sitenote_note":"","_exactmetrics_sitenote_category":0},"product_brand":[],"product_cat":[110],"product_tag":[],"class_list":{"0":"post-6485","1":"product","2":"type-product","3":"status-publish","4":"has-post-thumbnail","6":"product_cat-propulsora-pneumatica-para-oleo","8":"first","9":"instock","10":"shipping-taxable","11":"product-type-simple"},"_links":{"self":[{"href":"https:\/\/totallubri.com.br\/index.php?rest_route=\/wp\/v2\/product\/6485","targetHints":{"allow":["GET"]}}],"collection":[{"href":"https:\/\/totallubri.com.br\/index.php?rest_route=\/wp\/v2\/product"}],"about":[{"href":"https:\/\/totallubri.com.br\/index.php?rest_route=\/wp\/v2\/types\/product"}],"replies":[{"embeddable":true,"href":"https:\/\/totallubri.com.br\/index.php?rest_route=%2Fwp%2Fv2%2Fcomments&post=6485"}],"wp:featuredmedia":[{"embeddable":true,"href":"https:\/\/totallubri.com.br\/index.php?rest_route=\/wp\/v2\/media\/6491"}],"wp:attachment":[{"href":"https:\/\/totallubri.com.br\/index.php?rest_route=%2Fwp%2Fv2%2Fmedia&parent=6485"}],"wp:term":[{"taxonomy":"product_brand","embeddable":true,"href":"https:\/\/totallubri.com.br\/index.php?rest_route=%2Fwp%2Fv2%2Fproduct_brand&post=6485"},{"taxonomy":"product_cat","embeddable":true,"href":"https:\/\/totallubri.com.br\/index.php?rest_route=%2Fwp%2Fv2%2Fproduct_cat&post=6485"},{"taxonomy":"product_tag","embeddable":true,"href":"https:\/\/totallubri.com.br\/index.php?rest_route=%2Fwp%2Fv2%2Fproduct_tag&post=6485"}],"curies":[{"name":"wp","href":"https:\/\/api.w.org\/{rel}","templated":true}]}}